{"version":"1.0","provider_name":"L'Initiative canadienne de droit climatique","provider_url":"https:\/\/ccli.ubc.ca\/fr\/","author_name":"significantother","author_url":"https:\/\/ccli.ubc.ca\/fr\/author\/significantother\/","title":"Bryan Buggey - L'Initiative canadienne de droit climatique","type":"rich","width":600,"height":338,"html":"<blockquote class=\"wp-embedded-content\" data-secret=\"GCj2AvBQDY\"><a href=\"https:\/\/ccli.ubc.ca\/fr\/team-member\/bryan-buggey\/\">Bryan Buggey<\/a><\/blockquote><iframe sandbox=\"allow-scripts\" security=\"restricted\" src=\"https:\/\/ccli.ubc.ca\/fr\/team-member\/bryan-buggey\/embed\/#?secret=GCj2AvBQDY\" width=\"600\" height=\"338\" title=\"\u00ab\u00a0Bryan Buggey\u00a0\u00bb &#8212; L&#039;Initiative canadienne de droit climatique\" data-secret=\"GCj2AvBQDY\" frameborder=\"0\" marginwidth=\"0\" marginheight=\"0\" scrolling=\"no\" class=\"wp-embedded-content\"><\/iframe><script>\n\/*! This file is auto-generated *\/\n!function(d,l){\"use strict\";l.querySelector&&d.addEventListener&&\"undefined\"!=typeof URL&&(d.wp=d.wp||{},d.wp.receiveEmbedMessage||(d.wp.receiveEmbedMessage=function(e){var t=e.data;if((t||t.secret||t.message||t.value)&&!\/[^a-zA-Z0-9]\/.test(t.secret)){for(var s,r,n,a=l.querySelectorAll('iframe[data-secret=\"'+t.secret+'\"]'),o=l.querySelectorAll('blockquote[data-secret=\"'+t.secret+'\"]'),c=new RegExp(\"^https?:$\",\"i\"),i=0;i<o.length;i++)o[i].style.display=\"none\";for(i=0;i<a.length;i++)s=a[i],e.source===s.contentWindow&&(s.removeAttribute(\"style\"),\"height\"===t.message?(1e3<(r=parseInt(t.value,10))?r=1e3:~~r<200&&(r=200),s.height=r):\"link\"===t.message&&(r=new URL(s.getAttribute(\"src\")),n=new URL(t.value),c.test(n.protocol))&&n.host===r.host&&l.activeElement===s&&(d.top.location.href=t.value))}},d.addEventListener(\"message\",d.wp.receiveEmbedMessage,!1),l.addEventListener(\"DOMContentLoaded\",function(){for(var e,t,s=l.querySelectorAll(\"iframe.wp-embedded-content\"),r=0;r<s.length;r++)(t=(e=s[r]).getAttribute(\"data-secret\"))||(t=Math.random().toString(36).substring(2,12),e.src+=\"#?secret=\"+t,e.setAttribute(\"data-secret\",t)),e.contentWindow.postMessage({message:\"ready\",secret:t},\"*\")},!1)))}(window,document);\n\/\/# sourceURL=https:\/\/ccli.ubc.ca\/wp-includes\/js\/wp-embed.min.js\n<\/script>\n","thumbnail_url":"https:\/\/ccli.ubc.ca\/wp-content\/uploads\/2021\/04\/Buggey.jpg","thumbnail_width":485,"thumbnail_height":485,"description":"Bryan Buggey est un cadre sup\u00e9rieur avec plus de trois d\u00e9cennies d\u2019exp\u00e9rience en tant que leader d\u2019affaires en entrepreneuriat, durabilit\u00e9, innovation, consultation en gestion et d\u00e9veloppement \u00e9conomique. Entre 2010 et 2022, Bryan \u00e9tait responsable du d\u00e9veloppement \u00e9conomique et des affaires \u00e0 la City of Vancouver\u2019s Economic Commission. En tant que Directeur, il dirig\u00e9 des \u00e9quipes [&hellip;]"}

Bryan Buggey est un cadre supérieur avec plus de trois décennies d’expérience en tant que leader d’affaires en entrepreneuriat, durabilité, innovation, consultation en gestion et développement économique. Entre 2010 et 2022, Bryan était responsable du développement économique et des affaires à la City of Vancouver’s Economic Commission. En tant que Directeur, il dirigé des équipes [&hellip;]
