{"id":3895,"date":"2021-04-28T13:12:14","date_gmt":"2021-04-28T13:12:14","guid":{"rendered":"https:\/\/ccli.ubc.ca\/team-member\/stephane-rousseau-2\/"},"modified":"2026-06-25T16:50:00","modified_gmt":"2026-06-25T16:50:00","slug":"stephane-rousseau","status":"publish","type":"team-member","link":"https:\/\/ccli.ubc.ca\/fr\/team-member\/stephane-rousseau\/","title":{"rendered":"St\u00e9phane Rousseau"},"content":{"rendered":"\n<p class=\"wp-block-paragraph\">Dr. St\u00e9phane Rousseau est professeur titulaire \u00e0 la facult\u00e9 de droit de l&rsquo;Universit\u00e9 de Montr\u00e9al o\u00f9 il occupe la Chaire en droit des soci\u00e9t\u00e9s et gouvernance. Dr. Rousseau est un expert reconnu en droit des soci\u00e9t\u00e9s, gouvernance d&rsquo;entreprise et r\u00e9gulation des march\u00e9s financiers. Il est le co-auteur de plusieurs manuels importants dans ses champs d&rsquo;int\u00e9r\u00eats, y compris Droit des soci\u00e9t\u00e9s par actions, Analyse \u00e9conomique du droit, Business Law and Economics et Les devoirs des administrateurs lors d&rsquo;une prise de contr\u00f4le. Sa plus r\u00e9cente publication est Finance durable et caisses de retraite : est-il n\u00e9cessaire de r\u00e9viser les obligations fiduciaires? Dr. Rousseau sert d&rsquo;administrateur ind\u00e9pendant au conseil d&rsquo;administration de la Chambre de la s\u00e9curit\u00e9 financi\u00e8re.<\/p>\n\n\n\n<p class=\"wp-block-paragraph\">Il est membre du comit\u00e9 disciplinaire de la Bourse de Montr\u00e9al et de l&rsquo;Organismes canadien de r\u00e9glementation du commerce et des valeurs mobili\u00e8res. Il est aussi embre ind\u00e9pendant du Conseil des fiduciaires du R\u00e9gime de pension de l&rsquo;Universit\u00e9 de Sherbrooke. En 2018, le Barreau du Qu\u00e9bec lui a d\u00e9cern\u00e9 la distinction Avocat \u00e9m\u00e9rite (Ad. E.) qui reconna\u00eet l&rsquo;excellence de ses r\u00e9alisations professionelles. En 2019, il a re\u00e7u la m\u00e9daille Paul-Andr\u00e9 qui reconna\u00eet sa contribution dans l&rsquo;avancement de l&rsquo;aspect international du droit priv\u00e9 et commercial au Canada.<\/p>\n","protected":false},"featured_media":10199,"menu_order":0,"template":"","meta":{"_acf_changed":false,"footnotes":""},"location":[173],"team_category":[91],"team_group":[92],"class_list":["post-3895","team-member","type-team-member","status-publish","has-post-thumbnail","hentry","location-quebec","team_category-droit-et-gouvernance","team_group-chercheurs-affilies"],"acf":[],"yoast_head":"<!-- This site is optimized with the Yoast SEO plugin v28.4 - https:\/\/yoast.com\/product\/yoast-seo-wordpress\/ -->\n<title>St\u00e9phane Rousseau - L&#039;Initiative canadienne de droit climatique<\/title>\n<meta name=\"robots\" content=\"index, follow, max-snippet:-1, max-image-preview:large, max-video-preview:-1\" \/>\n<link rel=\"canonical\" href=\"https:\/\/ccli.ubc.ca\/team-member\/stephane-rousseau\/\" \/>\n<meta property=\"og:locale\" content=\"fr_FR\" \/>\n<meta property=\"og:type\" content=\"article\" \/>\n<meta property=\"og:title\" content=\"St\u00e9phane Rousseau - L&#039;Initiative canadienne de droit climatique\" \/>\n<meta property=\"og:description\" content=\"Dr. St\u00e9phane Rousseau est professeur titulaire \u00e0 la facult\u00e9 de droit de l&rsquo;Universit\u00e9 de Montr\u00e9al o\u00f9 il occupe la Chaire en droit des soci\u00e9t\u00e9s et gouvernance. Dr. Rousseau est un expert reconnu en droit des soci\u00e9t\u00e9s, gouvernance d&rsquo;entreprise et r\u00e9gulation des march\u00e9s financiers. Il est le co-auteur de plusieurs manuels importants dans ses champs d&rsquo;int\u00e9r\u00eats, [&hellip;]\" \/>\n<meta property=\"og:url\" content=\"https:\/\/ccli.ubc.ca\/team-member\/stephane-rousseau\/\" \/>\n<meta property=\"og:site_name\" content=\"L&#039;Initiative canadienne de droit climatique\" \/>\n<meta property=\"article:modified_time\" content=\"2026-06-25T16:50:00+00:00\" \/>\n<meta property=\"og:image\" content=\"https:\/\/ccli.ubc.ca\/wp-content\/uploads\/2021\/04\/Rousseau.jpg\" \/>\n\t<meta property=\"og:image:width\" content=\"500\" \/>\n\t<meta property=\"og:image:height\" content=\"499\" \/>\n\t<meta property=\"og:image:type\" content=\"image\/jpeg\" \/>\n<meta name=\"twitter:card\" content=\"summary_large_image\" \/>\n<meta name=\"twitter:label1\" content=\"Dur\u00e9e de lecture estim\u00e9e\" \/>\n\t<meta name=\"twitter:data1\" content=\"1 minute\" \/>\n<script type=\"application\/ld+json\" class=\"yoast-schema-graph\">{\"@context\":\"https:\\\/\\\/schema.org\",\"@graph\":[{\"@type\":\"WebPage\",\"@id\":\"https:\\\/\\\/ccli.ubc.ca\\\/team-member\\\/stephane-rousseau\\\/\",\"url\":\"https:\\\/\\\/ccli.ubc.ca\\\/team-member\\\/stephane-rousseau\\\/\",\"name\":\"St\u00e9phane Rousseau - L'Initiative canadienne de droit climatique\",\"isPartOf\":{\"@id\":\"https:\\\/\\\/ccli.ubc.ca\\\/fr\\\/#website\"},\"primaryImageOfPage\":{\"@id\":\"https:\\\/\\\/ccli.ubc.ca\\\/team-member\\\/stephane-rousseau\\\/#primaryimage\"},\"image\":{\"@id\":\"https:\\\/\\\/ccli.ubc.ca\\\/team-member\\\/stephane-rousseau\\\/#primaryimage\"},\"thumbnailUrl\":\"https:\\\/\\\/ccli.ubc.ca\\\/wp-content\\\/uploads\\\/2021\\\/04\\\/Rousseau.jpg\",\"datePublished\":\"2021-04-28T13:12:14+00:00\",\"dateModified\":\"2026-06-25T16:50:00+00:00\",\"breadcrumb\":{\"@id\":\"https:\\\/\\\/ccli.ubc.ca\\\/team-member\\\/stephane-rousseau\\\/#breadcrumb\"},\"inLanguage\":\"fr-FR\",\"potentialAction\":[{\"@type\":\"ReadAction\",\"target\":[\"https:\\\/\\\/ccli.ubc.ca\\\/team-member\\\/stephane-rousseau\\\/\"]}]},{\"@type\":\"ImageObject\",\"inLanguage\":\"fr-FR\",\"@id\":\"https:\\\/\\\/ccli.ubc.ca\\\/team-member\\\/stephane-rousseau\\\/#primaryimage\",\"url\":\"https:\\\/\\\/ccli.ubc.ca\\\/wp-content\\\/uploads\\\/2021\\\/04\\\/Rousseau.jpg\",\"contentUrl\":\"https:\\\/\\\/ccli.ubc.ca\\\/wp-content\\\/uploads\\\/2021\\\/04\\\/Rousseau.jpg\",\"width\":500,\"height\":499},{\"@type\":\"BreadcrumbList\",\"@id\":\"https:\\\/\\\/ccli.ubc.ca\\\/team-member\\\/stephane-rousseau\\\/#breadcrumb\",\"itemListElement\":[{\"@type\":\"ListItem\",\"position\":1,\"name\":\"Home\",\"item\":\"https:\\\/\\\/ccli.ubc.ca\\\/fr\\\/\"},{\"@type\":\"ListItem\",\"position\":2,\"name\":\"St\u00e9phane Rousseau\"}]},{\"@type\":\"WebSite\",\"@id\":\"https:\\\/\\\/ccli.ubc.ca\\\/fr\\\/#website\",\"url\":\"https:\\\/\\\/ccli.ubc.ca\\\/fr\\\/\",\"name\":\"Canada Climate Law Initiative\",\"description\":\"\",\"publisher\":{\"@id\":\"https:\\\/\\\/ccli.ubc.ca\\\/fr\\\/#organization\"},\"potentialAction\":[{\"@type\":\"SearchAction\",\"target\":{\"@type\":\"EntryPoint\",\"urlTemplate\":\"https:\\\/\\\/ccli.ubc.ca\\\/fr\\\/?s={search_term_string}\"},\"query-input\":{\"@type\":\"PropertyValueSpecification\",\"valueRequired\":true,\"valueName\":\"search_term_string\"}}],\"inLanguage\":\"fr-FR\"},{\"@type\":\"Organization\",\"@id\":\"https:\\\/\\\/ccli.ubc.ca\\\/fr\\\/#organization\",\"name\":\"L'Initiative canadienne de droit climatique\",\"url\":\"https:\\\/\\\/ccli.ubc.ca\\\/fr\\\/\",\"logo\":{\"@type\":\"ImageObject\",\"inLanguage\":\"fr-FR\",\"@id\":\"https:\\\/\\\/ccli.ubc.ca\\\/fr\\\/#\\\/schema\\\/logo\\\/image\\\/\",\"url\":\"https:\\\/\\\/ccli.ubc.ca\\\/wp-content\\\/uploads\\\/2026\\\/07\\\/CCLI-EngFr-Green.svg\",\"contentUrl\":\"https:\\\/\\\/ccli.ubc.ca\\\/wp-content\\\/uploads\\\/2026\\\/07\\\/CCLI-EngFr-Green.svg\",\"width\":575,\"height\":241,\"caption\":\"L'Initiative canadienne de droit climatique\"},\"image\":{\"@id\":\"https:\\\/\\\/ccli.ubc.ca\\\/fr\\\/#\\\/schema\\\/logo\\\/image\\\/\"},\"sameAs\":[\"https:\\\/\\\/www.youtube.com\\\/channel\\\/UCVoB3ypQTE42_Y8r_eMk1tg\\\/featured\",\"https:\\\/\\\/www.linkedin.com\\\/company\\\/canada-climate-law-initiative\\\/\"]}]}<\/script>\n<!-- \/ Yoast SEO plugin. -->","yoast_head_json":{"title":"St\u00e9phane Rousseau - L'Initiative canadienne de droit climatique","robots":{"index":"index","follow":"follow","max-snippet":"max-snippet:-1","max-image-preview":"max-image-preview:large","max-video-preview":"max-video-preview:-1"},"canonical":"https:\/\/ccli.ubc.ca\/team-member\/stephane-rousseau\/","og_locale":"fr_FR","og_type":"article","og_title":"St\u00e9phane Rousseau - L'Initiative canadienne de droit climatique","og_description":"Dr. St\u00e9phane Rousseau est professeur titulaire \u00e0 la facult\u00e9 de droit de l&rsquo;Universit\u00e9 de Montr\u00e9al o\u00f9 il occupe la Chaire en droit des soci\u00e9t\u00e9s et gouvernance. Dr. Rousseau est un expert reconnu en droit des soci\u00e9t\u00e9s, gouvernance d&rsquo;entreprise et r\u00e9gulation des march\u00e9s financiers. Il est le co-auteur de plusieurs manuels importants dans ses champs d&rsquo;int\u00e9r\u00eats, [&hellip;]","og_url":"https:\/\/ccli.ubc.ca\/team-member\/stephane-rousseau\/","og_site_name":"L'Initiative canadienne de droit climatique","article_modified_time":"2026-06-25T16:50:00+00:00","og_image":[{"width":500,"height":499,"url":"https:\/\/ccli.ubc.ca\/wp-content\/uploads\/2021\/04\/Rousseau.jpg","type":"image\/jpeg"}],"twitter_card":"summary_large_image","twitter_misc":{"Dur\u00e9e de lecture estim\u00e9e":"1 minute"},"schema":{"@context":"https:\/\/schema.org","@graph":[{"@type":"WebPage","@id":"https:\/\/ccli.ubc.ca\/team-member\/stephane-rousseau\/","url":"https:\/\/ccli.ubc.ca\/team-member\/stephane-rousseau\/","name":"St\u00e9phane Rousseau - L'Initiative canadienne de droit climatique","isPartOf":{"@id":"https:\/\/ccli.ubc.ca\/fr\/#website"},"primaryImageOfPage":{"@id":"https:\/\/ccli.ubc.ca\/team-member\/stephane-rousseau\/#primaryimage"},"image":{"@id":"https:\/\/ccli.ubc.ca\/team-member\/stephane-rousseau\/#primaryimage"},"thumbnailUrl":"https:\/\/ccli.ubc.ca\/wp-content\/uploads\/2021\/04\/Rousseau.jpg","datePublished":"2021-04-28T13:12:14+00:00","dateModified":"2026-06-25T16:50:00+00:00","breadcrumb":{"@id":"https:\/\/ccli.ubc.ca\/team-member\/stephane-rousseau\/#breadcrumb"},"inLanguage":"fr-FR","potentialAction":[{"@type":"ReadAction","target":["https:\/\/ccli.ubc.ca\/team-member\/stephane-rousseau\/"]}]},{"@type":"ImageObject","inLanguage":"fr-FR","@id":"https:\/\/ccli.ubc.ca\/team-member\/stephane-rousseau\/#primaryimage","url":"https:\/\/ccli.ubc.ca\/wp-content\/uploads\/2021\/04\/Rousseau.jpg","contentUrl":"https:\/\/ccli.ubc.ca\/wp-content\/uploads\/2021\/04\/Rousseau.jpg","width":500,"height":499},{"@type":"BreadcrumbList","@id":"https:\/\/ccli.ubc.ca\/team-member\/stephane-rousseau\/#breadcrumb","itemListElement":[{"@type":"ListItem","position":1,"name":"Home","item":"https:\/\/ccli.ubc.ca\/fr\/"},{"@type":"ListItem","position":2,"name":"St\u00e9phane Rousseau"}]},{"@type":"WebSite","@id":"https:\/\/ccli.ubc.ca\/fr\/#website","url":"https:\/\/ccli.ubc.ca\/fr\/","name":"Canada Climate Law Initiative","description":"","publisher":{"@id":"https:\/\/ccli.ubc.ca\/fr\/#organization"},"potentialAction":[{"@type":"SearchAction","target":{"@type":"EntryPoint","urlTemplate":"https:\/\/ccli.ubc.ca\/fr\/?s={search_term_string}"},"query-input":{"@type":"PropertyValueSpecification","valueRequired":true,"valueName":"search_term_string"}}],"inLanguage":"fr-FR"},{"@type":"Organization","@id":"https:\/\/ccli.ubc.ca\/fr\/#organization","name":"L'Initiative canadienne de droit climatique","url":"https:\/\/ccli.ubc.ca\/fr\/","logo":{"@type":"ImageObject","inLanguage":"fr-FR","@id":"https:\/\/ccli.ubc.ca\/fr\/#\/schema\/logo\/image\/","url":"https:\/\/ccli.ubc.ca\/wp-content\/uploads\/2026\/07\/CCLI-EngFr-Green.svg","contentUrl":"https:\/\/ccli.ubc.ca\/wp-content\/uploads\/2026\/07\/CCLI-EngFr-Green.svg","width":575,"height":241,"caption":"L'Initiative canadienne de droit climatique"},"image":{"@id":"https:\/\/ccli.ubc.ca\/fr\/#\/schema\/logo\/image\/"},"sameAs":["https:\/\/www.youtube.com\/channel\/UCVoB3ypQTE42_Y8r_eMk1tg\/featured","https:\/\/www.linkedin.com\/company\/canada-climate-law-initiative\/"]}]}},"_links":{"self":[{"href":"https:\/\/ccli.ubc.ca\/fr\/wp-json\/wp\/v2\/team-member\/3895","targetHints":{"allow":["GET"]}}],"collection":[{"href":"https:\/\/ccli.ubc.ca\/fr\/wp-json\/wp\/v2\/team-member"}],"about":[{"href":"https:\/\/ccli.ubc.ca\/fr\/wp-json\/wp\/v2\/types\/team-member"}],"version-history":[{"count":1,"href":"https:\/\/ccli.ubc.ca\/fr\/wp-json\/wp\/v2\/team-member\/3895\/revisions"}],"predecessor-version":[{"id":4016,"href":"https:\/\/ccli.ubc.ca\/fr\/wp-json\/wp\/v2\/team-member\/3895\/revisions\/4016"}],"wp:featuredmedia":[{"embeddable":true,"href":"https:\/\/ccli.ubc.ca\/fr\/wp-json\/wp\/v2\/media\/10199"}],"wp:attachment":[{"href":"https:\/\/ccli.ubc.ca\/fr\/wp-json\/wp\/v2\/media?parent=3895"}],"wp:term":[{"taxonomy":"location","embeddable":true,"href":"https:\/\/ccli.ubc.ca\/fr\/wp-json\/wp\/v2\/location?post=3895"},{"taxonomy":"team_category","embeddable":true,"href":"https:\/\/ccli.ubc.ca\/fr\/wp-json\/wp\/v2\/team_category?post=3895"},{"taxonomy":"team_group","embeddable":true,"href":"https:\/\/ccli.ubc.ca\/fr\/wp-json\/wp\/v2\/team_group?post=3895"}],"curies":[{"name":"wp","href":"https:\/\/api.w.org\/{rel}","templated":true}]}}

Stéphane Rousseau

<p class="wp-block-paragraph">Dr. Stéphane Rousseau est professeur titulaire à la faculté de droit de l&rsquo;Université de Montréal où il occupe la Chaire en droit des sociétés et gouvernance. Dr. Rousseau est un expert reconnu en droit des sociétés, gouvernance d&rsquo;entreprise et régulation des marchés financiers. Il est le co-auteur de plusieurs manuels importants dans ses champs d&rsquo;intérêts, y compris Droit des sociétés par actions, Analyse économique du droit, Business Law and Economics et Les devoirs des administrateurs lors d&rsquo;une prise de contrôle. Sa plus récente publication est Finance durable et caisses de retraite : est-il nécessaire de réviser les obligations fiduciaires? Dr. Rousseau sert d&rsquo;administrateur indépendant au conseil d&rsquo;administration de la Chambre de la sécurité financière.</p>



<p class="wp-block-paragraph">Il est membre du comité disciplinaire de la Bourse de Montréal et de l&rsquo;Organismes canadien de réglementation du commerce et des valeurs mobilières. Il est aussi embre indépendant du Conseil des fiduciaires du Régime de pension de l&rsquo;Université de Sherbrooke. En 2018, le Barreau du Québec lui a décerné la distinction Avocat émérite (Ad. E.) qui reconnaît l&rsquo;excellence de ses réalisations professionelles. En 2019, il a reçu la médaille Paul-André qui reconnaît sa contribution dans l&rsquo;avancement de l&rsquo;aspect international du droit privé et commercial au Canada.</p>

<!-- This site is optimized with the Yoast SEO plugin v28.4 - https://yoast.com/product/yoast-seo-wordpress/ -->
<title>Stéphane Rousseau - L&#039;Initiative canadienne de droit climatique</title>
<meta name="robots" content="index, follow, max-snippet:-1, max-image-preview:large, max-video-preview:-1" />
<link rel="canonical" href="https://ccli.ubc.ca/team-member/stephane-rousseau/" />
<meta property="og:locale" content="fr_FR" />
<meta property="og:type" content="article" />
<meta property="og:title" content="Stéphane Rousseau - L&#039;Initiative canadienne de droit climatique" />
<meta property="og:description" content="Dr. Stéphane Rousseau est professeur titulaire à la faculté de droit de l&rsquo;Université de Montréal où il occupe la Chaire en droit des sociétés et gouvernance. Dr. Rousseau est un expert reconnu en droit des sociétés, gouvernance d&rsquo;entreprise et régulation des marchés financiers. Il est le co-auteur de plusieurs manuels importants dans ses champs d&rsquo;intérêts, [&hellip;]" />
<meta property="og:url" content="https://ccli.ubc.ca/team-member/stephane-rousseau/" />
<meta property="og:site_name" content="L&#039;Initiative canadienne de droit climatique" />
<meta property="article:modified_time" content="2026-06-25T16:50:00+00:00" />
<meta property="og:image" content="https://ccli.ubc.ca/wp-content/uploads/2021/04/Rousseau.jpg" />
	<meta property="og:image:width" content="500" />
	<meta property="og:image:height" content="499" />
	<meta property="og:image:type" content="image/jpeg" />
<meta name="twitter:card" content="summary_large_image" />
<meta name="twitter:label1" content="Durée de lecture estimée" />
	<meta name="twitter:data1" content="1 minute" />
<script type="application/ld+json" class="yoast-schema-graph">{"@context":"https:\/\/schema.org","@graph":[{"@type":"WebPage","@id":"https:\/\/ccli.ubc.ca\/team-member\/stephane-rousseau\/","url":"https:\/\/ccli.ubc.ca\/team-member\/stephane-rousseau\/","name":"Stéphane Rousseau - L'Initiative canadienne de droit climatique","isPartOf":{"@id":"https:\/\/ccli.ubc.ca\/fr\/#website"},"primaryImageOfPage":{"@id":"https:\/\/ccli.ubc.ca\/team-member\/stephane-rousseau\/#primaryimage"},"image":{"@id":"https:\/\/ccli.ubc.ca\/team-member\/stephane-rousseau\/#primaryimage"},"thumbnailUrl":"https:\/\/ccli.ubc.ca\/wp-content\/uploads\/2021\/04\/Rousseau.jpg","datePublished":"2021-04-28T13:12:14+00:00","dateModified":"2026-06-25T16:50:00+00:00","breadcrumb":{"@id":"https:\/\/ccli.ubc.ca\/team-member\/stephane-rousseau\/#breadcrumb"},"inLanguage":"fr-FR","potentialAction":[{"@type":"ReadAction","target":["https:\/\/ccli.ubc.ca\/team-member\/stephane-rousseau\/"]}]},{"@type":"ImageObject","inLanguage":"fr-FR","@id":"https:\/\/ccli.ubc.ca\/team-member\/stephane-rousseau\/#primaryimage","url":"https:\/\/ccli.ubc.ca\/wp-content\/uploads\/2021\/04\/Rousseau.jpg","contentUrl":"https:\/\/ccli.ubc.ca\/wp-content\/uploads\/2021\/04\/Rousseau.jpg","width":500,"height":499},{"@type":"BreadcrumbList","@id":"https:\/\/ccli.ubc.ca\/team-member\/stephane-rousseau\/#breadcrumb","itemListElement":[{"@type":"ListItem","position":1,"name":"Home","item":"https:\/\/ccli.ubc.ca\/fr\/"},{"@type":"ListItem","position":2,"name":"Stéphane Rousseau"}]},{"@type":"WebSite","@id":"https:\/\/ccli.ubc.ca\/fr\/#website","url":"https:\/\/ccli.ubc.ca\/fr\/","name":"Canada Climate Law Initiative","description":"","publisher":{"@id":"https:\/\/ccli.ubc.ca\/fr\/#organization"},"potentialAction":[{"@type":"SearchAction","target":{"@type":"EntryPoint","urlTemplate":"https:\/\/ccli.ubc.ca\/fr\/?s={search_term_string}"},"query-input":{"@type":"PropertyValueSpecification","valueRequired":true,"valueName":"search_term_string"}}],"inLanguage":"fr-FR"},{"@type":"Organization","@id":"https:\/\/ccli.ubc.ca\/fr\/#organization","name":"L'Initiative canadienne de droit climatique","url":"https:\/\/ccli.ubc.ca\/fr\/","logo":{"@type":"ImageObject","inLanguage":"fr-FR","@id":"https:\/\/ccli.ubc.ca\/fr\/#\/schema\/logo\/image\/","url":"https:\/\/ccli.ubc.ca\/wp-content\/uploads\/2026\/07\/CCLI-EngFr-Green.svg","contentUrl":"https:\/\/ccli.ubc.ca\/wp-content\/uploads\/2026\/07\/CCLI-EngFr-Green.svg","width":575,"height":241,"caption":"L'Initiative canadienne de droit climatique"},"image":{"@id":"https:\/\/ccli.ubc.ca\/fr\/#\/schema\/logo\/image\/"},"sameAs":["https:\/\/www.youtube.com\/channel\/UCVoB3ypQTE42_Y8r_eMk1tg\/featured","https:\/\/www.linkedin.com\/company\/canada-climate-law-initiative\/"]}]}</script>
<!-- / Yoast SEO plugin. -->

Stéphane Rousseau - L'Initiative canadienne de droit climatique

Dr. Stéphane Rousseau est professeur titulaire à la faculté de droit de l&rsquo;Université de Montréal où il occupe la Chaire en droit des sociétés et gouvernance. Dr. Rousseau est un expert reconnu en droit des sociétés, gouvernance d&rsquo;entreprise et régulation des marchés financiers. Il est le co-auteur de plusieurs manuels importants dans ses champs d&rsquo;intérêts, [&hellip;]
