{"id":3913,"date":"2021-04-27T19:44:37","date_gmt":"2021-04-27T19:44:37","guid":{"rendered":"https:\/\/ccli.ubc.ca\/team-member\/arlene-strom-2\/"},"modified":"2026-06-25T16:50:06","modified_gmt":"2026-06-25T16:50:06","slug":"arlene-strom","status":"publish","type":"team-member","link":"https:\/\/ccli.ubc.ca\/fr\/team-member\/arlene-strom\/","title":{"rendered":"Arlene Strom"},"content":{"rendered":"\n<p class=\"wp-block-paragraph\">Arlene Strom est la directrice honoraire de Mount Royal University. Elle pr\u00e9side les c\u00e9r\u00e9monies officielles telles que la remise des dipl\u00f4mes et s\u2019engage en faveur de l\u2019enseignement postsecondaire et de l\u2019\u00e9tablissement de relations avec la communaut\u00e9. En plus d\u2019\u00eatre un visage externe de Mount Royal University, Strom est membre d\u2019office du conseil des gouverneurs et travaille en \u00e9troite collaboration avec le pr\u00e9sident et le vice-chancelier.<\/p>\n\n\n\n<p class=\"wp-block-paragraph\">Strom a pris sa retraite de Suncor \u00e0 la fin de 2023, occupant r\u00e9cemment les postes de cheffe du d\u00e9veloppement durable, d\u2019avocate g\u00e9n\u00e9rale et de secr\u00e9taire d\u2019affaires. Elle a auparavant occup\u00e9 plusieurs postes de direction au sein de l\u2019entreprise. Avant de se joindre \u00e0 Suncor, elle a pratiqu\u00e9 le droit des soci\u00e9t\u00e9s et des valeurs mobili\u00e8res \u00e0 Calgary.<\/p>\n\n\n\n<p class=\"wp-block-paragraph\">En 2024, Strom a pass\u00e9 un an en tant que boursi\u00e8re de l\u2019Advanced Leadership Initiative \u00e0 Harvard University. Elle est titulaire d\u2019un dipl\u00f4me en droit et d\u2019une ma\u00eetrise en sciences politiques de l\u2019UBC et d\u2019un baccalaur\u00e9at en administration des affaires de Trinity Western University. Elle pr\u00e9side \u00e9galement l\u2019Alberta Lieutenant Governor\u2019s Arts Awards Foundation, l\u2019Energy Transition Center et est membre du conseil d\u2019administration de Conservation de la nature Canada et du conseil consultatif de Portage Energy.<\/p>\n","protected":false},"featured_media":10182,"menu_order":0,"template":"","meta":{"_acf_changed":false,"footnotes":""},"location":[174],"team_category":[91],"team_group":[97],"class_list":["post-3913","team-member","type-team-member","status-publish","has-post-thumbnail","hentry","location-alberta","team_category-droit-et-gouvernance","team_group-experts-en-gouvernance-climatique"],"acf":[],"yoast_head":"<!-- This site is optimized with the Yoast SEO plugin v28.4 - https:\/\/yoast.com\/product\/yoast-seo-wordpress\/ -->\n<title>Arlene Strom - L&#039;Initiative canadienne de droit climatique<\/title>\n<meta name=\"robots\" content=\"index, follow, max-snippet:-1, max-image-preview:large, max-video-preview:-1\" \/>\n<link rel=\"canonical\" href=\"https:\/\/ccli.ubc.ca\/team-member\/arlene-strom\/\" \/>\n<meta property=\"og:locale\" content=\"fr_FR\" \/>\n<meta property=\"og:type\" content=\"article\" \/>\n<meta property=\"og:title\" content=\"Arlene Strom - L&#039;Initiative canadienne de droit climatique\" \/>\n<meta property=\"og:description\" content=\"Arlene Strom est la directrice honoraire de Mount Royal University. Elle pr\u00e9side les c\u00e9r\u00e9monies officielles telles que la remise des dipl\u00f4mes et s\u2019engage en faveur de l\u2019enseignement postsecondaire et de l\u2019\u00e9tablissement de relations avec la communaut\u00e9. En plus d\u2019\u00eatre un visage externe de Mount Royal University, Strom est membre d\u2019office du conseil des gouverneurs et [&hellip;]\" \/>\n<meta property=\"og:url\" content=\"https:\/\/ccli.ubc.ca\/team-member\/arlene-strom\/\" \/>\n<meta property=\"og:site_name\" content=\"L&#039;Initiative canadienne de droit climatique\" \/>\n<meta property=\"article:modified_time\" content=\"2026-06-25T16:50:06+00:00\" \/>\n<meta property=\"og:image\" content=\"https:\/\/ccli.ubc.ca\/wp-content\/uploads\/2021\/04\/strom-arlene-2025.jpg\" \/>\n\t<meta property=\"og:image:width\" content=\"1140\" \/>\n\t<meta property=\"og:image:height\" content=\"700\" \/>\n\t<meta property=\"og:image:type\" content=\"image\/jpeg\" \/>\n<meta name=\"twitter:card\" content=\"summary_large_image\" \/>\n<meta name=\"twitter:label1\" content=\"Dur\u00e9e de lecture estim\u00e9e\" \/>\n\t<meta name=\"twitter:data1\" content=\"1 minute\" \/>\n<script type=\"application\/ld+json\" class=\"yoast-schema-graph\">{\"@context\":\"https:\\\/\\\/schema.org\",\"@graph\":[{\"@type\":\"WebPage\",\"@id\":\"https:\\\/\\\/ccli.ubc.ca\\\/team-member\\\/arlene-strom\\\/\",\"url\":\"https:\\\/\\\/ccli.ubc.ca\\\/team-member\\\/arlene-strom\\\/\",\"name\":\"Arlene Strom - L'Initiative canadienne de droit climatique\",\"isPartOf\":{\"@id\":\"https:\\\/\\\/ccli.ubc.ca\\\/fr\\\/#website\"},\"primaryImageOfPage\":{\"@id\":\"https:\\\/\\\/ccli.ubc.ca\\\/team-member\\\/arlene-strom\\\/#primaryimage\"},\"image\":{\"@id\":\"https:\\\/\\\/ccli.ubc.ca\\\/team-member\\\/arlene-strom\\\/#primaryimage\"},\"thumbnailUrl\":\"https:\\\/\\\/ccli.ubc.ca\\\/wp-content\\\/uploads\\\/2021\\\/04\\\/strom-arlene-2025-e1784242985861.jpg\",\"datePublished\":\"2021-04-27T19:44:37+00:00\",\"dateModified\":\"2026-06-25T16:50:06+00:00\",\"breadcrumb\":{\"@id\":\"https:\\\/\\\/ccli.ubc.ca\\\/team-member\\\/arlene-strom\\\/#breadcrumb\"},\"inLanguage\":\"fr-FR\",\"potentialAction\":[{\"@type\":\"ReadAction\",\"target\":[\"https:\\\/\\\/ccli.ubc.ca\\\/team-member\\\/arlene-strom\\\/\"]}]},{\"@type\":\"ImageObject\",\"inLanguage\":\"fr-FR\",\"@id\":\"https:\\\/\\\/ccli.ubc.ca\\\/team-member\\\/arlene-strom\\\/#primaryimage\",\"url\":\"https:\\\/\\\/ccli.ubc.ca\\\/wp-content\\\/uploads\\\/2021\\\/04\\\/strom-arlene-2025-e1784242985861.jpg\",\"contentUrl\":\"https:\\\/\\\/ccli.ubc.ca\\\/wp-content\\\/uploads\\\/2021\\\/04\\\/strom-arlene-2025-e1784242985861.jpg\",\"width\":1140,\"height\":700},{\"@type\":\"BreadcrumbList\",\"@id\":\"https:\\\/\\\/ccli.ubc.ca\\\/team-member\\\/arlene-strom\\\/#breadcrumb\",\"itemListElement\":[{\"@type\":\"ListItem\",\"position\":1,\"name\":\"Home\",\"item\":\"https:\\\/\\\/ccli.ubc.ca\\\/fr\\\/\"},{\"@type\":\"ListItem\",\"position\":2,\"name\":\"Arlene Strom\"}]},{\"@type\":\"WebSite\",\"@id\":\"https:\\\/\\\/ccli.ubc.ca\\\/fr\\\/#website\",\"url\":\"https:\\\/\\\/ccli.ubc.ca\\\/fr\\\/\",\"name\":\"Canada Climate Law Initiative\",\"description\":\"\",\"publisher\":{\"@id\":\"https:\\\/\\\/ccli.ubc.ca\\\/fr\\\/#organization\"},\"potentialAction\":[{\"@type\":\"SearchAction\",\"target\":{\"@type\":\"EntryPoint\",\"urlTemplate\":\"https:\\\/\\\/ccli.ubc.ca\\\/fr\\\/?s={search_term_string}\"},\"query-input\":{\"@type\":\"PropertyValueSpecification\",\"valueRequired\":true,\"valueName\":\"search_term_string\"}}],\"inLanguage\":\"fr-FR\"},{\"@type\":\"Organization\",\"@id\":\"https:\\\/\\\/ccli.ubc.ca\\\/fr\\\/#organization\",\"name\":\"L'Initiative canadienne de droit climatique\",\"url\":\"https:\\\/\\\/ccli.ubc.ca\\\/fr\\\/\",\"logo\":{\"@type\":\"ImageObject\",\"inLanguage\":\"fr-FR\",\"@id\":\"https:\\\/\\\/ccli.ubc.ca\\\/fr\\\/#\\\/schema\\\/logo\\\/image\\\/\",\"url\":\"https:\\\/\\\/ccli.ubc.ca\\\/wp-content\\\/uploads\\\/2026\\\/07\\\/CCLI-EngFr-Green.svg\",\"contentUrl\":\"https:\\\/\\\/ccli.ubc.ca\\\/wp-content\\\/uploads\\\/2026\\\/07\\\/CCLI-EngFr-Green.svg\",\"width\":575,\"height\":241,\"caption\":\"L'Initiative canadienne de droit climatique\"},\"image\":{\"@id\":\"https:\\\/\\\/ccli.ubc.ca\\\/fr\\\/#\\\/schema\\\/logo\\\/image\\\/\"},\"sameAs\":[\"https:\\\/\\\/www.youtube.com\\\/channel\\\/UCVoB3ypQTE42_Y8r_eMk1tg\\\/featured\",\"https:\\\/\\\/www.linkedin.com\\\/company\\\/canada-climate-law-initiative\\\/\"]}]}<\/script>\n<!-- \/ Yoast SEO plugin. -->","yoast_head_json":{"title":"Arlene Strom - L'Initiative canadienne de droit climatique","robots":{"index":"index","follow":"follow","max-snippet":"max-snippet:-1","max-image-preview":"max-image-preview:large","max-video-preview":"max-video-preview:-1"},"canonical":"https:\/\/ccli.ubc.ca\/team-member\/arlene-strom\/","og_locale":"fr_FR","og_type":"article","og_title":"Arlene Strom - L'Initiative canadienne de droit climatique","og_description":"Arlene Strom est la directrice honoraire de Mount Royal University. Elle pr\u00e9side les c\u00e9r\u00e9monies officielles telles que la remise des dipl\u00f4mes et s\u2019engage en faveur de l\u2019enseignement postsecondaire et de l\u2019\u00e9tablissement de relations avec la communaut\u00e9. En plus d\u2019\u00eatre un visage externe de Mount Royal University, Strom est membre d\u2019office du conseil des gouverneurs et [&hellip;]","og_url":"https:\/\/ccli.ubc.ca\/team-member\/arlene-strom\/","og_site_name":"L'Initiative canadienne de droit climatique","article_modified_time":"2026-06-25T16:50:06+00:00","og_image":[{"width":1140,"height":700,"url":"https:\/\/ccli.ubc.ca\/wp-content\/uploads\/2021\/04\/strom-arlene-2025.jpg","type":"image\/jpeg"}],"twitter_card":"summary_large_image","twitter_misc":{"Dur\u00e9e de lecture estim\u00e9e":"1 minute"},"schema":{"@context":"https:\/\/schema.org","@graph":[{"@type":"WebPage","@id":"https:\/\/ccli.ubc.ca\/team-member\/arlene-strom\/","url":"https:\/\/ccli.ubc.ca\/team-member\/arlene-strom\/","name":"Arlene Strom - L'Initiative canadienne de droit climatique","isPartOf":{"@id":"https:\/\/ccli.ubc.ca\/fr\/#website"},"primaryImageOfPage":{"@id":"https:\/\/ccli.ubc.ca\/team-member\/arlene-strom\/#primaryimage"},"image":{"@id":"https:\/\/ccli.ubc.ca\/team-member\/arlene-strom\/#primaryimage"},"thumbnailUrl":"https:\/\/ccli.ubc.ca\/wp-content\/uploads\/2021\/04\/strom-arlene-2025-e1784242985861.jpg","datePublished":"2021-04-27T19:44:37+00:00","dateModified":"2026-06-25T16:50:06+00:00","breadcrumb":{"@id":"https:\/\/ccli.ubc.ca\/team-member\/arlene-strom\/#breadcrumb"},"inLanguage":"fr-FR","potentialAction":[{"@type":"ReadAction","target":["https:\/\/ccli.ubc.ca\/team-member\/arlene-strom\/"]}]},{"@type":"ImageObject","inLanguage":"fr-FR","@id":"https:\/\/ccli.ubc.ca\/team-member\/arlene-strom\/#primaryimage","url":"https:\/\/ccli.ubc.ca\/wp-content\/uploads\/2021\/04\/strom-arlene-2025-e1784242985861.jpg","contentUrl":"https:\/\/ccli.ubc.ca\/wp-content\/uploads\/2021\/04\/strom-arlene-2025-e1784242985861.jpg","width":1140,"height":700},{"@type":"BreadcrumbList","@id":"https:\/\/ccli.ubc.ca\/team-member\/arlene-strom\/#breadcrumb","itemListElement":[{"@type":"ListItem","position":1,"name":"Home","item":"https:\/\/ccli.ubc.ca\/fr\/"},{"@type":"ListItem","position":2,"name":"Arlene Strom"}]},{"@type":"WebSite","@id":"https:\/\/ccli.ubc.ca\/fr\/#website","url":"https:\/\/ccli.ubc.ca\/fr\/","name":"Canada Climate Law Initiative","description":"","publisher":{"@id":"https:\/\/ccli.ubc.ca\/fr\/#organization"},"potentialAction":[{"@type":"SearchAction","target":{"@type":"EntryPoint","urlTemplate":"https:\/\/ccli.ubc.ca\/fr\/?s={search_term_string}"},"query-input":{"@type":"PropertyValueSpecification","valueRequired":true,"valueName":"search_term_string"}}],"inLanguage":"fr-FR"},{"@type":"Organization","@id":"https:\/\/ccli.ubc.ca\/fr\/#organization","name":"L'Initiative canadienne de droit climatique","url":"https:\/\/ccli.ubc.ca\/fr\/","logo":{"@type":"ImageObject","inLanguage":"fr-FR","@id":"https:\/\/ccli.ubc.ca\/fr\/#\/schema\/logo\/image\/","url":"https:\/\/ccli.ubc.ca\/wp-content\/uploads\/2026\/07\/CCLI-EngFr-Green.svg","contentUrl":"https:\/\/ccli.ubc.ca\/wp-content\/uploads\/2026\/07\/CCLI-EngFr-Green.svg","width":575,"height":241,"caption":"L'Initiative canadienne de droit climatique"},"image":{"@id":"https:\/\/ccli.ubc.ca\/fr\/#\/schema\/logo\/image\/"},"sameAs":["https:\/\/www.youtube.com\/channel\/UCVoB3ypQTE42_Y8r_eMk1tg\/featured","https:\/\/www.linkedin.com\/company\/canada-climate-law-initiative\/"]}]}},"_links":{"self":[{"href":"https:\/\/ccli.ubc.ca\/fr\/wp-json\/wp\/v2\/team-member\/3913","targetHints":{"allow":["GET"]}}],"collection":[{"href":"https:\/\/ccli.ubc.ca\/fr\/wp-json\/wp\/v2\/team-member"}],"about":[{"href":"https:\/\/ccli.ubc.ca\/fr\/wp-json\/wp\/v2\/types\/team-member"}],"version-history":[{"count":1,"href":"https:\/\/ccli.ubc.ca\/fr\/wp-json\/wp\/v2\/team-member\/3913\/revisions"}],"predecessor-version":[{"id":4033,"href":"https:\/\/ccli.ubc.ca\/fr\/wp-json\/wp\/v2\/team-member\/3913\/revisions\/4033"}],"wp:featuredmedia":[{"embeddable":true,"href":"https:\/\/ccli.ubc.ca\/fr\/wp-json\/wp\/v2\/media\/10182"}],"wp:attachment":[{"href":"https:\/\/ccli.ubc.ca\/fr\/wp-json\/wp\/v2\/media?parent=3913"}],"wp:term":[{"taxonomy":"location","embeddable":true,"href":"https:\/\/ccli.ubc.ca\/fr\/wp-json\/wp\/v2\/location?post=3913"},{"taxonomy":"team_category","embeddable":true,"href":"https:\/\/ccli.ubc.ca\/fr\/wp-json\/wp\/v2\/team_category?post=3913"},{"taxonomy":"team_group","embeddable":true,"href":"https:\/\/ccli.ubc.ca\/fr\/wp-json\/wp\/v2\/team_group?post=3913"}],"curies":[{"name":"wp","href":"https:\/\/api.w.org\/{rel}","templated":true}]}}

<p class="wp-block-paragraph">Arlene Strom est la directrice honoraire de Mount Royal University. Elle préside les cérémonies officielles telles que la remise des diplômes et s’engage en faveur de l’enseignement postsecondaire et de l’établissement de relations avec la communauté. En plus d’être un visage externe de Mount Royal University, Strom est membre d’office du conseil des gouverneurs et travaille en étroite collaboration avec le président et le vice-chancelier.</p>



<p class="wp-block-paragraph">Strom a pris sa retraite de Suncor à la fin de 2023, occupant récemment les postes de cheffe du développement durable, d’avocate générale et de secrétaire d’affaires. Elle a auparavant occupé plusieurs postes de direction au sein de l’entreprise. Avant de se joindre à Suncor, elle a pratiqué le droit des sociétés et des valeurs mobilières à Calgary.</p>



<p class="wp-block-paragraph">En 2024, Strom a passé un an en tant que boursière de l’Advanced Leadership Initiative à Harvard University. Elle est titulaire d’un diplôme en droit et d’une maîtrise en sciences politiques de l’UBC et d’un baccalauréat en administration des affaires de Trinity Western University. Elle préside également l’Alberta Lieutenant Governor’s Arts Awards Foundation, l’Energy Transition Center et est membre du conseil d’administration de Conservation de la nature Canada et du conseil consultatif de Portage Energy.</p>

<!-- This site is optimized with the Yoast SEO plugin v28.4 - https://yoast.com/product/yoast-seo-wordpress/ -->
<title>Arlene Strom - L&#039;Initiative canadienne de droit climatique</title>
<meta name="robots" content="index, follow, max-snippet:-1, max-image-preview:large, max-video-preview:-1" />
<link rel="canonical" href="https://ccli.ubc.ca/team-member/arlene-strom/" />
<meta property="og:locale" content="fr_FR" />
<meta property="og:type" content="article" />
<meta property="og:title" content="Arlene Strom - L&#039;Initiative canadienne de droit climatique" />
<meta property="og:description" content="Arlene Strom est la directrice honoraire de Mount Royal University. Elle préside les cérémonies officielles telles que la remise des diplômes et s’engage en faveur de l’enseignement postsecondaire et de l’établissement de relations avec la communauté. En plus d’être un visage externe de Mount Royal University, Strom est membre d’office du conseil des gouverneurs et [&hellip;]" />
<meta property="og:url" content="https://ccli.ubc.ca/team-member/arlene-strom/" />
<meta property="og:site_name" content="L&#039;Initiative canadienne de droit climatique" />
<meta property="article:modified_time" content="2026-06-25T16:50:06+00:00" />
<meta property="og:image" content="https://ccli.ubc.ca/wp-content/uploads/2021/04/strom-arlene-2025.jpg" />
	<meta property="og:image:width" content="1140" />
	<meta property="og:image:height" content="700" />
	<meta property="og:image:type" content="image/jpeg" />
<meta name="twitter:card" content="summary_large_image" />
<meta name="twitter:label1" content="Durée de lecture estimée" />
	<meta name="twitter:data1" content="1 minute" />
<script type="application/ld+json" class="yoast-schema-graph">{"@context":"https:\/\/schema.org","@graph":[{"@type":"WebPage","@id":"https:\/\/ccli.ubc.ca\/team-member\/arlene-strom\/","url":"https:\/\/ccli.ubc.ca\/team-member\/arlene-strom\/","name":"Arlene Strom - L'Initiative canadienne de droit climatique","isPartOf":{"@id":"https:\/\/ccli.ubc.ca\/fr\/#website"},"primaryImageOfPage":{"@id":"https:\/\/ccli.ubc.ca\/team-member\/arlene-strom\/#primaryimage"},"image":{"@id":"https:\/\/ccli.ubc.ca\/team-member\/arlene-strom\/#primaryimage"},"thumbnailUrl":"https:\/\/ccli.ubc.ca\/wp-content\/uploads\/2021\/04\/strom-arlene-2025-e1784242985861.jpg","datePublished":"2021-04-27T19:44:37+00:00","dateModified":"2026-06-25T16:50:06+00:00","breadcrumb":{"@id":"https:\/\/ccli.ubc.ca\/team-member\/arlene-strom\/#breadcrumb"},"inLanguage":"fr-FR","potentialAction":[{"@type":"ReadAction","target":["https:\/\/ccli.ubc.ca\/team-member\/arlene-strom\/"]}]},{"@type":"ImageObject","inLanguage":"fr-FR","@id":"https:\/\/ccli.ubc.ca\/team-member\/arlene-strom\/#primaryimage","url":"https:\/\/ccli.ubc.ca\/wp-content\/uploads\/2021\/04\/strom-arlene-2025-e1784242985861.jpg","contentUrl":"https:\/\/ccli.ubc.ca\/wp-content\/uploads\/2021\/04\/strom-arlene-2025-e1784242985861.jpg","width":1140,"height":700},{"@type":"BreadcrumbList","@id":"https:\/\/ccli.ubc.ca\/team-member\/arlene-strom\/#breadcrumb","itemListElement":[{"@type":"ListItem","position":1,"name":"Home","item":"https:\/\/ccli.ubc.ca\/fr\/"},{"@type":"ListItem","position":2,"name":"Arlene Strom"}]},{"@type":"WebSite","@id":"https:\/\/ccli.ubc.ca\/fr\/#website","url":"https:\/\/ccli.ubc.ca\/fr\/","name":"Canada Climate Law Initiative","description":"","publisher":{"@id":"https:\/\/ccli.ubc.ca\/fr\/#organization"},"potentialAction":[{"@type":"SearchAction","target":{"@type":"EntryPoint","urlTemplate":"https:\/\/ccli.ubc.ca\/fr\/?s={search_term_string}"},"query-input":{"@type":"PropertyValueSpecification","valueRequired":true,"valueName":"search_term_string"}}],"inLanguage":"fr-FR"},{"@type":"Organization","@id":"https:\/\/ccli.ubc.ca\/fr\/#organization","name":"L'Initiative canadienne de droit climatique","url":"https:\/\/ccli.ubc.ca\/fr\/","logo":{"@type":"ImageObject","inLanguage":"fr-FR","@id":"https:\/\/ccli.ubc.ca\/fr\/#\/schema\/logo\/image\/","url":"https:\/\/ccli.ubc.ca\/wp-content\/uploads\/2026\/07\/CCLI-EngFr-Green.svg","contentUrl":"https:\/\/ccli.ubc.ca\/wp-content\/uploads\/2026\/07\/CCLI-EngFr-Green.svg","width":575,"height":241,"caption":"L'Initiative canadienne de droit climatique"},"image":{"@id":"https:\/\/ccli.ubc.ca\/fr\/#\/schema\/logo\/image\/"},"sameAs":["https:\/\/www.youtube.com\/channel\/UCVoB3ypQTE42_Y8r_eMk1tg\/featured","https:\/\/www.linkedin.com\/company\/canada-climate-law-initiative\/"]}]}</script>
<!-- / Yoast SEO plugin. -->

Arlene Strom est la directrice honoraire de Mount Royal University. Elle préside les cérémonies officielles telles que la remise des diplômes et s’engage en faveur de l’enseignement postsecondaire et de l’établissement de relations avec la communauté. En plus d’être un visage externe de Mount Royal University, Strom est membre d’office du conseil des gouverneurs et [&hellip;]
