{"id":3915,"date":"2021-04-27T19:41:17","date_gmt":"2021-04-27T19:41:17","guid":{"rendered":"https:\/\/ccli.ubc.ca\/team-member\/christie-stephenson-2\/"},"modified":"2026-06-25T16:50:06","modified_gmt":"2026-06-25T16:50:06","slug":"christie-stephenson","status":"publish","type":"team-member","link":"https:\/\/ccli.ubc.ca\/fr\/team-member\/christie-stephenson\/","title":{"rendered":"Christie Stephenson"},"content":{"rendered":"\n<p class=\"wp-block-paragraph\">Christie Stephenson est la directrice ex\u00e9cutive du Peter P. Dhillon Centre for Business Ethics \u00e0 UBC Sauder School of Business. Avant de rejoindre UBC Sauder en 2016, Christie a pass\u00e9 plus de 15 ans \u00e0 travailler dans des firmes d\u2019investissement socialement responsable et \u00e0 impact, notamment Sustainalytics (ensuite Jantzi Research Associates), NEI Investments (Ethical Funds) et Purpose Capital (maintenant Rally Assets).<\/p>\n\n\n\n<p class=\"wp-block-paragraph\">Christie a \u00e9galement plus de deux d\u00e9cennies d\u2019exp\u00e9rience en conseil d\u2019administration ayant si\u00e9g\u00e9 comme directrice de coop\u00e9ratives, organisations \u00e0 but non lucratif et entreprises priv\u00e9es. Elle est actuellement directrice de l\u2019union cr\u00e9dit de Vancity o\u00f9 elle pr\u00e9side le comit\u00e9 de gouvernance et si\u00e8ge sur le comit\u00e9 d\u2019audit. Elle si\u00e8ge aussi sur le conseil d\u2019administration de m\u00eame que sur le comit\u00e9 environnemental, social et de gouvernance de l&rsquo;University of British Columbia Staff Pension Plan et elle si\u00e8ge sur le conseil d&rsquo;administration et les comit\u00e9s gouvernane et risques de Central 1, une des institutions financi\u00e8res canadiennes d&rsquo;importnace syst\u00e9mique au Canada.<\/p>\n\n\n\n<p class=\"wp-block-paragraph\">Elle donne fr\u00e9quemment des conf\u00e9rences \u00e0 des audiences de l\u2019industrie et acad\u00e9mique et commente r\u00e9guli\u00e8rement dans les m\u00e9dias sur des sujets reli\u00e9s aux entreprises responsables et l\u2019investissement.<\/p>\n","protected":false},"featured_media":10180,"menu_order":0,"template":"","meta":{"_acf_changed":false,"footnotes":""},"location":[95],"team_category":[101],"team_group":[97],"class_list":["post-3915","team-member","type-team-member","status-publish","has-post-thumbnail","hentry","location-colombie-britannique","team_category-investissement-responsable","team_group-experts-en-gouvernance-climatique"],"acf":[],"yoast_head":"<!-- This site is optimized with the Yoast SEO plugin v28.2 - https:\/\/yoast.com\/product\/yoast-seo-wordpress\/ -->\n<title>Christie Stephenson - L&#039;Initiative canadienne de droit climatique<\/title>\n<meta name=\"robots\" content=\"index, follow, max-snippet:-1, max-image-preview:large, max-video-preview:-1\" \/>\n<link rel=\"canonical\" href=\"https:\/\/ccli.ubc.ca\/team-member\/christie-stephenson\/\" \/>\n<meta property=\"og:locale\" content=\"fr_FR\" \/>\n<meta property=\"og:type\" content=\"article\" \/>\n<meta property=\"og:title\" content=\"Christie Stephenson - L&#039;Initiative canadienne de droit climatique\" \/>\n<meta property=\"og:description\" content=\"Christie Stephenson est la directrice ex\u00e9cutive du Peter P. Dhillon Centre for Business Ethics \u00e0 UBC Sauder School of Business. Avant de rejoindre UBC Sauder en 2016, Christie a pass\u00e9 plus de 15 ans \u00e0 travailler dans des firmes d\u2019investissement socialement responsable et \u00e0 impact, notamment Sustainalytics (ensuite Jantzi Research Associates), NEI Investments (Ethical Funds) [&hellip;]\" \/>\n<meta property=\"og:url\" content=\"https:\/\/ccli.ubc.ca\/team-member\/christie-stephenson\/\" \/>\n<meta property=\"og:site_name\" content=\"L&#039;Initiative canadienne de droit climatique\" \/>\n<meta property=\"article:modified_time\" content=\"2026-06-25T16:50:06+00:00\" \/>\n<meta property=\"og:image\" content=\"https:\/\/ccli.ubc.ca\/wp-content\/uploads\/2021\/04\/Stephenson_2026.jpg\" \/>\n\t<meta property=\"og:image:width\" content=\"800\" \/>\n\t<meta property=\"og:image:height\" content=\"800\" \/>\n\t<meta property=\"og:image:type\" content=\"image\/jpeg\" \/>\n<meta name=\"twitter:card\" content=\"summary_large_image\" \/>\n<meta name=\"twitter:label1\" content=\"Dur\u00e9e de lecture estim\u00e9e\" \/>\n\t<meta name=\"twitter:data1\" content=\"1 minute\" \/>\n<script type=\"application\/ld+json\" class=\"yoast-schema-graph\">{\"@context\":\"https:\\\/\\\/schema.org\",\"@graph\":[{\"@type\":\"WebPage\",\"@id\":\"https:\\\/\\\/ccli.ubc.ca\\\/team-member\\\/christie-stephenson\\\/\",\"url\":\"https:\\\/\\\/ccli.ubc.ca\\\/team-member\\\/christie-stephenson\\\/\",\"name\":\"Christie Stephenson - L'Initiative canadienne de droit climatique\",\"isPartOf\":{\"@id\":\"https:\\\/\\\/ccli.ubc.ca\\\/fr\\\/#website\"},\"primaryImageOfPage\":{\"@id\":\"https:\\\/\\\/ccli.ubc.ca\\\/team-member\\\/christie-stephenson\\\/#primaryimage\"},\"image\":{\"@id\":\"https:\\\/\\\/ccli.ubc.ca\\\/team-member\\\/christie-stephenson\\\/#primaryimage\"},\"thumbnailUrl\":\"https:\\\/\\\/ccli.ubc.ca\\\/wp-content\\\/uploads\\\/2021\\\/04\\\/Stephenson_2026-e1784243077820.jpg\",\"datePublished\":\"2021-04-27T19:41:17+00:00\",\"dateModified\":\"2026-06-25T16:50:06+00:00\",\"breadcrumb\":{\"@id\":\"https:\\\/\\\/ccli.ubc.ca\\\/team-member\\\/christie-stephenson\\\/#breadcrumb\"},\"inLanguage\":\"fr-FR\",\"potentialAction\":[{\"@type\":\"ReadAction\",\"target\":[\"https:\\\/\\\/ccli.ubc.ca\\\/team-member\\\/christie-stephenson\\\/\"]}]},{\"@type\":\"ImageObject\",\"inLanguage\":\"fr-FR\",\"@id\":\"https:\\\/\\\/ccli.ubc.ca\\\/team-member\\\/christie-stephenson\\\/#primaryimage\",\"url\":\"https:\\\/\\\/ccli.ubc.ca\\\/wp-content\\\/uploads\\\/2021\\\/04\\\/Stephenson_2026-e1784243077820.jpg\",\"contentUrl\":\"https:\\\/\\\/ccli.ubc.ca\\\/wp-content\\\/uploads\\\/2021\\\/04\\\/Stephenson_2026-e1784243077820.jpg\",\"width\":800,\"height\":800},{\"@type\":\"BreadcrumbList\",\"@id\":\"https:\\\/\\\/ccli.ubc.ca\\\/team-member\\\/christie-stephenson\\\/#breadcrumb\",\"itemListElement\":[{\"@type\":\"ListItem\",\"position\":1,\"name\":\"Home\",\"item\":\"https:\\\/\\\/ccli.ubc.ca\\\/fr\\\/\"},{\"@type\":\"ListItem\",\"position\":2,\"name\":\"Christie Stephenson\"}]},{\"@type\":\"WebSite\",\"@id\":\"https:\\\/\\\/ccli.ubc.ca\\\/fr\\\/#website\",\"url\":\"https:\\\/\\\/ccli.ubc.ca\\\/fr\\\/\",\"name\":\"Canada Climate Law Initiative\",\"description\":\"\",\"publisher\":{\"@id\":\"https:\\\/\\\/ccli.ubc.ca\\\/fr\\\/#organization\"},\"potentialAction\":[{\"@type\":\"SearchAction\",\"target\":{\"@type\":\"EntryPoint\",\"urlTemplate\":\"https:\\\/\\\/ccli.ubc.ca\\\/fr\\\/?s={search_term_string}\"},\"query-input\":{\"@type\":\"PropertyValueSpecification\",\"valueRequired\":true,\"valueName\":\"search_term_string\"}}],\"inLanguage\":\"fr-FR\"},{\"@type\":\"Organization\",\"@id\":\"https:\\\/\\\/ccli.ubc.ca\\\/fr\\\/#organization\",\"name\":\"L'Initiative canadienne de droit climatique\",\"url\":\"https:\\\/\\\/ccli.ubc.ca\\\/fr\\\/\",\"logo\":{\"@type\":\"ImageObject\",\"inLanguage\":\"fr-FR\",\"@id\":\"https:\\\/\\\/ccli.ubc.ca\\\/fr\\\/#\\\/schema\\\/logo\\\/image\\\/\",\"url\":\"https:\\\/\\\/ccli.ubc.ca\\\/wp-content\\\/uploads\\\/2026\\\/07\\\/CCLI-EngFr-Green.svg\",\"contentUrl\":\"https:\\\/\\\/ccli.ubc.ca\\\/wp-content\\\/uploads\\\/2026\\\/07\\\/CCLI-EngFr-Green.svg\",\"width\":575,\"height\":241,\"caption\":\"L'Initiative canadienne de droit climatique\"},\"image\":{\"@id\":\"https:\\\/\\\/ccli.ubc.ca\\\/fr\\\/#\\\/schema\\\/logo\\\/image\\\/\"},\"sameAs\":[\"https:\\\/\\\/www.youtube.com\\\/channel\\\/UCVoB3ypQTE42_Y8r_eMk1tg\\\/featured\",\"https:\\\/\\\/www.linkedin.com\\\/company\\\/canada-climate-law-initiative\\\/\"]}]}<\/script>\n<!-- \/ Yoast SEO plugin. -->","yoast_head_json":{"title":"Christie Stephenson - L'Initiative canadienne de droit climatique","robots":{"index":"index","follow":"follow","max-snippet":"max-snippet:-1","max-image-preview":"max-image-preview:large","max-video-preview":"max-video-preview:-1"},"canonical":"https:\/\/ccli.ubc.ca\/team-member\/christie-stephenson\/","og_locale":"fr_FR","og_type":"article","og_title":"Christie Stephenson - L'Initiative canadienne de droit climatique","og_description":"Christie Stephenson est la directrice ex\u00e9cutive du Peter P. Dhillon Centre for Business Ethics \u00e0 UBC Sauder School of Business. Avant de rejoindre UBC Sauder en 2016, Christie a pass\u00e9 plus de 15 ans \u00e0 travailler dans des firmes d\u2019investissement socialement responsable et \u00e0 impact, notamment Sustainalytics (ensuite Jantzi Research Associates), NEI Investments (Ethical Funds) [&hellip;]","og_url":"https:\/\/ccli.ubc.ca\/team-member\/christie-stephenson\/","og_site_name":"L'Initiative canadienne de droit climatique","article_modified_time":"2026-06-25T16:50:06+00:00","og_image":[{"width":800,"height":800,"url":"https:\/\/ccli.ubc.ca\/wp-content\/uploads\/2021\/04\/Stephenson_2026.jpg","type":"image\/jpeg"}],"twitter_card":"summary_large_image","twitter_misc":{"Dur\u00e9e de lecture estim\u00e9e":"1 minute"},"schema":{"@context":"https:\/\/schema.org","@graph":[{"@type":"WebPage","@id":"https:\/\/ccli.ubc.ca\/team-member\/christie-stephenson\/","url":"https:\/\/ccli.ubc.ca\/team-member\/christie-stephenson\/","name":"Christie Stephenson - L'Initiative canadienne de droit climatique","isPartOf":{"@id":"https:\/\/ccli.ubc.ca\/fr\/#website"},"primaryImageOfPage":{"@id":"https:\/\/ccli.ubc.ca\/team-member\/christie-stephenson\/#primaryimage"},"image":{"@id":"https:\/\/ccli.ubc.ca\/team-member\/christie-stephenson\/#primaryimage"},"thumbnailUrl":"https:\/\/ccli.ubc.ca\/wp-content\/uploads\/2021\/04\/Stephenson_2026-e1784243077820.jpg","datePublished":"2021-04-27T19:41:17+00:00","dateModified":"2026-06-25T16:50:06+00:00","breadcrumb":{"@id":"https:\/\/ccli.ubc.ca\/team-member\/christie-stephenson\/#breadcrumb"},"inLanguage":"fr-FR","potentialAction":[{"@type":"ReadAction","target":["https:\/\/ccli.ubc.ca\/team-member\/christie-stephenson\/"]}]},{"@type":"ImageObject","inLanguage":"fr-FR","@id":"https:\/\/ccli.ubc.ca\/team-member\/christie-stephenson\/#primaryimage","url":"https:\/\/ccli.ubc.ca\/wp-content\/uploads\/2021\/04\/Stephenson_2026-e1784243077820.jpg","contentUrl":"https:\/\/ccli.ubc.ca\/wp-content\/uploads\/2021\/04\/Stephenson_2026-e1784243077820.jpg","width":800,"height":800},{"@type":"BreadcrumbList","@id":"https:\/\/ccli.ubc.ca\/team-member\/christie-stephenson\/#breadcrumb","itemListElement":[{"@type":"ListItem","position":1,"name":"Home","item":"https:\/\/ccli.ubc.ca\/fr\/"},{"@type":"ListItem","position":2,"name":"Christie Stephenson"}]},{"@type":"WebSite","@id":"https:\/\/ccli.ubc.ca\/fr\/#website","url":"https:\/\/ccli.ubc.ca\/fr\/","name":"Canada Climate Law Initiative","description":"","publisher":{"@id":"https:\/\/ccli.ubc.ca\/fr\/#organization"},"potentialAction":[{"@type":"SearchAction","target":{"@type":"EntryPoint","urlTemplate":"https:\/\/ccli.ubc.ca\/fr\/?s={search_term_string}"},"query-input":{"@type":"PropertyValueSpecification","valueRequired":true,"valueName":"search_term_string"}}],"inLanguage":"fr-FR"},{"@type":"Organization","@id":"https:\/\/ccli.ubc.ca\/fr\/#organization","name":"L'Initiative canadienne de droit climatique","url":"https:\/\/ccli.ubc.ca\/fr\/","logo":{"@type":"ImageObject","inLanguage":"fr-FR","@id":"https:\/\/ccli.ubc.ca\/fr\/#\/schema\/logo\/image\/","url":"https:\/\/ccli.ubc.ca\/wp-content\/uploads\/2026\/07\/CCLI-EngFr-Green.svg","contentUrl":"https:\/\/ccli.ubc.ca\/wp-content\/uploads\/2026\/07\/CCLI-EngFr-Green.svg","width":575,"height":241,"caption":"L'Initiative canadienne de droit climatique"},"image":{"@id":"https:\/\/ccli.ubc.ca\/fr\/#\/schema\/logo\/image\/"},"sameAs":["https:\/\/www.youtube.com\/channel\/UCVoB3ypQTE42_Y8r_eMk1tg\/featured","https:\/\/www.linkedin.com\/company\/canada-climate-law-initiative\/"]}]}},"_links":{"self":[{"href":"https:\/\/ccli.ubc.ca\/fr\/wp-json\/wp\/v2\/team-member\/3915","targetHints":{"allow":["GET"]}}],"collection":[{"href":"https:\/\/ccli.ubc.ca\/fr\/wp-json\/wp\/v2\/team-member"}],"about":[{"href":"https:\/\/ccli.ubc.ca\/fr\/wp-json\/wp\/v2\/types\/team-member"}],"version-history":[{"count":1,"href":"https:\/\/ccli.ubc.ca\/fr\/wp-json\/wp\/v2\/team-member\/3915\/revisions"}],"predecessor-version":[{"id":4035,"href":"https:\/\/ccli.ubc.ca\/fr\/wp-json\/wp\/v2\/team-member\/3915\/revisions\/4035"}],"wp:featuredmedia":[{"embeddable":true,"href":"https:\/\/ccli.ubc.ca\/fr\/wp-json\/wp\/v2\/media\/10180"}],"wp:attachment":[{"href":"https:\/\/ccli.ubc.ca\/fr\/wp-json\/wp\/v2\/media?parent=3915"}],"wp:term":[{"taxonomy":"location","embeddable":true,"href":"https:\/\/ccli.ubc.ca\/fr\/wp-json\/wp\/v2\/location?post=3915"},{"taxonomy":"team_category","embeddable":true,"href":"https:\/\/ccli.ubc.ca\/fr\/wp-json\/wp\/v2\/team_category?post=3915"},{"taxonomy":"team_group","embeddable":true,"href":"https:\/\/ccli.ubc.ca\/fr\/wp-json\/wp\/v2\/team_group?post=3915"}],"curies":[{"name":"wp","href":"https:\/\/api.w.org\/{rel}","templated":true}]}}

<p class="wp-block-paragraph">Christie Stephenson est la directrice exécutive du Peter P. Dhillon Centre for Business Ethics à UBC Sauder School of Business. Avant de rejoindre UBC Sauder en 2016, Christie a passé plus de 15 ans à travailler dans des firmes d’investissement socialement responsable et à impact, notamment Sustainalytics (ensuite Jantzi Research Associates), NEI Investments (Ethical Funds) et Purpose Capital (maintenant Rally Assets).</p>



<p class="wp-block-paragraph">Christie a également plus de deux décennies d’expérience en conseil d’administration ayant siégé comme directrice de coopératives, organisations à but non lucratif et entreprises privées. Elle est actuellement directrice de l’union crédit de Vancity où elle préside le comité de gouvernance et siège sur le comité d’audit. Elle siège aussi sur le conseil d’administration de même que sur le comité environnemental, social et de gouvernance de l&rsquo;University of British Columbia Staff Pension Plan et elle siège sur le conseil d&rsquo;administration et les comités gouvernane et risques de Central 1, une des institutions financières canadiennes d&rsquo;importnace systémique au Canada.</p>



<p class="wp-block-paragraph">Elle donne fréquemment des conférences à des audiences de l’industrie et académique et commente régulièrement dans les médias sur des sujets reliés aux entreprises responsables et l’investissement.</p>

<!-- This site is optimized with the Yoast SEO plugin v28.2 - https://yoast.com/product/yoast-seo-wordpress/ -->
<title>Christie Stephenson - L&#039;Initiative canadienne de droit climatique</title>
<meta name="robots" content="index, follow, max-snippet:-1, max-image-preview:large, max-video-preview:-1" />
<link rel="canonical" href="https://ccli.ubc.ca/team-member/christie-stephenson/" />
<meta property="og:locale" content="fr_FR" />
<meta property="og:type" content="article" />
<meta property="og:title" content="Christie Stephenson - L&#039;Initiative canadienne de droit climatique" />
<meta property="og:description" content="Christie Stephenson est la directrice exécutive du Peter P. Dhillon Centre for Business Ethics à UBC Sauder School of Business. Avant de rejoindre UBC Sauder en 2016, Christie a passé plus de 15 ans à travailler dans des firmes d’investissement socialement responsable et à impact, notamment Sustainalytics (ensuite Jantzi Research Associates), NEI Investments (Ethical Funds) [&hellip;]" />
<meta property="og:url" content="https://ccli.ubc.ca/team-member/christie-stephenson/" />
<meta property="og:site_name" content="L&#039;Initiative canadienne de droit climatique" />
<meta property="article:modified_time" content="2026-06-25T16:50:06+00:00" />
<meta property="og:image" content="https://ccli.ubc.ca/wp-content/uploads/2021/04/Stephenson_2026.jpg" />
	<meta property="og:image:width" content="800" />
	<meta property="og:image:height" content="800" />
	<meta property="og:image:type" content="image/jpeg" />
<meta name="twitter:card" content="summary_large_image" />
<meta name="twitter:label1" content="Durée de lecture estimée" />
	<meta name="twitter:data1" content="1 minute" />
<script type="application/ld+json" class="yoast-schema-graph">{"@context":"https:\/\/schema.org","@graph":[{"@type":"WebPage","@id":"https:\/\/ccli.ubc.ca\/team-member\/christie-stephenson\/","url":"https:\/\/ccli.ubc.ca\/team-member\/christie-stephenson\/","name":"Christie Stephenson - L'Initiative canadienne de droit climatique","isPartOf":{"@id":"https:\/\/ccli.ubc.ca\/fr\/#website"},"primaryImageOfPage":{"@id":"https:\/\/ccli.ubc.ca\/team-member\/christie-stephenson\/#primaryimage"},"image":{"@id":"https:\/\/ccli.ubc.ca\/team-member\/christie-stephenson\/#primaryimage"},"thumbnailUrl":"https:\/\/ccli.ubc.ca\/wp-content\/uploads\/2021\/04\/Stephenson_2026-e1784243077820.jpg","datePublished":"2021-04-27T19:41:17+00:00","dateModified":"2026-06-25T16:50:06+00:00","breadcrumb":{"@id":"https:\/\/ccli.ubc.ca\/team-member\/christie-stephenson\/#breadcrumb"},"inLanguage":"fr-FR","potentialAction":[{"@type":"ReadAction","target":["https:\/\/ccli.ubc.ca\/team-member\/christie-stephenson\/"]}]},{"@type":"ImageObject","inLanguage":"fr-FR","@id":"https:\/\/ccli.ubc.ca\/team-member\/christie-stephenson\/#primaryimage","url":"https:\/\/ccli.ubc.ca\/wp-content\/uploads\/2021\/04\/Stephenson_2026-e1784243077820.jpg","contentUrl":"https:\/\/ccli.ubc.ca\/wp-content\/uploads\/2021\/04\/Stephenson_2026-e1784243077820.jpg","width":800,"height":800},{"@type":"BreadcrumbList","@id":"https:\/\/ccli.ubc.ca\/team-member\/christie-stephenson\/#breadcrumb","itemListElement":[{"@type":"ListItem","position":1,"name":"Home","item":"https:\/\/ccli.ubc.ca\/fr\/"},{"@type":"ListItem","position":2,"name":"Christie Stephenson"}]},{"@type":"WebSite","@id":"https:\/\/ccli.ubc.ca\/fr\/#website","url":"https:\/\/ccli.ubc.ca\/fr\/","name":"Canada Climate Law Initiative","description":"","publisher":{"@id":"https:\/\/ccli.ubc.ca\/fr\/#organization"},"potentialAction":[{"@type":"SearchAction","target":{"@type":"EntryPoint","urlTemplate":"https:\/\/ccli.ubc.ca\/fr\/?s={search_term_string}"},"query-input":{"@type":"PropertyValueSpecification","valueRequired":true,"valueName":"search_term_string"}}],"inLanguage":"fr-FR"},{"@type":"Organization","@id":"https:\/\/ccli.ubc.ca\/fr\/#organization","name":"L'Initiative canadienne de droit climatique","url":"https:\/\/ccli.ubc.ca\/fr\/","logo":{"@type":"ImageObject","inLanguage":"fr-FR","@id":"https:\/\/ccli.ubc.ca\/fr\/#\/schema\/logo\/image\/","url":"https:\/\/ccli.ubc.ca\/wp-content\/uploads\/2026\/07\/CCLI-EngFr-Green.svg","contentUrl":"https:\/\/ccli.ubc.ca\/wp-content\/uploads\/2026\/07\/CCLI-EngFr-Green.svg","width":575,"height":241,"caption":"L'Initiative canadienne de droit climatique"},"image":{"@id":"https:\/\/ccli.ubc.ca\/fr\/#\/schema\/logo\/image\/"},"sameAs":["https:\/\/www.youtube.com\/channel\/UCVoB3ypQTE42_Y8r_eMk1tg\/featured","https:\/\/www.linkedin.com\/company\/canada-climate-law-initiative\/"]}]}</script>
<!-- / Yoast SEO plugin. -->

Christie Stephenson est la directrice exécutive du Peter P. Dhillon Centre for Business Ethics à UBC Sauder School of Business. Avant de rejoindre UBC Sauder en 2016, Christie a passé plus de 15 ans à travailler dans des firmes d’investissement socialement responsable et à impact, notamment Sustainalytics (ensuite Jantzi Research Associates), NEI Investments (Ethical Funds) [&hellip;]
