{"id":3916,"date":"2021-04-27T19:15:52","date_gmt":"2021-04-27T19:15:52","guid":{"rendered":"https:\/\/ccli.ubc.ca\/team-member\/peter-spiro-2\/"},"modified":"2026-06-25T16:50:06","modified_gmt":"2026-06-25T16:50:06","slug":"peter-spiro","status":"publish","type":"team-member","link":"https:\/\/ccli.ubc.ca\/fr\/team-member\/peter-spiro\/","title":{"rendered":"Peter Spiro"},"content":{"rendered":"\n<p class=\"wp-block-paragraph\">Peter Spiro est \u00e0 la fois un avocat et \u00e9conomiste avec plusieurs ann\u00e9es d\u2019exp\u00e9rience en politiques environnementales. Il est tr\u00e8s engag\u00e9 face aux enjeux de durabilit\u00e9 environnementale. Son travail juridique actuel se concentre sur les recours collectifs et il est l\u2019avocat de Monkhouse Law \u00e0 ce sujet. Il poursuit des recherches sur les fa\u00e7ons pour augmenter l\u2019efficacit\u00e9 des recours collectifs comme outil \u00e0 utiliser contre les d\u00e9lits environnementaux.<\/p>\n\n\n\n<p class=\"wp-block-paragraph\">Peter a auparavant dirig\u00e9 un groupe responsable de l\u2019analyse des impacts \u00e9conomiques des changements climatiques au Minist\u00e8re des Finances de l\u2019Ontario. Il a continu\u00e9 de travailler sur cet enjeu avec des projets de recherches au Mowat Centre du Munk School, Toronto University. Il a aussi fait des recherches approfondies sur les impacts \u00e9conomiques de politiques fiscales alternatives. Il a fr\u00e9quemment \u00e9t\u00e9 cit\u00e9 pour son analyse sur l\u2019\u00e9vasion fiscale et l\u2019\u00e9conomie clandestine. Un article qu\u2019il a co\u00e9crit sur les politiques fiscales a gagn\u00e9 le prix du meilleur article r\u00e9alis\u00e9 par la Fondation canadienne de fiscalit\u00e9 en 2015.<\/p>\n\n\n\n<p class=\"wp-block-paragraph\">Il d\u00e9tient des dipl\u00f4mes d\u2019\u00e9tudes sup\u00e9rieures en \u00e9conomie de l\u2019University of Toronto et de l\u2019University of Chicago et un JD de l\u2019Osgoode Hall Law School.<\/p>\n","protected":false},"featured_media":10179,"menu_order":0,"template":"","meta":{"_acf_changed":false,"footnotes":""},"location":[172],"team_category":[91],"team_group":[97],"class_list":["post-3916","team-member","type-team-member","status-publish","has-post-thumbnail","hentry","location-ontario","team_category-droit-et-gouvernance","team_group-experts-en-gouvernance-climatique"],"acf":[],"yoast_head":"<!-- This site is optimized with the Yoast SEO plugin v28.2 - https:\/\/yoast.com\/product\/yoast-seo-wordpress\/ -->\n<title>Peter Spiro - L&#039;Initiative canadienne de droit climatique<\/title>\n<meta name=\"robots\" content=\"index, follow, max-snippet:-1, max-image-preview:large, max-video-preview:-1\" \/>\n<link rel=\"canonical\" href=\"https:\/\/ccli.ubc.ca\/team-member\/peter-spiro\/\" \/>\n<meta property=\"og:locale\" content=\"fr_FR\" \/>\n<meta property=\"og:type\" content=\"article\" \/>\n<meta property=\"og:title\" content=\"Peter Spiro - L&#039;Initiative canadienne de droit climatique\" \/>\n<meta property=\"og:description\" content=\"Peter Spiro est \u00e0 la fois un avocat et \u00e9conomiste avec plusieurs ann\u00e9es d\u2019exp\u00e9rience en politiques environnementales. Il est tr\u00e8s engag\u00e9 face aux enjeux de durabilit\u00e9 environnementale. Son travail juridique actuel se concentre sur les recours collectifs et il est l\u2019avocat de Monkhouse Law \u00e0 ce sujet. Il poursuit des recherches sur les fa\u00e7ons pour [&hellip;]\" \/>\n<meta property=\"og:url\" content=\"https:\/\/ccli.ubc.ca\/team-member\/peter-spiro\/\" \/>\n<meta property=\"og:site_name\" content=\"L&#039;Initiative canadienne de droit climatique\" \/>\n<meta property=\"article:modified_time\" content=\"2026-06-25T16:50:06+00:00\" \/>\n<meta property=\"og:image\" content=\"https:\/\/ccli.ubc.ca\/wp-content\/uploads\/2021\/04\/Spiro.jpg\" \/>\n\t<meta property=\"og:image:width\" content=\"369\" \/>\n\t<meta property=\"og:image:height\" content=\"369\" \/>\n\t<meta property=\"og:image:type\" content=\"image\/jpeg\" \/>\n<meta name=\"twitter:card\" content=\"summary_large_image\" \/>\n<meta name=\"twitter:label1\" content=\"Dur\u00e9e de lecture estim\u00e9e\" \/>\n\t<meta name=\"twitter:data1\" content=\"1 minute\" \/>\n<script type=\"application\/ld+json\" class=\"yoast-schema-graph\">{\"@context\":\"https:\\\/\\\/schema.org\",\"@graph\":[{\"@type\":\"WebPage\",\"@id\":\"https:\\\/\\\/ccli.ubc.ca\\\/team-member\\\/peter-spiro\\\/\",\"url\":\"https:\\\/\\\/ccli.ubc.ca\\\/team-member\\\/peter-spiro\\\/\",\"name\":\"Peter Spiro - L'Initiative canadienne de droit climatique\",\"isPartOf\":{\"@id\":\"https:\\\/\\\/ccli.ubc.ca\\\/fr\\\/#website\"},\"primaryImageOfPage\":{\"@id\":\"https:\\\/\\\/ccli.ubc.ca\\\/team-member\\\/peter-spiro\\\/#primaryimage\"},\"image\":{\"@id\":\"https:\\\/\\\/ccli.ubc.ca\\\/team-member\\\/peter-spiro\\\/#primaryimage\"},\"thumbnailUrl\":\"https:\\\/\\\/ccli.ubc.ca\\\/wp-content\\\/uploads\\\/2021\\\/04\\\/Spiro.jpg\",\"datePublished\":\"2021-04-27T19:15:52+00:00\",\"dateModified\":\"2026-06-25T16:50:06+00:00\",\"breadcrumb\":{\"@id\":\"https:\\\/\\\/ccli.ubc.ca\\\/team-member\\\/peter-spiro\\\/#breadcrumb\"},\"inLanguage\":\"fr-FR\",\"potentialAction\":[{\"@type\":\"ReadAction\",\"target\":[\"https:\\\/\\\/ccli.ubc.ca\\\/team-member\\\/peter-spiro\\\/\"]}]},{\"@type\":\"ImageObject\",\"inLanguage\":\"fr-FR\",\"@id\":\"https:\\\/\\\/ccli.ubc.ca\\\/team-member\\\/peter-spiro\\\/#primaryimage\",\"url\":\"https:\\\/\\\/ccli.ubc.ca\\\/wp-content\\\/uploads\\\/2021\\\/04\\\/Spiro.jpg\",\"contentUrl\":\"https:\\\/\\\/ccli.ubc.ca\\\/wp-content\\\/uploads\\\/2021\\\/04\\\/Spiro.jpg\",\"width\":369,\"height\":369},{\"@type\":\"BreadcrumbList\",\"@id\":\"https:\\\/\\\/ccli.ubc.ca\\\/team-member\\\/peter-spiro\\\/#breadcrumb\",\"itemListElement\":[{\"@type\":\"ListItem\",\"position\":1,\"name\":\"Home\",\"item\":\"https:\\\/\\\/ccli.ubc.ca\\\/fr\\\/\"},{\"@type\":\"ListItem\",\"position\":2,\"name\":\"Peter Spiro\"}]},{\"@type\":\"WebSite\",\"@id\":\"https:\\\/\\\/ccli.ubc.ca\\\/fr\\\/#website\",\"url\":\"https:\\\/\\\/ccli.ubc.ca\\\/fr\\\/\",\"name\":\"Canada Climate Law Initiative\",\"description\":\"\",\"publisher\":{\"@id\":\"https:\\\/\\\/ccli.ubc.ca\\\/fr\\\/#organization\"},\"potentialAction\":[{\"@type\":\"SearchAction\",\"target\":{\"@type\":\"EntryPoint\",\"urlTemplate\":\"https:\\\/\\\/ccli.ubc.ca\\\/fr\\\/?s={search_term_string}\"},\"query-input\":{\"@type\":\"PropertyValueSpecification\",\"valueRequired\":true,\"valueName\":\"search_term_string\"}}],\"inLanguage\":\"fr-FR\"},{\"@type\":\"Organization\",\"@id\":\"https:\\\/\\\/ccli.ubc.ca\\\/fr\\\/#organization\",\"name\":\"L'Initiative canadienne de droit climatique\",\"url\":\"https:\\\/\\\/ccli.ubc.ca\\\/fr\\\/\",\"logo\":{\"@type\":\"ImageObject\",\"inLanguage\":\"fr-FR\",\"@id\":\"https:\\\/\\\/ccli.ubc.ca\\\/fr\\\/#\\\/schema\\\/logo\\\/image\\\/\",\"url\":\"https:\\\/\\\/ccli.ubc.ca\\\/wp-content\\\/uploads\\\/2026\\\/07\\\/CCLI-EngFr-Green.svg\",\"contentUrl\":\"https:\\\/\\\/ccli.ubc.ca\\\/wp-content\\\/uploads\\\/2026\\\/07\\\/CCLI-EngFr-Green.svg\",\"width\":575,\"height\":241,\"caption\":\"L'Initiative canadienne de droit climatique\"},\"image\":{\"@id\":\"https:\\\/\\\/ccli.ubc.ca\\\/fr\\\/#\\\/schema\\\/logo\\\/image\\\/\"},\"sameAs\":[\"https:\\\/\\\/www.youtube.com\\\/channel\\\/UCVoB3ypQTE42_Y8r_eMk1tg\\\/featured\",\"https:\\\/\\\/www.linkedin.com\\\/company\\\/canada-climate-law-initiative\\\/\"]}]}<\/script>\n<!-- \/ Yoast SEO plugin. -->","yoast_head_json":{"title":"Peter Spiro - L'Initiative canadienne de droit climatique","robots":{"index":"index","follow":"follow","max-snippet":"max-snippet:-1","max-image-preview":"max-image-preview:large","max-video-preview":"max-video-preview:-1"},"canonical":"https:\/\/ccli.ubc.ca\/team-member\/peter-spiro\/","og_locale":"fr_FR","og_type":"article","og_title":"Peter Spiro - L'Initiative canadienne de droit climatique","og_description":"Peter Spiro est \u00e0 la fois un avocat et \u00e9conomiste avec plusieurs ann\u00e9es d\u2019exp\u00e9rience en politiques environnementales. Il est tr\u00e8s engag\u00e9 face aux enjeux de durabilit\u00e9 environnementale. Son travail juridique actuel se concentre sur les recours collectifs et il est l\u2019avocat de Monkhouse Law \u00e0 ce sujet. Il poursuit des recherches sur les fa\u00e7ons pour [&hellip;]","og_url":"https:\/\/ccli.ubc.ca\/team-member\/peter-spiro\/","og_site_name":"L'Initiative canadienne de droit climatique","article_modified_time":"2026-06-25T16:50:06+00:00","og_image":[{"width":369,"height":369,"url":"https:\/\/ccli.ubc.ca\/wp-content\/uploads\/2021\/04\/Spiro.jpg","type":"image\/jpeg"}],"twitter_card":"summary_large_image","twitter_misc":{"Dur\u00e9e de lecture estim\u00e9e":"1 minute"},"schema":{"@context":"https:\/\/schema.org","@graph":[{"@type":"WebPage","@id":"https:\/\/ccli.ubc.ca\/team-member\/peter-spiro\/","url":"https:\/\/ccli.ubc.ca\/team-member\/peter-spiro\/","name":"Peter Spiro - L'Initiative canadienne de droit climatique","isPartOf":{"@id":"https:\/\/ccli.ubc.ca\/fr\/#website"},"primaryImageOfPage":{"@id":"https:\/\/ccli.ubc.ca\/team-member\/peter-spiro\/#primaryimage"},"image":{"@id":"https:\/\/ccli.ubc.ca\/team-member\/peter-spiro\/#primaryimage"},"thumbnailUrl":"https:\/\/ccli.ubc.ca\/wp-content\/uploads\/2021\/04\/Spiro.jpg","datePublished":"2021-04-27T19:15:52+00:00","dateModified":"2026-06-25T16:50:06+00:00","breadcrumb":{"@id":"https:\/\/ccli.ubc.ca\/team-member\/peter-spiro\/#breadcrumb"},"inLanguage":"fr-FR","potentialAction":[{"@type":"ReadAction","target":["https:\/\/ccli.ubc.ca\/team-member\/peter-spiro\/"]}]},{"@type":"ImageObject","inLanguage":"fr-FR","@id":"https:\/\/ccli.ubc.ca\/team-member\/peter-spiro\/#primaryimage","url":"https:\/\/ccli.ubc.ca\/wp-content\/uploads\/2021\/04\/Spiro.jpg","contentUrl":"https:\/\/ccli.ubc.ca\/wp-content\/uploads\/2021\/04\/Spiro.jpg","width":369,"height":369},{"@type":"BreadcrumbList","@id":"https:\/\/ccli.ubc.ca\/team-member\/peter-spiro\/#breadcrumb","itemListElement":[{"@type":"ListItem","position":1,"name":"Home","item":"https:\/\/ccli.ubc.ca\/fr\/"},{"@type":"ListItem","position":2,"name":"Peter Spiro"}]},{"@type":"WebSite","@id":"https:\/\/ccli.ubc.ca\/fr\/#website","url":"https:\/\/ccli.ubc.ca\/fr\/","name":"Canada Climate Law Initiative","description":"","publisher":{"@id":"https:\/\/ccli.ubc.ca\/fr\/#organization"},"potentialAction":[{"@type":"SearchAction","target":{"@type":"EntryPoint","urlTemplate":"https:\/\/ccli.ubc.ca\/fr\/?s={search_term_string}"},"query-input":{"@type":"PropertyValueSpecification","valueRequired":true,"valueName":"search_term_string"}}],"inLanguage":"fr-FR"},{"@type":"Organization","@id":"https:\/\/ccli.ubc.ca\/fr\/#organization","name":"L'Initiative canadienne de droit climatique","url":"https:\/\/ccli.ubc.ca\/fr\/","logo":{"@type":"ImageObject","inLanguage":"fr-FR","@id":"https:\/\/ccli.ubc.ca\/fr\/#\/schema\/logo\/image\/","url":"https:\/\/ccli.ubc.ca\/wp-content\/uploads\/2026\/07\/CCLI-EngFr-Green.svg","contentUrl":"https:\/\/ccli.ubc.ca\/wp-content\/uploads\/2026\/07\/CCLI-EngFr-Green.svg","width":575,"height":241,"caption":"L'Initiative canadienne de droit climatique"},"image":{"@id":"https:\/\/ccli.ubc.ca\/fr\/#\/schema\/logo\/image\/"},"sameAs":["https:\/\/www.youtube.com\/channel\/UCVoB3ypQTE42_Y8r_eMk1tg\/featured","https:\/\/www.linkedin.com\/company\/canada-climate-law-initiative\/"]}]}},"_links":{"self":[{"href":"https:\/\/ccli.ubc.ca\/fr\/wp-json\/wp\/v2\/team-member\/3916","targetHints":{"allow":["GET"]}}],"collection":[{"href":"https:\/\/ccli.ubc.ca\/fr\/wp-json\/wp\/v2\/team-member"}],"about":[{"href":"https:\/\/ccli.ubc.ca\/fr\/wp-json\/wp\/v2\/types\/team-member"}],"version-history":[{"count":1,"href":"https:\/\/ccli.ubc.ca\/fr\/wp-json\/wp\/v2\/team-member\/3916\/revisions"}],"predecessor-version":[{"id":4036,"href":"https:\/\/ccli.ubc.ca\/fr\/wp-json\/wp\/v2\/team-member\/3916\/revisions\/4036"}],"wp:featuredmedia":[{"embeddable":true,"href":"https:\/\/ccli.ubc.ca\/fr\/wp-json\/wp\/v2\/media\/10179"}],"wp:attachment":[{"href":"https:\/\/ccli.ubc.ca\/fr\/wp-json\/wp\/v2\/media?parent=3916"}],"wp:term":[{"taxonomy":"location","embeddable":true,"href":"https:\/\/ccli.ubc.ca\/fr\/wp-json\/wp\/v2\/location?post=3916"},{"taxonomy":"team_category","embeddable":true,"href":"https:\/\/ccli.ubc.ca\/fr\/wp-json\/wp\/v2\/team_category?post=3916"},{"taxonomy":"team_group","embeddable":true,"href":"https:\/\/ccli.ubc.ca\/fr\/wp-json\/wp\/v2\/team_group?post=3916"}],"curies":[{"name":"wp","href":"https:\/\/api.w.org\/{rel}","templated":true}]}}

<p class="wp-block-paragraph">Peter Spiro est à la fois un avocat et économiste avec plusieurs années d’expérience en politiques environnementales. Il est très engagé face aux enjeux de durabilité environnementale. Son travail juridique actuel se concentre sur les recours collectifs et il est l’avocat de Monkhouse Law à ce sujet. Il poursuit des recherches sur les façons pour augmenter l’efficacité des recours collectifs comme outil à utiliser contre les délits environnementaux.</p>



<p class="wp-block-paragraph">Peter a auparavant dirigé un groupe responsable de l’analyse des impacts économiques des changements climatiques au Ministère des Finances de l’Ontario. Il a continué de travailler sur cet enjeu avec des projets de recherches au Mowat Centre du Munk School, Toronto University. Il a aussi fait des recherches approfondies sur les impacts économiques de politiques fiscales alternatives. Il a fréquemment été cité pour son analyse sur l’évasion fiscale et l’économie clandestine. Un article qu’il a coécrit sur les politiques fiscales a gagné le prix du meilleur article réalisé par la Fondation canadienne de fiscalité en 2015.</p>



<p class="wp-block-paragraph">Il détient des diplômes d’études supérieures en économie de l’University of Toronto et de l’University of Chicago et un JD de l’Osgoode Hall Law School.</p>

<!-- This site is optimized with the Yoast SEO plugin v28.2 - https://yoast.com/product/yoast-seo-wordpress/ -->
<title>Peter Spiro - L&#039;Initiative canadienne de droit climatique</title>
<meta name="robots" content="index, follow, max-snippet:-1, max-image-preview:large, max-video-preview:-1" />
<link rel="canonical" href="https://ccli.ubc.ca/team-member/peter-spiro/" />
<meta property="og:locale" content="fr_FR" />
<meta property="og:type" content="article" />
<meta property="og:title" content="Peter Spiro - L&#039;Initiative canadienne de droit climatique" />
<meta property="og:description" content="Peter Spiro est à la fois un avocat et économiste avec plusieurs années d’expérience en politiques environnementales. Il est très engagé face aux enjeux de durabilité environnementale. Son travail juridique actuel se concentre sur les recours collectifs et il est l’avocat de Monkhouse Law à ce sujet. Il poursuit des recherches sur les façons pour [&hellip;]" />
<meta property="og:url" content="https://ccli.ubc.ca/team-member/peter-spiro/" />
<meta property="og:site_name" content="L&#039;Initiative canadienne de droit climatique" />
<meta property="article:modified_time" content="2026-06-25T16:50:06+00:00" />
<meta property="og:image" content="https://ccli.ubc.ca/wp-content/uploads/2021/04/Spiro.jpg" />
	<meta property="og:image:width" content="369" />
	<meta property="og:image:height" content="369" />
	<meta property="og:image:type" content="image/jpeg" />
<meta name="twitter:card" content="summary_large_image" />
<meta name="twitter:label1" content="Durée de lecture estimée" />
	<meta name="twitter:data1" content="1 minute" />
<script type="application/ld+json" class="yoast-schema-graph">{"@context":"https:\/\/schema.org","@graph":[{"@type":"WebPage","@id":"https:\/\/ccli.ubc.ca\/team-member\/peter-spiro\/","url":"https:\/\/ccli.ubc.ca\/team-member\/peter-spiro\/","name":"Peter Spiro - L'Initiative canadienne de droit climatique","isPartOf":{"@id":"https:\/\/ccli.ubc.ca\/fr\/#website"},"primaryImageOfPage":{"@id":"https:\/\/ccli.ubc.ca\/team-member\/peter-spiro\/#primaryimage"},"image":{"@id":"https:\/\/ccli.ubc.ca\/team-member\/peter-spiro\/#primaryimage"},"thumbnailUrl":"https:\/\/ccli.ubc.ca\/wp-content\/uploads\/2021\/04\/Spiro.jpg","datePublished":"2021-04-27T19:15:52+00:00","dateModified":"2026-06-25T16:50:06+00:00","breadcrumb":{"@id":"https:\/\/ccli.ubc.ca\/team-member\/peter-spiro\/#breadcrumb"},"inLanguage":"fr-FR","potentialAction":[{"@type":"ReadAction","target":["https:\/\/ccli.ubc.ca\/team-member\/peter-spiro\/"]}]},{"@type":"ImageObject","inLanguage":"fr-FR","@id":"https:\/\/ccli.ubc.ca\/team-member\/peter-spiro\/#primaryimage","url":"https:\/\/ccli.ubc.ca\/wp-content\/uploads\/2021\/04\/Spiro.jpg","contentUrl":"https:\/\/ccli.ubc.ca\/wp-content\/uploads\/2021\/04\/Spiro.jpg","width":369,"height":369},{"@type":"BreadcrumbList","@id":"https:\/\/ccli.ubc.ca\/team-member\/peter-spiro\/#breadcrumb","itemListElement":[{"@type":"ListItem","position":1,"name":"Home","item":"https:\/\/ccli.ubc.ca\/fr\/"},{"@type":"ListItem","position":2,"name":"Peter Spiro"}]},{"@type":"WebSite","@id":"https:\/\/ccli.ubc.ca\/fr\/#website","url":"https:\/\/ccli.ubc.ca\/fr\/","name":"Canada Climate Law Initiative","description":"","publisher":{"@id":"https:\/\/ccli.ubc.ca\/fr\/#organization"},"potentialAction":[{"@type":"SearchAction","target":{"@type":"EntryPoint","urlTemplate":"https:\/\/ccli.ubc.ca\/fr\/?s={search_term_string}"},"query-input":{"@type":"PropertyValueSpecification","valueRequired":true,"valueName":"search_term_string"}}],"inLanguage":"fr-FR"},{"@type":"Organization","@id":"https:\/\/ccli.ubc.ca\/fr\/#organization","name":"L'Initiative canadienne de droit climatique","url":"https:\/\/ccli.ubc.ca\/fr\/","logo":{"@type":"ImageObject","inLanguage":"fr-FR","@id":"https:\/\/ccli.ubc.ca\/fr\/#\/schema\/logo\/image\/","url":"https:\/\/ccli.ubc.ca\/wp-content\/uploads\/2026\/07\/CCLI-EngFr-Green.svg","contentUrl":"https:\/\/ccli.ubc.ca\/wp-content\/uploads\/2026\/07\/CCLI-EngFr-Green.svg","width":575,"height":241,"caption":"L'Initiative canadienne de droit climatique"},"image":{"@id":"https:\/\/ccli.ubc.ca\/fr\/#\/schema\/logo\/image\/"},"sameAs":["https:\/\/www.youtube.com\/channel\/UCVoB3ypQTE42_Y8r_eMk1tg\/featured","https:\/\/www.linkedin.com\/company\/canada-climate-law-initiative\/"]}]}</script>
<!-- / Yoast SEO plugin. -->

Peter Spiro est à la fois un avocat et économiste avec plusieurs années d’expérience en politiques environnementales. Il est très engagé face aux enjeux de durabilité environnementale. Son travail juridique actuel se concentre sur les recours collectifs et il est l’avocat de Monkhouse Law à ce sujet. Il poursuit des recherches sur les façons pour [&hellip;]
