{"id":3918,"date":"2021-04-27T19:11:46","date_gmt":"2021-04-27T19:11:46","guid":{"rendered":"https:\/\/ccli.ubc.ca\/team-member\/alison-schneider-2\/"},"modified":"2026-06-25T16:50:07","modified_gmt":"2026-06-25T16:50:07","slug":"alison-schneider","status":"publish","type":"team-member","link":"https:\/\/ccli.ubc.ca\/fr\/team-member\/alison-schneider\/","title":{"rendered":"Alison Schneider"},"content":{"rendered":"\n<p class=\"wp-block-paragraph\">Alison est une praticienne et une consultante en finance durable qui a fait ses preuves. Alison a co-con\u00e7u et enseigne le micro-certificat sur les risques climatiques de l\u2019Initiative canadienne de droit climatique. Elle est la repr\u00e9sentante canadienne de Ceres Investor Network et si\u00e8ge au comit\u00e9 directeur de d\u2019Engagement Climatique Canada. Alison est \u00e9galement Senior Fellow pour le GRESB et directrice de l&rsquo;Emerging Markets Investor Alliance. Elle enseigne \u00e9galement la finance durable dans le cadre du programme de MBA de l&rsquo;University of Alberta<\/p>\n\n\n\n<p class=\"wp-block-paragraph\">Alison \u00e9tait auparavant vice-pr\u00e9sidente de l&rsquo;investissement responsable \u00e0 l&rsquo;Alberta Investment Management Corporation (2011-2022) et a mis en place et dirig\u00e9 un programme et une \u00e9quipe d&rsquo;investissement responsible de classe mondiale. Alison est cofondatrice de GRESB Infrastructure (2015) et d\u2019Engagement Climatique Canada (2022). Alison a re\u00e7u le prix Clean50 du Canada (2021, 2020) et le prix Alumni Honour de l&rsquo;University of Alberta (2022) pour ses contributions au domaine de l&rsquo;investissement responsable et est une autrice publi\u00e9e.<\/p>\n","protected":false},"featured_media":10177,"menu_order":0,"template":"","meta":{"_acf_changed":false,"footnotes":""},"location":[174],"team_category":[101],"team_group":[97,98],"class_list":["post-3918","team-member","type-team-member","status-publish","has-post-thumbnail","hentry","location-alberta","team_category-investissement-responsable","team_group-experts-en-gouvernance-climatique","team_group-personnel"],"acf":[],"yoast_head":"<!-- This site is optimized with the Yoast SEO plugin v28.4 - https:\/\/yoast.com\/product\/yoast-seo-wordpress\/ -->\n<title>Alison Schneider - L&#039;Initiative canadienne de droit climatique<\/title>\n<meta name=\"robots\" content=\"index, follow, max-snippet:-1, max-image-preview:large, max-video-preview:-1\" \/>\n<link rel=\"canonical\" href=\"https:\/\/ccli.ubc.ca\/fr\/team-member\/alison-schneider\/\" \/>\n<meta property=\"og:locale\" content=\"fr_FR\" \/>\n<meta property=\"og:type\" content=\"article\" \/>\n<meta property=\"og:title\" content=\"Alison Schneider - L&#039;Initiative canadienne de droit climatique\" \/>\n<meta property=\"og:description\" content=\"Alison est une praticienne et une consultante en finance durable qui a fait ses preuves. Alison a co-con\u00e7u et enseigne le micro-certificat sur les risques climatiques de l\u2019Initiative canadienne de droit climatique. Elle est la repr\u00e9sentante canadienne de Ceres Investor Network et si\u00e8ge au comit\u00e9 directeur de d\u2019Engagement Climatique Canada. Alison est \u00e9galement Senior Fellow [&hellip;]\" \/>\n<meta property=\"og:url\" content=\"https:\/\/ccli.ubc.ca\/fr\/team-member\/alison-schneider\/\" \/>\n<meta property=\"og:site_name\" content=\"L&#039;Initiative canadienne de droit climatique\" \/>\n<meta property=\"article:modified_time\" content=\"2026-06-25T16:50:07+00:00\" \/>\n<meta property=\"og:image\" content=\"https:\/\/ccli.ubc.ca\/wp-content\/uploads\/2021\/04\/Schneider_PRIMARY_credit-Ryan-Whitefield-1-scaled-1.jpg\" \/>\n\t<meta property=\"og:image:width\" content=\"1707\" \/>\n\t<meta property=\"og:image:height\" content=\"2560\" \/>\n\t<meta property=\"og:image:type\" content=\"image\/jpeg\" \/>\n<meta name=\"twitter:card\" content=\"summary_large_image\" \/>\n<meta name=\"twitter:label1\" content=\"Dur\u00e9e de lecture estim\u00e9e\" \/>\n\t<meta name=\"twitter:data1\" content=\"1 minute\" \/>\n<script type=\"application\/ld+json\" class=\"yoast-schema-graph\">{\"@context\":\"https:\\\/\\\/schema.org\",\"@graph\":[{\"@type\":\"WebPage\",\"@id\":\"https:\\\/\\\/ccli.ubc.ca\\\/fr\\\/team-member\\\/alison-schneider\\\/\",\"url\":\"https:\\\/\\\/ccli.ubc.ca\\\/fr\\\/team-member\\\/alison-schneider\\\/\",\"name\":\"Alison Schneider - L'Initiative canadienne de droit climatique\",\"isPartOf\":{\"@id\":\"https:\\\/\\\/ccli.ubc.ca\\\/fr\\\/#website\"},\"primaryImageOfPage\":{\"@id\":\"https:\\\/\\\/ccli.ubc.ca\\\/fr\\\/team-member\\\/alison-schneider\\\/#primaryimage\"},\"image\":{\"@id\":\"https:\\\/\\\/ccli.ubc.ca\\\/fr\\\/team-member\\\/alison-schneider\\\/#primaryimage\"},\"thumbnailUrl\":\"https:\\\/\\\/ccli.ubc.ca\\\/wp-content\\\/uploads\\\/2021\\\/04\\\/Schneider_PRIMARY_credit-Ryan-Whitefield-1-scaled-1-e1784241872905.jpg\",\"datePublished\":\"2021-04-27T19:11:46+00:00\",\"dateModified\":\"2026-06-25T16:50:07+00:00\",\"breadcrumb\":{\"@id\":\"https:\\\/\\\/ccli.ubc.ca\\\/fr\\\/team-member\\\/alison-schneider\\\/#breadcrumb\"},\"inLanguage\":\"fr-FR\",\"potentialAction\":[{\"@type\":\"ReadAction\",\"target\":[\"https:\\\/\\\/ccli.ubc.ca\\\/fr\\\/team-member\\\/alison-schneider\\\/\"]}]},{\"@type\":\"ImageObject\",\"inLanguage\":\"fr-FR\",\"@id\":\"https:\\\/\\\/ccli.ubc.ca\\\/fr\\\/team-member\\\/alison-schneider\\\/#primaryimage\",\"url\":\"https:\\\/\\\/ccli.ubc.ca\\\/wp-content\\\/uploads\\\/2021\\\/04\\\/Schneider_PRIMARY_credit-Ryan-Whitefield-1-scaled-1-e1784241872905.jpg\",\"contentUrl\":\"https:\\\/\\\/ccli.ubc.ca\\\/wp-content\\\/uploads\\\/2021\\\/04\\\/Schneider_PRIMARY_credit-Ryan-Whitefield-1-scaled-1-e1784241872905.jpg\",\"width\":1707,\"height\":2560},{\"@type\":\"BreadcrumbList\",\"@id\":\"https:\\\/\\\/ccli.ubc.ca\\\/fr\\\/team-member\\\/alison-schneider\\\/#breadcrumb\",\"itemListElement\":[{\"@type\":\"ListItem\",\"position\":1,\"name\":\"Home\",\"item\":\"https:\\\/\\\/ccli.ubc.ca\\\/fr\\\/\"},{\"@type\":\"ListItem\",\"position\":2,\"name\":\"Alison Schneider\"}]},{\"@type\":\"WebSite\",\"@id\":\"https:\\\/\\\/ccli.ubc.ca\\\/fr\\\/#website\",\"url\":\"https:\\\/\\\/ccli.ubc.ca\\\/fr\\\/\",\"name\":\"Canada Climate Law Initiative\",\"description\":\"\",\"publisher\":{\"@id\":\"https:\\\/\\\/ccli.ubc.ca\\\/fr\\\/#organization\"},\"potentialAction\":[{\"@type\":\"SearchAction\",\"target\":{\"@type\":\"EntryPoint\",\"urlTemplate\":\"https:\\\/\\\/ccli.ubc.ca\\\/fr\\\/?s={search_term_string}\"},\"query-input\":{\"@type\":\"PropertyValueSpecification\",\"valueRequired\":true,\"valueName\":\"search_term_string\"}}],\"inLanguage\":\"fr-FR\"},{\"@type\":\"Organization\",\"@id\":\"https:\\\/\\\/ccli.ubc.ca\\\/fr\\\/#organization\",\"name\":\"L'Initiative canadienne de droit climatique\",\"url\":\"https:\\\/\\\/ccli.ubc.ca\\\/fr\\\/\",\"logo\":{\"@type\":\"ImageObject\",\"inLanguage\":\"fr-FR\",\"@id\":\"https:\\\/\\\/ccli.ubc.ca\\\/fr\\\/#\\\/schema\\\/logo\\\/image\\\/\",\"url\":\"https:\\\/\\\/ccli.ubc.ca\\\/wp-content\\\/uploads\\\/2026\\\/07\\\/CCLI-EngFr-Green.svg\",\"contentUrl\":\"https:\\\/\\\/ccli.ubc.ca\\\/wp-content\\\/uploads\\\/2026\\\/07\\\/CCLI-EngFr-Green.svg\",\"width\":575,\"height\":241,\"caption\":\"L'Initiative canadienne de droit climatique\"},\"image\":{\"@id\":\"https:\\\/\\\/ccli.ubc.ca\\\/fr\\\/#\\\/schema\\\/logo\\\/image\\\/\"},\"sameAs\":[\"https:\\\/\\\/www.youtube.com\\\/channel\\\/UCVoB3ypQTE42_Y8r_eMk1tg\\\/featured\",\"https:\\\/\\\/www.linkedin.com\\\/company\\\/canada-climate-law-initiative\\\/\"]}]}<\/script>\n<!-- \/ Yoast SEO plugin. -->","yoast_head_json":{"title":"Alison Schneider - L'Initiative canadienne de droit climatique","robots":{"index":"index","follow":"follow","max-snippet":"max-snippet:-1","max-image-preview":"max-image-preview:large","max-video-preview":"max-video-preview:-1"},"canonical":"https:\/\/ccli.ubc.ca\/fr\/team-member\/alison-schneider\/","og_locale":"fr_FR","og_type":"article","og_title":"Alison Schneider - L'Initiative canadienne de droit climatique","og_description":"Alison est une praticienne et une consultante en finance durable qui a fait ses preuves. Alison a co-con\u00e7u et enseigne le micro-certificat sur les risques climatiques de l\u2019Initiative canadienne de droit climatique. Elle est la repr\u00e9sentante canadienne de Ceres Investor Network et si\u00e8ge au comit\u00e9 directeur de d\u2019Engagement Climatique Canada. Alison est \u00e9galement Senior Fellow [&hellip;]","og_url":"https:\/\/ccli.ubc.ca\/fr\/team-member\/alison-schneider\/","og_site_name":"L'Initiative canadienne de droit climatique","article_modified_time":"2026-06-25T16:50:07+00:00","og_image":[{"width":1707,"height":2560,"url":"https:\/\/ccli.ubc.ca\/wp-content\/uploads\/2021\/04\/Schneider_PRIMARY_credit-Ryan-Whitefield-1-scaled-1.jpg","type":"image\/jpeg"}],"twitter_card":"summary_large_image","twitter_misc":{"Dur\u00e9e de lecture estim\u00e9e":"1 minute"},"schema":{"@context":"https:\/\/schema.org","@graph":[{"@type":"WebPage","@id":"https:\/\/ccli.ubc.ca\/fr\/team-member\/alison-schneider\/","url":"https:\/\/ccli.ubc.ca\/fr\/team-member\/alison-schneider\/","name":"Alison Schneider - L'Initiative canadienne de droit climatique","isPartOf":{"@id":"https:\/\/ccli.ubc.ca\/fr\/#website"},"primaryImageOfPage":{"@id":"https:\/\/ccli.ubc.ca\/fr\/team-member\/alison-schneider\/#primaryimage"},"image":{"@id":"https:\/\/ccli.ubc.ca\/fr\/team-member\/alison-schneider\/#primaryimage"},"thumbnailUrl":"https:\/\/ccli.ubc.ca\/wp-content\/uploads\/2021\/04\/Schneider_PRIMARY_credit-Ryan-Whitefield-1-scaled-1-e1784241872905.jpg","datePublished":"2021-04-27T19:11:46+00:00","dateModified":"2026-06-25T16:50:07+00:00","breadcrumb":{"@id":"https:\/\/ccli.ubc.ca\/fr\/team-member\/alison-schneider\/#breadcrumb"},"inLanguage":"fr-FR","potentialAction":[{"@type":"ReadAction","target":["https:\/\/ccli.ubc.ca\/fr\/team-member\/alison-schneider\/"]}]},{"@type":"ImageObject","inLanguage":"fr-FR","@id":"https:\/\/ccli.ubc.ca\/fr\/team-member\/alison-schneider\/#primaryimage","url":"https:\/\/ccli.ubc.ca\/wp-content\/uploads\/2021\/04\/Schneider_PRIMARY_credit-Ryan-Whitefield-1-scaled-1-e1784241872905.jpg","contentUrl":"https:\/\/ccli.ubc.ca\/wp-content\/uploads\/2021\/04\/Schneider_PRIMARY_credit-Ryan-Whitefield-1-scaled-1-e1784241872905.jpg","width":1707,"height":2560},{"@type":"BreadcrumbList","@id":"https:\/\/ccli.ubc.ca\/fr\/team-member\/alison-schneider\/#breadcrumb","itemListElement":[{"@type":"ListItem","position":1,"name":"Home","item":"https:\/\/ccli.ubc.ca\/fr\/"},{"@type":"ListItem","position":2,"name":"Alison Schneider"}]},{"@type":"WebSite","@id":"https:\/\/ccli.ubc.ca\/fr\/#website","url":"https:\/\/ccli.ubc.ca\/fr\/","name":"Canada Climate Law Initiative","description":"","publisher":{"@id":"https:\/\/ccli.ubc.ca\/fr\/#organization"},"potentialAction":[{"@type":"SearchAction","target":{"@type":"EntryPoint","urlTemplate":"https:\/\/ccli.ubc.ca\/fr\/?s={search_term_string}"},"query-input":{"@type":"PropertyValueSpecification","valueRequired":true,"valueName":"search_term_string"}}],"inLanguage":"fr-FR"},{"@type":"Organization","@id":"https:\/\/ccli.ubc.ca\/fr\/#organization","name":"L'Initiative canadienne de droit climatique","url":"https:\/\/ccli.ubc.ca\/fr\/","logo":{"@type":"ImageObject","inLanguage":"fr-FR","@id":"https:\/\/ccli.ubc.ca\/fr\/#\/schema\/logo\/image\/","url":"https:\/\/ccli.ubc.ca\/wp-content\/uploads\/2026\/07\/CCLI-EngFr-Green.svg","contentUrl":"https:\/\/ccli.ubc.ca\/wp-content\/uploads\/2026\/07\/CCLI-EngFr-Green.svg","width":575,"height":241,"caption":"L'Initiative canadienne de droit climatique"},"image":{"@id":"https:\/\/ccli.ubc.ca\/fr\/#\/schema\/logo\/image\/"},"sameAs":["https:\/\/www.youtube.com\/channel\/UCVoB3ypQTE42_Y8r_eMk1tg\/featured","https:\/\/www.linkedin.com\/company\/canada-climate-law-initiative\/"]}]}},"_links":{"self":[{"href":"https:\/\/ccli.ubc.ca\/fr\/wp-json\/wp\/v2\/team-member\/3918","targetHints":{"allow":["GET"]}}],"collection":[{"href":"https:\/\/ccli.ubc.ca\/fr\/wp-json\/wp\/v2\/team-member"}],"about":[{"href":"https:\/\/ccli.ubc.ca\/fr\/wp-json\/wp\/v2\/types\/team-member"}],"version-history":[{"count":1,"href":"https:\/\/ccli.ubc.ca\/fr\/wp-json\/wp\/v2\/team-member\/3918\/revisions"}],"predecessor-version":[{"id":4038,"href":"https:\/\/ccli.ubc.ca\/fr\/wp-json\/wp\/v2\/team-member\/3918\/revisions\/4038"}],"wp:featuredmedia":[{"embeddable":true,"href":"https:\/\/ccli.ubc.ca\/fr\/wp-json\/wp\/v2\/media\/10177"}],"wp:attachment":[{"href":"https:\/\/ccli.ubc.ca\/fr\/wp-json\/wp\/v2\/media?parent=3918"}],"wp:term":[{"taxonomy":"location","embeddable":true,"href":"https:\/\/ccli.ubc.ca\/fr\/wp-json\/wp\/v2\/location?post=3918"},{"taxonomy":"team_category","embeddable":true,"href":"https:\/\/ccli.ubc.ca\/fr\/wp-json\/wp\/v2\/team_category?post=3918"},{"taxonomy":"team_group","embeddable":true,"href":"https:\/\/ccli.ubc.ca\/fr\/wp-json\/wp\/v2\/team_group?post=3918"}],"curies":[{"name":"wp","href":"https:\/\/api.w.org\/{rel}","templated":true}]}}

<p class="wp-block-paragraph">Alison est une praticienne et une consultante en finance durable qui a fait ses preuves. Alison a co-conçu et enseigne le micro-certificat sur les risques climatiques de l’Initiative canadienne de droit climatique. Elle est la représentante canadienne de Ceres Investor Network et siège au comité directeur de d’Engagement Climatique Canada. Alison est également Senior Fellow pour le GRESB et directrice de l&rsquo;Emerging Markets Investor Alliance. Elle enseigne également la finance durable dans le cadre du programme de MBA de l&rsquo;University of Alberta</p>



<p class="wp-block-paragraph">Alison était auparavant vice-présidente de l&rsquo;investissement responsable à l&rsquo;Alberta Investment Management Corporation (2011-2022) et a mis en place et dirigé un programme et une équipe d&rsquo;investissement responsible de classe mondiale. Alison est cofondatrice de GRESB Infrastructure (2015) et d’Engagement Climatique Canada (2022). Alison a reçu le prix Clean50 du Canada (2021, 2020) et le prix Alumni Honour de l&rsquo;University of Alberta (2022) pour ses contributions au domaine de l&rsquo;investissement responsable et est une autrice publiée.</p>

<!-- This site is optimized with the Yoast SEO plugin v28.4 - https://yoast.com/product/yoast-seo-wordpress/ -->
<title>Alison Schneider - L&#039;Initiative canadienne de droit climatique</title>
<meta name="robots" content="index, follow, max-snippet:-1, max-image-preview:large, max-video-preview:-1" />
<link rel="canonical" href="https://ccli.ubc.ca/fr/team-member/alison-schneider/" />
<meta property="og:locale" content="fr_FR" />
<meta property="og:type" content="article" />
<meta property="og:title" content="Alison Schneider - L&#039;Initiative canadienne de droit climatique" />
<meta property="og:description" content="Alison est une praticienne et une consultante en finance durable qui a fait ses preuves. Alison a co-conçu et enseigne le micro-certificat sur les risques climatiques de l’Initiative canadienne de droit climatique. Elle est la représentante canadienne de Ceres Investor Network et siège au comité directeur de d’Engagement Climatique Canada. Alison est également Senior Fellow [&hellip;]" />
<meta property="og:url" content="https://ccli.ubc.ca/fr/team-member/alison-schneider/" />
<meta property="og:site_name" content="L&#039;Initiative canadienne de droit climatique" />
<meta property="article:modified_time" content="2026-06-25T16:50:07+00:00" />
<meta property="og:image" content="https://ccli.ubc.ca/wp-content/uploads/2021/04/Schneider_PRIMARY_credit-Ryan-Whitefield-1-scaled-1.jpg" />
	<meta property="og:image:width" content="1707" />
	<meta property="og:image:height" content="2560" />
	<meta property="og:image:type" content="image/jpeg" />
<meta name="twitter:card" content="summary_large_image" />
<meta name="twitter:label1" content="Durée de lecture estimée" />
	<meta name="twitter:data1" content="1 minute" />
<script type="application/ld+json" class="yoast-schema-graph">{"@context":"https:\/\/schema.org","@graph":[{"@type":"WebPage","@id":"https:\/\/ccli.ubc.ca\/fr\/team-member\/alison-schneider\/","url":"https:\/\/ccli.ubc.ca\/fr\/team-member\/alison-schneider\/","name":"Alison Schneider - L'Initiative canadienne de droit climatique","isPartOf":{"@id":"https:\/\/ccli.ubc.ca\/fr\/#website"},"primaryImageOfPage":{"@id":"https:\/\/ccli.ubc.ca\/fr\/team-member\/alison-schneider\/#primaryimage"},"image":{"@id":"https:\/\/ccli.ubc.ca\/fr\/team-member\/alison-schneider\/#primaryimage"},"thumbnailUrl":"https:\/\/ccli.ubc.ca\/wp-content\/uploads\/2021\/04\/Schneider_PRIMARY_credit-Ryan-Whitefield-1-scaled-1-e1784241872905.jpg","datePublished":"2021-04-27T19:11:46+00:00","dateModified":"2026-06-25T16:50:07+00:00","breadcrumb":{"@id":"https:\/\/ccli.ubc.ca\/fr\/team-member\/alison-schneider\/#breadcrumb"},"inLanguage":"fr-FR","potentialAction":[{"@type":"ReadAction","target":["https:\/\/ccli.ubc.ca\/fr\/team-member\/alison-schneider\/"]}]},{"@type":"ImageObject","inLanguage":"fr-FR","@id":"https:\/\/ccli.ubc.ca\/fr\/team-member\/alison-schneider\/#primaryimage","url":"https:\/\/ccli.ubc.ca\/wp-content\/uploads\/2021\/04\/Schneider_PRIMARY_credit-Ryan-Whitefield-1-scaled-1-e1784241872905.jpg","contentUrl":"https:\/\/ccli.ubc.ca\/wp-content\/uploads\/2021\/04\/Schneider_PRIMARY_credit-Ryan-Whitefield-1-scaled-1-e1784241872905.jpg","width":1707,"height":2560},{"@type":"BreadcrumbList","@id":"https:\/\/ccli.ubc.ca\/fr\/team-member\/alison-schneider\/#breadcrumb","itemListElement":[{"@type":"ListItem","position":1,"name":"Home","item":"https:\/\/ccli.ubc.ca\/fr\/"},{"@type":"ListItem","position":2,"name":"Alison Schneider"}]},{"@type":"WebSite","@id":"https:\/\/ccli.ubc.ca\/fr\/#website","url":"https:\/\/ccli.ubc.ca\/fr\/","name":"Canada Climate Law Initiative","description":"","publisher":{"@id":"https:\/\/ccli.ubc.ca\/fr\/#organization"},"potentialAction":[{"@type":"SearchAction","target":{"@type":"EntryPoint","urlTemplate":"https:\/\/ccli.ubc.ca\/fr\/?s={search_term_string}"},"query-input":{"@type":"PropertyValueSpecification","valueRequired":true,"valueName":"search_term_string"}}],"inLanguage":"fr-FR"},{"@type":"Organization","@id":"https:\/\/ccli.ubc.ca\/fr\/#organization","name":"L'Initiative canadienne de droit climatique","url":"https:\/\/ccli.ubc.ca\/fr\/","logo":{"@type":"ImageObject","inLanguage":"fr-FR","@id":"https:\/\/ccli.ubc.ca\/fr\/#\/schema\/logo\/image\/","url":"https:\/\/ccli.ubc.ca\/wp-content\/uploads\/2026\/07\/CCLI-EngFr-Green.svg","contentUrl":"https:\/\/ccli.ubc.ca\/wp-content\/uploads\/2026\/07\/CCLI-EngFr-Green.svg","width":575,"height":241,"caption":"L'Initiative canadienne de droit climatique"},"image":{"@id":"https:\/\/ccli.ubc.ca\/fr\/#\/schema\/logo\/image\/"},"sameAs":["https:\/\/www.youtube.com\/channel\/UCVoB3ypQTE42_Y8r_eMk1tg\/featured","https:\/\/www.linkedin.com\/company\/canada-climate-law-initiative\/"]}]}</script>
<!-- / Yoast SEO plugin. -->

Alison est une praticienne et une consultante en finance durable qui a fait ses preuves. Alison a co-conçu et enseigne le micro-certificat sur les risques climatiques de l’Initiative canadienne de droit climatique. Elle est la représentante canadienne de Ceres Investor Network et siège au comité directeur de d’Engagement Climatique Canada. Alison est également Senior Fellow [&hellip;]
