{"id":3923,"date":"2021-04-27T18:52:01","date_gmt":"2021-04-27T18:52:01","guid":{"rendered":"https:\/\/ccli.ubc.ca\/team-member\/andrea-moffat-2\/"},"modified":"2026-06-25T16:50:08","modified_gmt":"2026-06-25T16:50:08","slug":"andrea-moffat","status":"publish","type":"team-member","link":"https:\/\/ccli.ubc.ca\/fr\/team-member\/andrea-moffat\/","title":{"rendered":"Andrea Moffat"},"content":{"rendered":"\n<p class=\"wp-block-paragraph\">Andrea Moffat dirige les activit\u00e9s d\u2019intendance d&rsquo;Addenda. L&rsquo;intendance comprend un engagement actif aupr\u00e8s des entreprises et des \u00e9metteurs sur les questions environnementales, sociales et de gouvernance (ESG) afin d&rsquo;am\u00e9liorer la valeur \u00e0 long terme des investissements pour les clients. Il s&rsquo;agit \u00e9galement de promouvoir activement des march\u00e9s financiers durables en collaborant avec des experts et en s&rsquo;engageant aupr\u00e8s des normalisateurs et des d\u00e9cideurs politiques afin de cr\u00e9er une \u00e9conomie et un march\u00e9 plus durables et align\u00e9s z\u00e9ro \u00e9mission nette.<br><br>Elle \u00e9tait auparavant vice-pr\u00e9sidente de la Fondation Ivey. Avant cela, Andrea \u00e9tait vice-pr\u00e9sidente du programme d&rsquo;entreprise de Ceres, o\u00f9 elle dirigeait le travail avec les entreprises sur les questions de durabilit\u00e9 telles que le climat, l&rsquo;\u00e9nergie, l&rsquo;eau et les cha\u00eenes d&rsquo;approvisionnement. Forte de plus de 20 ans d&rsquo;exp\u00e9rience, Andrea a travaill\u00e9 avec plus de 80 entreprises pour les aider \u00e0 respecter leurs engagements en mati\u00e8re de durabilit\u00e9 et \u00e0 obtenir de meilleurs r\u00e9sultats. Elle a de l\u2019exp\u00e9rience et engage r\u00e9guli\u00e8rement avec des entreprises, gouvernements et r\u00e9gulateurs sur des questions de gouvernance et de gestion des risques li\u00e9es \u00e0 la transition climatique et d\u2019autres enjeux de durabilit\u00e9.<\/p>\n\n\n\n<p class=\"wp-block-paragraph\">Elle est l\u2019auteure principale de The 21st Century Corporation: The Ceres Roadmap for Sustainability et les rapports de r\u00e9f\u00e9rence bas\u00e9s sur ce cadre. Elle a \u00e9galement contribu\u00e9 \u00e0 plusieurs autres publications. Andrea est membre du conseil d\u2019administration de l\u2019International Institute of Sustainable Development, du Canadian Environmental Grantmakers\u2019 Network et elle donne des conf\u00e9rences \u00e0 plusieurs \u00e9v\u00e9nements.<\/p>\n","protected":false},"featured_media":10173,"menu_order":0,"template":"","meta":{"_acf_changed":false,"footnotes":""},"location":[172],"team_category":[91],"team_group":[94,97],"class_list":["post-3923","team-member","type-team-member","status-publish","has-post-thumbnail","hentry","location-ontario","team_category-droit-et-gouvernance","team_group-comite-consultatif","team_group-experts-en-gouvernance-climatique"],"acf":[],"yoast_head":"<!-- This site is optimized with the Yoast SEO plugin v28.4 - https:\/\/yoast.com\/product\/yoast-seo-wordpress\/ -->\n<title>Andrea Moffat - L&#039;Initiative canadienne de droit climatique<\/title>\n<meta name=\"robots\" content=\"index, follow, max-snippet:-1, max-image-preview:large, max-video-preview:-1\" \/>\n<link rel=\"canonical\" href=\"https:\/\/ccli.ubc.ca\/team-member\/andrea-moffat\/\" \/>\n<meta property=\"og:locale\" content=\"fr_FR\" \/>\n<meta property=\"og:type\" content=\"article\" \/>\n<meta property=\"og:title\" content=\"Andrea Moffat - L&#039;Initiative canadienne de droit climatique\" \/>\n<meta property=\"og:description\" content=\"Andrea Moffat dirige les activit\u00e9s d\u2019intendance d&rsquo;Addenda. L&rsquo;intendance comprend un engagement actif aupr\u00e8s des entreprises et des \u00e9metteurs sur les questions environnementales, sociales et de gouvernance (ESG) afin d&rsquo;am\u00e9liorer la valeur \u00e0 long terme des investissements pour les clients. Il s&rsquo;agit \u00e9galement de promouvoir activement des march\u00e9s financiers durables en collaborant avec des experts et [&hellip;]\" \/>\n<meta property=\"og:url\" content=\"https:\/\/ccli.ubc.ca\/team-member\/andrea-moffat\/\" \/>\n<meta property=\"og:site_name\" content=\"L&#039;Initiative canadienne de droit climatique\" \/>\n<meta property=\"article:modified_time\" content=\"2026-06-25T16:50:08+00:00\" \/>\n<meta property=\"og:image\" content=\"https:\/\/ccli.ubc.ca\/wp-content\/uploads\/2021\/04\/moffat-2023b.jpg\" \/>\n\t<meta property=\"og:image:width\" content=\"800\" \/>\n\t<meta property=\"og:image:height\" content=\"800\" \/>\n\t<meta property=\"og:image:type\" content=\"image\/jpeg\" \/>\n<meta name=\"twitter:card\" content=\"summary_large_image\" \/>\n<meta name=\"twitter:label1\" content=\"Dur\u00e9e de lecture estim\u00e9e\" \/>\n\t<meta name=\"twitter:data1\" content=\"1 minute\" \/>\n<script type=\"application\/ld+json\" class=\"yoast-schema-graph\">{\"@context\":\"https:\\\/\\\/schema.org\",\"@graph\":[{\"@type\":\"WebPage\",\"@id\":\"https:\\\/\\\/ccli.ubc.ca\\\/team-member\\\/andrea-moffat\\\/\",\"url\":\"https:\\\/\\\/ccli.ubc.ca\\\/team-member\\\/andrea-moffat\\\/\",\"name\":\"Andrea Moffat - L'Initiative canadienne de droit climatique\",\"isPartOf\":{\"@id\":\"https:\\\/\\\/ccli.ubc.ca\\\/fr\\\/#website\"},\"primaryImageOfPage\":{\"@id\":\"https:\\\/\\\/ccli.ubc.ca\\\/team-member\\\/andrea-moffat\\\/#primaryimage\"},\"image\":{\"@id\":\"https:\\\/\\\/ccli.ubc.ca\\\/team-member\\\/andrea-moffat\\\/#primaryimage\"},\"thumbnailUrl\":\"https:\\\/\\\/ccli.ubc.ca\\\/wp-content\\\/uploads\\\/2021\\\/04\\\/moffat-2023b-e1784242947600.jpg\",\"datePublished\":\"2021-04-27T18:52:01+00:00\",\"dateModified\":\"2026-06-25T16:50:08+00:00\",\"breadcrumb\":{\"@id\":\"https:\\\/\\\/ccli.ubc.ca\\\/team-member\\\/andrea-moffat\\\/#breadcrumb\"},\"inLanguage\":\"fr-FR\",\"potentialAction\":[{\"@type\":\"ReadAction\",\"target\":[\"https:\\\/\\\/ccli.ubc.ca\\\/team-member\\\/andrea-moffat\\\/\"]}]},{\"@type\":\"ImageObject\",\"inLanguage\":\"fr-FR\",\"@id\":\"https:\\\/\\\/ccli.ubc.ca\\\/team-member\\\/andrea-moffat\\\/#primaryimage\",\"url\":\"https:\\\/\\\/ccli.ubc.ca\\\/wp-content\\\/uploads\\\/2021\\\/04\\\/moffat-2023b-e1784242947600.jpg\",\"contentUrl\":\"https:\\\/\\\/ccli.ubc.ca\\\/wp-content\\\/uploads\\\/2021\\\/04\\\/moffat-2023b-e1784242947600.jpg\",\"width\":800,\"height\":800},{\"@type\":\"BreadcrumbList\",\"@id\":\"https:\\\/\\\/ccli.ubc.ca\\\/team-member\\\/andrea-moffat\\\/#breadcrumb\",\"itemListElement\":[{\"@type\":\"ListItem\",\"position\":1,\"name\":\"Home\",\"item\":\"https:\\\/\\\/ccli.ubc.ca\\\/fr\\\/\"},{\"@type\":\"ListItem\",\"position\":2,\"name\":\"Andrea Moffat\"}]},{\"@type\":\"WebSite\",\"@id\":\"https:\\\/\\\/ccli.ubc.ca\\\/fr\\\/#website\",\"url\":\"https:\\\/\\\/ccli.ubc.ca\\\/fr\\\/\",\"name\":\"Canada Climate Law Initiative\",\"description\":\"\",\"publisher\":{\"@id\":\"https:\\\/\\\/ccli.ubc.ca\\\/fr\\\/#organization\"},\"potentialAction\":[{\"@type\":\"SearchAction\",\"target\":{\"@type\":\"EntryPoint\",\"urlTemplate\":\"https:\\\/\\\/ccli.ubc.ca\\\/fr\\\/?s={search_term_string}\"},\"query-input\":{\"@type\":\"PropertyValueSpecification\",\"valueRequired\":true,\"valueName\":\"search_term_string\"}}],\"inLanguage\":\"fr-FR\"},{\"@type\":\"Organization\",\"@id\":\"https:\\\/\\\/ccli.ubc.ca\\\/fr\\\/#organization\",\"name\":\"L'Initiative canadienne de droit climatique\",\"url\":\"https:\\\/\\\/ccli.ubc.ca\\\/fr\\\/\",\"logo\":{\"@type\":\"ImageObject\",\"inLanguage\":\"fr-FR\",\"@id\":\"https:\\\/\\\/ccli.ubc.ca\\\/fr\\\/#\\\/schema\\\/logo\\\/image\\\/\",\"url\":\"https:\\\/\\\/ccli.ubc.ca\\\/wp-content\\\/uploads\\\/2026\\\/07\\\/CCLI-EngFr-Green.svg\",\"contentUrl\":\"https:\\\/\\\/ccli.ubc.ca\\\/wp-content\\\/uploads\\\/2026\\\/07\\\/CCLI-EngFr-Green.svg\",\"width\":575,\"height\":241,\"caption\":\"L'Initiative canadienne de droit climatique\"},\"image\":{\"@id\":\"https:\\\/\\\/ccli.ubc.ca\\\/fr\\\/#\\\/schema\\\/logo\\\/image\\\/\"},\"sameAs\":[\"https:\\\/\\\/www.youtube.com\\\/channel\\\/UCVoB3ypQTE42_Y8r_eMk1tg\\\/featured\",\"https:\\\/\\\/www.linkedin.com\\\/company\\\/canada-climate-law-initiative\\\/\"]}]}<\/script>\n<!-- \/ Yoast SEO plugin. -->","yoast_head_json":{"title":"Andrea Moffat - L'Initiative canadienne de droit climatique","robots":{"index":"index","follow":"follow","max-snippet":"max-snippet:-1","max-image-preview":"max-image-preview:large","max-video-preview":"max-video-preview:-1"},"canonical":"https:\/\/ccli.ubc.ca\/team-member\/andrea-moffat\/","og_locale":"fr_FR","og_type":"article","og_title":"Andrea Moffat - L'Initiative canadienne de droit climatique","og_description":"Andrea Moffat dirige les activit\u00e9s d\u2019intendance d&rsquo;Addenda. L&rsquo;intendance comprend un engagement actif aupr\u00e8s des entreprises et des \u00e9metteurs sur les questions environnementales, sociales et de gouvernance (ESG) afin d&rsquo;am\u00e9liorer la valeur \u00e0 long terme des investissements pour les clients. Il s&rsquo;agit \u00e9galement de promouvoir activement des march\u00e9s financiers durables en collaborant avec des experts et [&hellip;]","og_url":"https:\/\/ccli.ubc.ca\/team-member\/andrea-moffat\/","og_site_name":"L'Initiative canadienne de droit climatique","article_modified_time":"2026-06-25T16:50:08+00:00","og_image":[{"width":800,"height":800,"url":"https:\/\/ccli.ubc.ca\/wp-content\/uploads\/2021\/04\/moffat-2023b.jpg","type":"image\/jpeg"}],"twitter_card":"summary_large_image","twitter_misc":{"Dur\u00e9e de lecture estim\u00e9e":"1 minute"},"schema":{"@context":"https:\/\/schema.org","@graph":[{"@type":"WebPage","@id":"https:\/\/ccli.ubc.ca\/team-member\/andrea-moffat\/","url":"https:\/\/ccli.ubc.ca\/team-member\/andrea-moffat\/","name":"Andrea Moffat - L'Initiative canadienne de droit climatique","isPartOf":{"@id":"https:\/\/ccli.ubc.ca\/fr\/#website"},"primaryImageOfPage":{"@id":"https:\/\/ccli.ubc.ca\/team-member\/andrea-moffat\/#primaryimage"},"image":{"@id":"https:\/\/ccli.ubc.ca\/team-member\/andrea-moffat\/#primaryimage"},"thumbnailUrl":"https:\/\/ccli.ubc.ca\/wp-content\/uploads\/2021\/04\/moffat-2023b-e1784242947600.jpg","datePublished":"2021-04-27T18:52:01+00:00","dateModified":"2026-06-25T16:50:08+00:00","breadcrumb":{"@id":"https:\/\/ccli.ubc.ca\/team-member\/andrea-moffat\/#breadcrumb"},"inLanguage":"fr-FR","potentialAction":[{"@type":"ReadAction","target":["https:\/\/ccli.ubc.ca\/team-member\/andrea-moffat\/"]}]},{"@type":"ImageObject","inLanguage":"fr-FR","@id":"https:\/\/ccli.ubc.ca\/team-member\/andrea-moffat\/#primaryimage","url":"https:\/\/ccli.ubc.ca\/wp-content\/uploads\/2021\/04\/moffat-2023b-e1784242947600.jpg","contentUrl":"https:\/\/ccli.ubc.ca\/wp-content\/uploads\/2021\/04\/moffat-2023b-e1784242947600.jpg","width":800,"height":800},{"@type":"BreadcrumbList","@id":"https:\/\/ccli.ubc.ca\/team-member\/andrea-moffat\/#breadcrumb","itemListElement":[{"@type":"ListItem","position":1,"name":"Home","item":"https:\/\/ccli.ubc.ca\/fr\/"},{"@type":"ListItem","position":2,"name":"Andrea Moffat"}]},{"@type":"WebSite","@id":"https:\/\/ccli.ubc.ca\/fr\/#website","url":"https:\/\/ccli.ubc.ca\/fr\/","name":"Canada Climate Law Initiative","description":"","publisher":{"@id":"https:\/\/ccli.ubc.ca\/fr\/#organization"},"potentialAction":[{"@type":"SearchAction","target":{"@type":"EntryPoint","urlTemplate":"https:\/\/ccli.ubc.ca\/fr\/?s={search_term_string}"},"query-input":{"@type":"PropertyValueSpecification","valueRequired":true,"valueName":"search_term_string"}}],"inLanguage":"fr-FR"},{"@type":"Organization","@id":"https:\/\/ccli.ubc.ca\/fr\/#organization","name":"L'Initiative canadienne de droit climatique","url":"https:\/\/ccli.ubc.ca\/fr\/","logo":{"@type":"ImageObject","inLanguage":"fr-FR","@id":"https:\/\/ccli.ubc.ca\/fr\/#\/schema\/logo\/image\/","url":"https:\/\/ccli.ubc.ca\/wp-content\/uploads\/2026\/07\/CCLI-EngFr-Green.svg","contentUrl":"https:\/\/ccli.ubc.ca\/wp-content\/uploads\/2026\/07\/CCLI-EngFr-Green.svg","width":575,"height":241,"caption":"L'Initiative canadienne de droit climatique"},"image":{"@id":"https:\/\/ccli.ubc.ca\/fr\/#\/schema\/logo\/image\/"},"sameAs":["https:\/\/www.youtube.com\/channel\/UCVoB3ypQTE42_Y8r_eMk1tg\/featured","https:\/\/www.linkedin.com\/company\/canada-climate-law-initiative\/"]}]}},"_links":{"self":[{"href":"https:\/\/ccli.ubc.ca\/fr\/wp-json\/wp\/v2\/team-member\/3923","targetHints":{"allow":["GET"]}}],"collection":[{"href":"https:\/\/ccli.ubc.ca\/fr\/wp-json\/wp\/v2\/team-member"}],"about":[{"href":"https:\/\/ccli.ubc.ca\/fr\/wp-json\/wp\/v2\/types\/team-member"}],"version-history":[{"count":1,"href":"https:\/\/ccli.ubc.ca\/fr\/wp-json\/wp\/v2\/team-member\/3923\/revisions"}],"predecessor-version":[{"id":4043,"href":"https:\/\/ccli.ubc.ca\/fr\/wp-json\/wp\/v2\/team-member\/3923\/revisions\/4043"}],"wp:featuredmedia":[{"embeddable":true,"href":"https:\/\/ccli.ubc.ca\/fr\/wp-json\/wp\/v2\/media\/10173"}],"wp:attachment":[{"href":"https:\/\/ccli.ubc.ca\/fr\/wp-json\/wp\/v2\/media?parent=3923"}],"wp:term":[{"taxonomy":"location","embeddable":true,"href":"https:\/\/ccli.ubc.ca\/fr\/wp-json\/wp\/v2\/location?post=3923"},{"taxonomy":"team_category","embeddable":true,"href":"https:\/\/ccli.ubc.ca\/fr\/wp-json\/wp\/v2\/team_category?post=3923"},{"taxonomy":"team_group","embeddable":true,"href":"https:\/\/ccli.ubc.ca\/fr\/wp-json\/wp\/v2\/team_group?post=3923"}],"curies":[{"name":"wp","href":"https:\/\/api.w.org\/{rel}","templated":true}]}}

<p class="wp-block-paragraph">Andrea Moffat dirige les activités d’intendance d&rsquo;Addenda. L&rsquo;intendance comprend un engagement actif auprès des entreprises et des émetteurs sur les questions environnementales, sociales et de gouvernance (ESG) afin d&rsquo;améliorer la valeur à long terme des investissements pour les clients. Il s&rsquo;agit également de promouvoir activement des marchés financiers durables en collaborant avec des experts et en s&rsquo;engageant auprès des normalisateurs et des décideurs politiques afin de créer une économie et un marché plus durables et alignés zéro émission nette.<br><br>Elle était auparavant vice-présidente de la Fondation Ivey. Avant cela, Andrea était vice-présidente du programme d&rsquo;entreprise de Ceres, où elle dirigeait le travail avec les entreprises sur les questions de durabilité telles que le climat, l&rsquo;énergie, l&rsquo;eau et les chaînes d&rsquo;approvisionnement. Forte de plus de 20 ans d&rsquo;expérience, Andrea a travaillé avec plus de 80 entreprises pour les aider à respecter leurs engagements en matière de durabilité et à obtenir de meilleurs résultats. Elle a de l’expérience et engage régulièrement avec des entreprises, gouvernements et régulateurs sur des questions de gouvernance et de gestion des risques liées à la transition climatique et d’autres enjeux de durabilité.</p>



<p class="wp-block-paragraph">Elle est l’auteure principale de The 21st Century Corporation: The Ceres Roadmap for Sustainability et les rapports de référence basés sur ce cadre. Elle a également contribué à plusieurs autres publications. Andrea est membre du conseil d’administration de l’International Institute of Sustainable Development, du Canadian Environmental Grantmakers’ Network et elle donne des conférences à plusieurs événements.</p>

<!-- This site is optimized with the Yoast SEO plugin v28.4 - https://yoast.com/product/yoast-seo-wordpress/ -->
<title>Andrea Moffat - L&#039;Initiative canadienne de droit climatique</title>
<meta name="robots" content="index, follow, max-snippet:-1, max-image-preview:large, max-video-preview:-1" />
<link rel="canonical" href="https://ccli.ubc.ca/team-member/andrea-moffat/" />
<meta property="og:locale" content="fr_FR" />
<meta property="og:type" content="article" />
<meta property="og:title" content="Andrea Moffat - L&#039;Initiative canadienne de droit climatique" />
<meta property="og:description" content="Andrea Moffat dirige les activités d’intendance d&rsquo;Addenda. L&rsquo;intendance comprend un engagement actif auprès des entreprises et des émetteurs sur les questions environnementales, sociales et de gouvernance (ESG) afin d&rsquo;améliorer la valeur à long terme des investissements pour les clients. Il s&rsquo;agit également de promouvoir activement des marchés financiers durables en collaborant avec des experts et [&hellip;]" />
<meta property="og:url" content="https://ccli.ubc.ca/team-member/andrea-moffat/" />
<meta property="og:site_name" content="L&#039;Initiative canadienne de droit climatique" />
<meta property="article:modified_time" content="2026-06-25T16:50:08+00:00" />
<meta property="og:image" content="https://ccli.ubc.ca/wp-content/uploads/2021/04/moffat-2023b.jpg" />
	<meta property="og:image:width" content="800" />
	<meta property="og:image:height" content="800" />
	<meta property="og:image:type" content="image/jpeg" />
<meta name="twitter:card" content="summary_large_image" />
<meta name="twitter:label1" content="Durée de lecture estimée" />
	<meta name="twitter:data1" content="1 minute" />
<script type="application/ld+json" class="yoast-schema-graph">{"@context":"https:\/\/schema.org","@graph":[{"@type":"WebPage","@id":"https:\/\/ccli.ubc.ca\/team-member\/andrea-moffat\/","url":"https:\/\/ccli.ubc.ca\/team-member\/andrea-moffat\/","name":"Andrea Moffat - L'Initiative canadienne de droit climatique","isPartOf":{"@id":"https:\/\/ccli.ubc.ca\/fr\/#website"},"primaryImageOfPage":{"@id":"https:\/\/ccli.ubc.ca\/team-member\/andrea-moffat\/#primaryimage"},"image":{"@id":"https:\/\/ccli.ubc.ca\/team-member\/andrea-moffat\/#primaryimage"},"thumbnailUrl":"https:\/\/ccli.ubc.ca\/wp-content\/uploads\/2021\/04\/moffat-2023b-e1784242947600.jpg","datePublished":"2021-04-27T18:52:01+00:00","dateModified":"2026-06-25T16:50:08+00:00","breadcrumb":{"@id":"https:\/\/ccli.ubc.ca\/team-member\/andrea-moffat\/#breadcrumb"},"inLanguage":"fr-FR","potentialAction":[{"@type":"ReadAction","target":["https:\/\/ccli.ubc.ca\/team-member\/andrea-moffat\/"]}]},{"@type":"ImageObject","inLanguage":"fr-FR","@id":"https:\/\/ccli.ubc.ca\/team-member\/andrea-moffat\/#primaryimage","url":"https:\/\/ccli.ubc.ca\/wp-content\/uploads\/2021\/04\/moffat-2023b-e1784242947600.jpg","contentUrl":"https:\/\/ccli.ubc.ca\/wp-content\/uploads\/2021\/04\/moffat-2023b-e1784242947600.jpg","width":800,"height":800},{"@type":"BreadcrumbList","@id":"https:\/\/ccli.ubc.ca\/team-member\/andrea-moffat\/#breadcrumb","itemListElement":[{"@type":"ListItem","position":1,"name":"Home","item":"https:\/\/ccli.ubc.ca\/fr\/"},{"@type":"ListItem","position":2,"name":"Andrea Moffat"}]},{"@type":"WebSite","@id":"https:\/\/ccli.ubc.ca\/fr\/#website","url":"https:\/\/ccli.ubc.ca\/fr\/","name":"Canada Climate Law Initiative","description":"","publisher":{"@id":"https:\/\/ccli.ubc.ca\/fr\/#organization"},"potentialAction":[{"@type":"SearchAction","target":{"@type":"EntryPoint","urlTemplate":"https:\/\/ccli.ubc.ca\/fr\/?s={search_term_string}"},"query-input":{"@type":"PropertyValueSpecification","valueRequired":true,"valueName":"search_term_string"}}],"inLanguage":"fr-FR"},{"@type":"Organization","@id":"https:\/\/ccli.ubc.ca\/fr\/#organization","name":"L'Initiative canadienne de droit climatique","url":"https:\/\/ccli.ubc.ca\/fr\/","logo":{"@type":"ImageObject","inLanguage":"fr-FR","@id":"https:\/\/ccli.ubc.ca\/fr\/#\/schema\/logo\/image\/","url":"https:\/\/ccli.ubc.ca\/wp-content\/uploads\/2026\/07\/CCLI-EngFr-Green.svg","contentUrl":"https:\/\/ccli.ubc.ca\/wp-content\/uploads\/2026\/07\/CCLI-EngFr-Green.svg","width":575,"height":241,"caption":"L'Initiative canadienne de droit climatique"},"image":{"@id":"https:\/\/ccli.ubc.ca\/fr\/#\/schema\/logo\/image\/"},"sameAs":["https:\/\/www.youtube.com\/channel\/UCVoB3ypQTE42_Y8r_eMk1tg\/featured","https:\/\/www.linkedin.com\/company\/canada-climate-law-initiative\/"]}]}</script>
<!-- / Yoast SEO plugin. -->

Andrea Moffat dirige les activités d’intendance d&rsquo;Addenda. L&rsquo;intendance comprend un engagement actif auprès des entreprises et des émetteurs sur les questions environnementales, sociales et de gouvernance (ESG) afin d&rsquo;améliorer la valeur à long terme des investissements pour les clients. Il s&rsquo;agit également de promouvoir activement des marchés financiers durables en collaborant avec des experts et [&hellip;]
