{"id":3927,"date":"2021-04-27T18:34:35","date_gmt":"2021-04-27T18:34:35","guid":{"rendered":"https:\/\/ccli.ubc.ca\/team-member\/andrew-macdougall-2\/"},"modified":"2026-06-25T16:50:08","modified_gmt":"2026-06-25T16:50:08","slug":"andrew-macdougall","status":"publish","type":"team-member","link":"https:\/\/ccli.ubc.ca\/fr\/team-member\/andrew-macdougall\/","title":{"rendered":"Andrew MacDougall"},"content":{"rendered":"\n<p class=\"wp-block-paragraph\">Andrew MacDougall est professeur agr\u00e9g\u00e9 en \u00e9cologie environnementale au D\u00e9partement de la biologie int\u00e9grative, Guelph University. Ses recherches testent comment les changements environnementaux mondiaux d\u2019origine humaine transforment les processus \u00e9cologiques fondamentaux dans les communaut\u00e9s terrestres et aquatiques, en se concentrant sur les niveaux trophiques (plante, insecte, vert\u00e9br\u00e9s y compris les poissons d\u2019eau douce) et les r\u00e9solutions spatiales (locale \u00e0 globale). Ses recherches sont centr\u00e9es sur les terres agricoles du sud de l\u2019Ontario en collaboration avec ALUS Canada, de la c\u00f4te ouest de la Colombie-Britannique avec Conservation de la Nature Canada, et l&rsquo;Arctique su\u00e9dois avec le Climate Impacts Research Center de Ume\u00e5 University.<\/p>\n\n\n\n<p class=\"wp-block-paragraph\">En reconnaissance de ses recherches dans les communaut\u00e9s agricoles ontariennes avec ALUS Canada, il a \u00e9t\u00e9 r\u00e9compens\u00e9 par le prix Ecosystem Innovation de la W. Garfield Weston Foundation en 2017. Il est membre du Coll\u00e8ge de nouveaux chercheurs et cr\u00e9ateurs en art et en science de la Soci\u00e9t\u00e9 royale du Canada. Avant de travailler dans le milieu universitaire, il a travaill\u00e9 pendant sept ans en tant que biologiste de la conservation et des esp\u00e8ces en p\u00e9ril aupr\u00e8s du gouvernement f\u00e9d\u00e9ral (Service canadien des for\u00eats) et provincial (Nouveau-Brunswick).<\/p>\n","protected":false},"featured_media":10170,"menu_order":0,"template":"","meta":{"_acf_changed":false,"footnotes":""},"location":[172],"team_category":[96],"team_group":[97],"class_list":["post-3927","team-member","type-team-member","status-publish","has-post-thumbnail","hentry","location-ontario","team_category-energie-ressources-et-capital-naturel","team_group-experts-en-gouvernance-climatique"],"acf":[],"yoast_head":"<!-- This site is optimized with the Yoast SEO plugin v28.2 - https:\/\/yoast.com\/product\/yoast-seo-wordpress\/ -->\n<title>Andrew MacDougall - L&#039;Initiative canadienne de droit climatique<\/title>\n<meta name=\"robots\" content=\"index, follow, max-snippet:-1, max-image-preview:large, max-video-preview:-1\" \/>\n<link rel=\"canonical\" href=\"https:\/\/ccli.ubc.ca\/team-member\/andrew-macdougall\/\" \/>\n<meta property=\"og:locale\" content=\"fr_FR\" \/>\n<meta property=\"og:type\" content=\"article\" \/>\n<meta property=\"og:title\" content=\"Andrew MacDougall - L&#039;Initiative canadienne de droit climatique\" \/>\n<meta property=\"og:description\" content=\"Andrew MacDougall est professeur agr\u00e9g\u00e9 en \u00e9cologie environnementale au D\u00e9partement de la biologie int\u00e9grative, Guelph University. Ses recherches testent comment les changements environnementaux mondiaux d\u2019origine humaine transforment les processus \u00e9cologiques fondamentaux dans les communaut\u00e9s terrestres et aquatiques, en se concentrant sur les niveaux trophiques (plante, insecte, vert\u00e9br\u00e9s y compris les poissons d\u2019eau douce) et les [&hellip;]\" \/>\n<meta property=\"og:url\" content=\"https:\/\/ccli.ubc.ca\/team-member\/andrew-macdougall\/\" \/>\n<meta property=\"og:site_name\" content=\"L&#039;Initiative canadienne de droit climatique\" \/>\n<meta property=\"article:modified_time\" content=\"2026-06-25T16:50:08+00:00\" \/>\n<meta property=\"og:image\" content=\"https:\/\/ccli.ubc.ca\/wp-content\/uploads\/2021\/04\/McDougall.jpg\" \/>\n\t<meta property=\"og:image:width\" content=\"379\" \/>\n\t<meta property=\"og:image:height\" content=\"379\" \/>\n\t<meta property=\"og:image:type\" content=\"image\/jpeg\" \/>\n<meta name=\"twitter:card\" content=\"summary_large_image\" \/>\n<meta name=\"twitter:label1\" content=\"Dur\u00e9e de lecture estim\u00e9e\" \/>\n\t<meta name=\"twitter:data1\" content=\"1 minute\" \/>\n<script type=\"application\/ld+json\" class=\"yoast-schema-graph\">{\"@context\":\"https:\\\/\\\/schema.org\",\"@graph\":[{\"@type\":\"WebPage\",\"@id\":\"https:\\\/\\\/ccli.ubc.ca\\\/team-member\\\/andrew-macdougall\\\/\",\"url\":\"https:\\\/\\\/ccli.ubc.ca\\\/team-member\\\/andrew-macdougall\\\/\",\"name\":\"Andrew MacDougall - L'Initiative canadienne de droit climatique\",\"isPartOf\":{\"@id\":\"https:\\\/\\\/ccli.ubc.ca\\\/fr\\\/#website\"},\"primaryImageOfPage\":{\"@id\":\"https:\\\/\\\/ccli.ubc.ca\\\/team-member\\\/andrew-macdougall\\\/#primaryimage\"},\"image\":{\"@id\":\"https:\\\/\\\/ccli.ubc.ca\\\/team-member\\\/andrew-macdougall\\\/#primaryimage\"},\"thumbnailUrl\":\"https:\\\/\\\/ccli.ubc.ca\\\/wp-content\\\/uploads\\\/2021\\\/04\\\/McDougall.jpg\",\"datePublished\":\"2021-04-27T18:34:35+00:00\",\"dateModified\":\"2026-06-25T16:50:08+00:00\",\"breadcrumb\":{\"@id\":\"https:\\\/\\\/ccli.ubc.ca\\\/team-member\\\/andrew-macdougall\\\/#breadcrumb\"},\"inLanguage\":\"fr-FR\",\"potentialAction\":[{\"@type\":\"ReadAction\",\"target\":[\"https:\\\/\\\/ccli.ubc.ca\\\/team-member\\\/andrew-macdougall\\\/\"]}]},{\"@type\":\"ImageObject\",\"inLanguage\":\"fr-FR\",\"@id\":\"https:\\\/\\\/ccli.ubc.ca\\\/team-member\\\/andrew-macdougall\\\/#primaryimage\",\"url\":\"https:\\\/\\\/ccli.ubc.ca\\\/wp-content\\\/uploads\\\/2021\\\/04\\\/McDougall.jpg\",\"contentUrl\":\"https:\\\/\\\/ccli.ubc.ca\\\/wp-content\\\/uploads\\\/2021\\\/04\\\/McDougall.jpg\",\"width\":379,\"height\":379},{\"@type\":\"BreadcrumbList\",\"@id\":\"https:\\\/\\\/ccli.ubc.ca\\\/team-member\\\/andrew-macdougall\\\/#breadcrumb\",\"itemListElement\":[{\"@type\":\"ListItem\",\"position\":1,\"name\":\"Home\",\"item\":\"https:\\\/\\\/ccli.ubc.ca\\\/fr\\\/\"},{\"@type\":\"ListItem\",\"position\":2,\"name\":\"Andrew MacDougall\"}]},{\"@type\":\"WebSite\",\"@id\":\"https:\\\/\\\/ccli.ubc.ca\\\/fr\\\/#website\",\"url\":\"https:\\\/\\\/ccli.ubc.ca\\\/fr\\\/\",\"name\":\"Canada Climate Law Initiative\",\"description\":\"\",\"publisher\":{\"@id\":\"https:\\\/\\\/ccli.ubc.ca\\\/fr\\\/#organization\"},\"potentialAction\":[{\"@type\":\"SearchAction\",\"target\":{\"@type\":\"EntryPoint\",\"urlTemplate\":\"https:\\\/\\\/ccli.ubc.ca\\\/fr\\\/?s={search_term_string}\"},\"query-input\":{\"@type\":\"PropertyValueSpecification\",\"valueRequired\":true,\"valueName\":\"search_term_string\"}}],\"inLanguage\":\"fr-FR\"},{\"@type\":\"Organization\",\"@id\":\"https:\\\/\\\/ccli.ubc.ca\\\/fr\\\/#organization\",\"name\":\"L'Initiative canadienne de droit climatique\",\"url\":\"https:\\\/\\\/ccli.ubc.ca\\\/fr\\\/\",\"logo\":{\"@type\":\"ImageObject\",\"inLanguage\":\"fr-FR\",\"@id\":\"https:\\\/\\\/ccli.ubc.ca\\\/fr\\\/#\\\/schema\\\/logo\\\/image\\\/\",\"url\":\"https:\\\/\\\/ccli.ubc.ca\\\/wp-content\\\/uploads\\\/2026\\\/07\\\/CCLI-EngFr-Green.svg\",\"contentUrl\":\"https:\\\/\\\/ccli.ubc.ca\\\/wp-content\\\/uploads\\\/2026\\\/07\\\/CCLI-EngFr-Green.svg\",\"width\":575,\"height\":241,\"caption\":\"L'Initiative canadienne de droit climatique\"},\"image\":{\"@id\":\"https:\\\/\\\/ccli.ubc.ca\\\/fr\\\/#\\\/schema\\\/logo\\\/image\\\/\"},\"sameAs\":[\"https:\\\/\\\/www.youtube.com\\\/channel\\\/UCVoB3ypQTE42_Y8r_eMk1tg\\\/featured\",\"https:\\\/\\\/www.linkedin.com\\\/company\\\/canada-climate-law-initiative\\\/\"]}]}<\/script>\n<!-- \/ Yoast SEO plugin. -->","yoast_head_json":{"title":"Andrew MacDougall - L'Initiative canadienne de droit climatique","robots":{"index":"index","follow":"follow","max-snippet":"max-snippet:-1","max-image-preview":"max-image-preview:large","max-video-preview":"max-video-preview:-1"},"canonical":"https:\/\/ccli.ubc.ca\/team-member\/andrew-macdougall\/","og_locale":"fr_FR","og_type":"article","og_title":"Andrew MacDougall - L'Initiative canadienne de droit climatique","og_description":"Andrew MacDougall est professeur agr\u00e9g\u00e9 en \u00e9cologie environnementale au D\u00e9partement de la biologie int\u00e9grative, Guelph University. Ses recherches testent comment les changements environnementaux mondiaux d\u2019origine humaine transforment les processus \u00e9cologiques fondamentaux dans les communaut\u00e9s terrestres et aquatiques, en se concentrant sur les niveaux trophiques (plante, insecte, vert\u00e9br\u00e9s y compris les poissons d\u2019eau douce) et les [&hellip;]","og_url":"https:\/\/ccli.ubc.ca\/team-member\/andrew-macdougall\/","og_site_name":"L'Initiative canadienne de droit climatique","article_modified_time":"2026-06-25T16:50:08+00:00","og_image":[{"width":379,"height":379,"url":"https:\/\/ccli.ubc.ca\/wp-content\/uploads\/2021\/04\/McDougall.jpg","type":"image\/jpeg"}],"twitter_card":"summary_large_image","twitter_misc":{"Dur\u00e9e de lecture estim\u00e9e":"1 minute"},"schema":{"@context":"https:\/\/schema.org","@graph":[{"@type":"WebPage","@id":"https:\/\/ccli.ubc.ca\/team-member\/andrew-macdougall\/","url":"https:\/\/ccli.ubc.ca\/team-member\/andrew-macdougall\/","name":"Andrew MacDougall - L'Initiative canadienne de droit climatique","isPartOf":{"@id":"https:\/\/ccli.ubc.ca\/fr\/#website"},"primaryImageOfPage":{"@id":"https:\/\/ccli.ubc.ca\/team-member\/andrew-macdougall\/#primaryimage"},"image":{"@id":"https:\/\/ccli.ubc.ca\/team-member\/andrew-macdougall\/#primaryimage"},"thumbnailUrl":"https:\/\/ccli.ubc.ca\/wp-content\/uploads\/2021\/04\/McDougall.jpg","datePublished":"2021-04-27T18:34:35+00:00","dateModified":"2026-06-25T16:50:08+00:00","breadcrumb":{"@id":"https:\/\/ccli.ubc.ca\/team-member\/andrew-macdougall\/#breadcrumb"},"inLanguage":"fr-FR","potentialAction":[{"@type":"ReadAction","target":["https:\/\/ccli.ubc.ca\/team-member\/andrew-macdougall\/"]}]},{"@type":"ImageObject","inLanguage":"fr-FR","@id":"https:\/\/ccli.ubc.ca\/team-member\/andrew-macdougall\/#primaryimage","url":"https:\/\/ccli.ubc.ca\/wp-content\/uploads\/2021\/04\/McDougall.jpg","contentUrl":"https:\/\/ccli.ubc.ca\/wp-content\/uploads\/2021\/04\/McDougall.jpg","width":379,"height":379},{"@type":"BreadcrumbList","@id":"https:\/\/ccli.ubc.ca\/team-member\/andrew-macdougall\/#breadcrumb","itemListElement":[{"@type":"ListItem","position":1,"name":"Home","item":"https:\/\/ccli.ubc.ca\/fr\/"},{"@type":"ListItem","position":2,"name":"Andrew MacDougall"}]},{"@type":"WebSite","@id":"https:\/\/ccli.ubc.ca\/fr\/#website","url":"https:\/\/ccli.ubc.ca\/fr\/","name":"Canada Climate Law Initiative","description":"","publisher":{"@id":"https:\/\/ccli.ubc.ca\/fr\/#organization"},"potentialAction":[{"@type":"SearchAction","target":{"@type":"EntryPoint","urlTemplate":"https:\/\/ccli.ubc.ca\/fr\/?s={search_term_string}"},"query-input":{"@type":"PropertyValueSpecification","valueRequired":true,"valueName":"search_term_string"}}],"inLanguage":"fr-FR"},{"@type":"Organization","@id":"https:\/\/ccli.ubc.ca\/fr\/#organization","name":"L'Initiative canadienne de droit climatique","url":"https:\/\/ccli.ubc.ca\/fr\/","logo":{"@type":"ImageObject","inLanguage":"fr-FR","@id":"https:\/\/ccli.ubc.ca\/fr\/#\/schema\/logo\/image\/","url":"https:\/\/ccli.ubc.ca\/wp-content\/uploads\/2026\/07\/CCLI-EngFr-Green.svg","contentUrl":"https:\/\/ccli.ubc.ca\/wp-content\/uploads\/2026\/07\/CCLI-EngFr-Green.svg","width":575,"height":241,"caption":"L'Initiative canadienne de droit climatique"},"image":{"@id":"https:\/\/ccli.ubc.ca\/fr\/#\/schema\/logo\/image\/"},"sameAs":["https:\/\/www.youtube.com\/channel\/UCVoB3ypQTE42_Y8r_eMk1tg\/featured","https:\/\/www.linkedin.com\/company\/canada-climate-law-initiative\/"]}]}},"_links":{"self":[{"href":"https:\/\/ccli.ubc.ca\/fr\/wp-json\/wp\/v2\/team-member\/3927","targetHints":{"allow":["GET"]}}],"collection":[{"href":"https:\/\/ccli.ubc.ca\/fr\/wp-json\/wp\/v2\/team-member"}],"about":[{"href":"https:\/\/ccli.ubc.ca\/fr\/wp-json\/wp\/v2\/types\/team-member"}],"version-history":[{"count":1,"href":"https:\/\/ccli.ubc.ca\/fr\/wp-json\/wp\/v2\/team-member\/3927\/revisions"}],"predecessor-version":[{"id":4046,"href":"https:\/\/ccli.ubc.ca\/fr\/wp-json\/wp\/v2\/team-member\/3927\/revisions\/4046"}],"wp:featuredmedia":[{"embeddable":true,"href":"https:\/\/ccli.ubc.ca\/fr\/wp-json\/wp\/v2\/media\/10170"}],"wp:attachment":[{"href":"https:\/\/ccli.ubc.ca\/fr\/wp-json\/wp\/v2\/media?parent=3927"}],"wp:term":[{"taxonomy":"location","embeddable":true,"href":"https:\/\/ccli.ubc.ca\/fr\/wp-json\/wp\/v2\/location?post=3927"},{"taxonomy":"team_category","embeddable":true,"href":"https:\/\/ccli.ubc.ca\/fr\/wp-json\/wp\/v2\/team_category?post=3927"},{"taxonomy":"team_group","embeddable":true,"href":"https:\/\/ccli.ubc.ca\/fr\/wp-json\/wp\/v2\/team_group?post=3927"}],"curies":[{"name":"wp","href":"https:\/\/api.w.org\/{rel}","templated":true}]}}

<p class="wp-block-paragraph">Andrew MacDougall est professeur agrégé en écologie environnementale au Département de la biologie intégrative, Guelph University. Ses recherches testent comment les changements environnementaux mondiaux d’origine humaine transforment les processus écologiques fondamentaux dans les communautés terrestres et aquatiques, en se concentrant sur les niveaux trophiques (plante, insecte, vertébrés y compris les poissons d’eau douce) et les résolutions spatiales (locale à globale). Ses recherches sont centrées sur les terres agricoles du sud de l’Ontario en collaboration avec ALUS Canada, de la côte ouest de la Colombie-Britannique avec Conservation de la Nature Canada, et l&rsquo;Arctique suédois avec le Climate Impacts Research Center de Umeå University.</p>



<p class="wp-block-paragraph">En reconnaissance de ses recherches dans les communautés agricoles ontariennes avec ALUS Canada, il a été récompensé par le prix Ecosystem Innovation de la W. Garfield Weston Foundation en 2017. Il est membre du Collège de nouveaux chercheurs et créateurs en art et en science de la Société royale du Canada. Avant de travailler dans le milieu universitaire, il a travaillé pendant sept ans en tant que biologiste de la conservation et des espèces en péril auprès du gouvernement fédéral (Service canadien des forêts) et provincial (Nouveau-Brunswick).</p>

<!-- This site is optimized with the Yoast SEO plugin v28.2 - https://yoast.com/product/yoast-seo-wordpress/ -->
<title>Andrew MacDougall - L&#039;Initiative canadienne de droit climatique</title>
<meta name="robots" content="index, follow, max-snippet:-1, max-image-preview:large, max-video-preview:-1" />
<link rel="canonical" href="https://ccli.ubc.ca/team-member/andrew-macdougall/" />
<meta property="og:locale" content="fr_FR" />
<meta property="og:type" content="article" />
<meta property="og:title" content="Andrew MacDougall - L&#039;Initiative canadienne de droit climatique" />
<meta property="og:description" content="Andrew MacDougall est professeur agrégé en écologie environnementale au Département de la biologie intégrative, Guelph University. Ses recherches testent comment les changements environnementaux mondiaux d’origine humaine transforment les processus écologiques fondamentaux dans les communautés terrestres et aquatiques, en se concentrant sur les niveaux trophiques (plante, insecte, vertébrés y compris les poissons d’eau douce) et les [&hellip;]" />
<meta property="og:url" content="https://ccli.ubc.ca/team-member/andrew-macdougall/" />
<meta property="og:site_name" content="L&#039;Initiative canadienne de droit climatique" />
<meta property="article:modified_time" content="2026-06-25T16:50:08+00:00" />
<meta property="og:image" content="https://ccli.ubc.ca/wp-content/uploads/2021/04/McDougall.jpg" />
	<meta property="og:image:width" content="379" />
	<meta property="og:image:height" content="379" />
	<meta property="og:image:type" content="image/jpeg" />
<meta name="twitter:card" content="summary_large_image" />
<meta name="twitter:label1" content="Durée de lecture estimée" />
	<meta name="twitter:data1" content="1 minute" />
<script type="application/ld+json" class="yoast-schema-graph">{"@context":"https:\/\/schema.org","@graph":[{"@type":"WebPage","@id":"https:\/\/ccli.ubc.ca\/team-member\/andrew-macdougall\/","url":"https:\/\/ccli.ubc.ca\/team-member\/andrew-macdougall\/","name":"Andrew MacDougall - L'Initiative canadienne de droit climatique","isPartOf":{"@id":"https:\/\/ccli.ubc.ca\/fr\/#website"},"primaryImageOfPage":{"@id":"https:\/\/ccli.ubc.ca\/team-member\/andrew-macdougall\/#primaryimage"},"image":{"@id":"https:\/\/ccli.ubc.ca\/team-member\/andrew-macdougall\/#primaryimage"},"thumbnailUrl":"https:\/\/ccli.ubc.ca\/wp-content\/uploads\/2021\/04\/McDougall.jpg","datePublished":"2021-04-27T18:34:35+00:00","dateModified":"2026-06-25T16:50:08+00:00","breadcrumb":{"@id":"https:\/\/ccli.ubc.ca\/team-member\/andrew-macdougall\/#breadcrumb"},"inLanguage":"fr-FR","potentialAction":[{"@type":"ReadAction","target":["https:\/\/ccli.ubc.ca\/team-member\/andrew-macdougall\/"]}]},{"@type":"ImageObject","inLanguage":"fr-FR","@id":"https:\/\/ccli.ubc.ca\/team-member\/andrew-macdougall\/#primaryimage","url":"https:\/\/ccli.ubc.ca\/wp-content\/uploads\/2021\/04\/McDougall.jpg","contentUrl":"https:\/\/ccli.ubc.ca\/wp-content\/uploads\/2021\/04\/McDougall.jpg","width":379,"height":379},{"@type":"BreadcrumbList","@id":"https:\/\/ccli.ubc.ca\/team-member\/andrew-macdougall\/#breadcrumb","itemListElement":[{"@type":"ListItem","position":1,"name":"Home","item":"https:\/\/ccli.ubc.ca\/fr\/"},{"@type":"ListItem","position":2,"name":"Andrew MacDougall"}]},{"@type":"WebSite","@id":"https:\/\/ccli.ubc.ca\/fr\/#website","url":"https:\/\/ccli.ubc.ca\/fr\/","name":"Canada Climate Law Initiative","description":"","publisher":{"@id":"https:\/\/ccli.ubc.ca\/fr\/#organization"},"potentialAction":[{"@type":"SearchAction","target":{"@type":"EntryPoint","urlTemplate":"https:\/\/ccli.ubc.ca\/fr\/?s={search_term_string}"},"query-input":{"@type":"PropertyValueSpecification","valueRequired":true,"valueName":"search_term_string"}}],"inLanguage":"fr-FR"},{"@type":"Organization","@id":"https:\/\/ccli.ubc.ca\/fr\/#organization","name":"L'Initiative canadienne de droit climatique","url":"https:\/\/ccli.ubc.ca\/fr\/","logo":{"@type":"ImageObject","inLanguage":"fr-FR","@id":"https:\/\/ccli.ubc.ca\/fr\/#\/schema\/logo\/image\/","url":"https:\/\/ccli.ubc.ca\/wp-content\/uploads\/2026\/07\/CCLI-EngFr-Green.svg","contentUrl":"https:\/\/ccli.ubc.ca\/wp-content\/uploads\/2026\/07\/CCLI-EngFr-Green.svg","width":575,"height":241,"caption":"L'Initiative canadienne de droit climatique"},"image":{"@id":"https:\/\/ccli.ubc.ca\/fr\/#\/schema\/logo\/image\/"},"sameAs":["https:\/\/www.youtube.com\/channel\/UCVoB3ypQTE42_Y8r_eMk1tg\/featured","https:\/\/www.linkedin.com\/company\/canada-climate-law-initiative\/"]}]}</script>
<!-- / Yoast SEO plugin. -->

Andrew MacDougall est professeur agrégé en écologie environnementale au Département de la biologie intégrative, Guelph University. Ses recherches testent comment les changements environnementaux mondiaux d’origine humaine transforment les processus écologiques fondamentaux dans les communautés terrestres et aquatiques, en se concentrant sur les niveaux trophiques (plante, insecte, vertébrés y compris les poissons d’eau douce) et les [&hellip;]
