{"id":3936,"date":"2021-04-27T16:45:16","date_gmt":"2021-04-27T16:45:16","guid":{"rendered":"https:\/\/ccli.ubc.ca\/team-member\/carol-hansell-2\/"},"modified":"2026-06-25T16:50:10","modified_gmt":"2026-06-25T16:50:10","slug":"carol-hansell","status":"publish","type":"team-member","link":"https:\/\/ccli.ubc.ca\/fr\/team-member\/carol-hansell\/","title":{"rendered":"Carol Hansell"},"content":{"rendered":"\n<p class=\"wp-block-paragraph\">Carol Hansell est associ\u00e9e principale \u00e0 Hansell LLP. Avec plus de 25 ans de pratique, elle a men\u00e9 des transactions majeures pour des soci\u00e9t\u00e9s priv\u00e9es et publiques et des gouvernements. Elle dirige maintenant un cabinet ind\u00e9pendant d\u00e9di\u00e9 \u00e0 conseiller les conseils d\u2019administration, \u00e9quipes de gestion, actionnaires institutionnels et organismes de r\u00e9glementation sur les d\u00e9fis l\u00e9gaux et de gouvernance. Elle est aussi directrice chez Hansell McLaughlin Advisory Inc, qui avec Hansell LLP, fournit des conseils juridiques, de gouvernance, de relations gouvernementales et de communications.<\/p>\n\n\n\n<p class=\"wp-block-paragraph\">Carol si\u00e8ge actuellement sur les conseils d\u2019administration de Life Storage, Inc., Munich Reinsurance Company of Canada et l\u2019American College of Governance Counsel. Elle pr\u00e9side le Nominations Committee for the International Corporate Governance Committee et le Business Law Modernization and Burden Reduction Council. Elle est membre de l\u2019Institute of Corporate Directors et de l\u2019American College of Governance Counsel.<\/p>\n\n\n\n<p class=\"wp-block-paragraph\">Carol sert de Special Canadian Advisor au Corporate Laws Committee de l\u2019American Bar Association. Elle est l&rsquo;auteur de Directors and Officers in Canada: Law and Practice et du best-seller What Directors Need to Know: Corporate Governance.<\/p>\n","protected":false},"featured_media":10161,"menu_order":0,"template":"","meta":{"_acf_changed":false,"footnotes":""},"location":[172],"team_category":[91],"team_group":[97],"class_list":["post-3936","team-member","type-team-member","status-publish","has-post-thumbnail","hentry","location-ontario","team_category-droit-et-gouvernance","team_group-experts-en-gouvernance-climatique"],"acf":[],"yoast_head":"<!-- This site is optimized with the Yoast SEO plugin v28.4 - https:\/\/yoast.com\/product\/yoast-seo-wordpress\/ -->\n<title>Carol Hansell - L&#039;Initiative canadienne de droit climatique<\/title>\n<meta name=\"robots\" content=\"index, follow, max-snippet:-1, max-image-preview:large, max-video-preview:-1\" \/>\n<link rel=\"canonical\" href=\"https:\/\/ccli.ubc.ca\/team-member\/carol-hansell\/\" \/>\n<meta property=\"og:locale\" content=\"fr_FR\" \/>\n<meta property=\"og:type\" content=\"article\" \/>\n<meta property=\"og:title\" content=\"Carol Hansell - L&#039;Initiative canadienne de droit climatique\" \/>\n<meta property=\"og:description\" content=\"Carol Hansell est associ\u00e9e principale \u00e0 Hansell LLP. Avec plus de 25 ans de pratique, elle a men\u00e9 des transactions majeures pour des soci\u00e9t\u00e9s priv\u00e9es et publiques et des gouvernements. Elle dirige maintenant un cabinet ind\u00e9pendant d\u00e9di\u00e9 \u00e0 conseiller les conseils d\u2019administration, \u00e9quipes de gestion, actionnaires institutionnels et organismes de r\u00e9glementation sur les d\u00e9fis l\u00e9gaux [&hellip;]\" \/>\n<meta property=\"og:url\" content=\"https:\/\/ccli.ubc.ca\/team-member\/carol-hansell\/\" \/>\n<meta property=\"og:site_name\" content=\"L&#039;Initiative canadienne de droit climatique\" \/>\n<meta property=\"article:modified_time\" content=\"2026-06-25T16:50:10+00:00\" \/>\n<meta property=\"og:image\" content=\"https:\/\/ccli.ubc.ca\/wp-content\/uploads\/2021\/04\/Hansell.jpg\" \/>\n\t<meta property=\"og:image:width\" content=\"440\" \/>\n\t<meta property=\"og:image:height\" content=\"440\" \/>\n\t<meta property=\"og:image:type\" content=\"image\/jpeg\" \/>\n<meta name=\"twitter:card\" content=\"summary_large_image\" \/>\n<meta name=\"twitter:label1\" content=\"Dur\u00e9e de lecture estim\u00e9e\" \/>\n\t<meta name=\"twitter:data1\" content=\"1 minute\" \/>\n<script type=\"application\/ld+json\" class=\"yoast-schema-graph\">{\"@context\":\"https:\\\/\\\/schema.org\",\"@graph\":[{\"@type\":\"WebPage\",\"@id\":\"https:\\\/\\\/ccli.ubc.ca\\\/team-member\\\/carol-hansell\\\/\",\"url\":\"https:\\\/\\\/ccli.ubc.ca\\\/team-member\\\/carol-hansell\\\/\",\"name\":\"Carol Hansell - L'Initiative canadienne de droit climatique\",\"isPartOf\":{\"@id\":\"https:\\\/\\\/ccli.ubc.ca\\\/fr\\\/#website\"},\"primaryImageOfPage\":{\"@id\":\"https:\\\/\\\/ccli.ubc.ca\\\/team-member\\\/carol-hansell\\\/#primaryimage\"},\"image\":{\"@id\":\"https:\\\/\\\/ccli.ubc.ca\\\/team-member\\\/carol-hansell\\\/#primaryimage\"},\"thumbnailUrl\":\"https:\\\/\\\/ccli.ubc.ca\\\/wp-content\\\/uploads\\\/2021\\\/04\\\/Hansell.jpg\",\"datePublished\":\"2021-04-27T16:45:16+00:00\",\"dateModified\":\"2026-06-25T16:50:10+00:00\",\"breadcrumb\":{\"@id\":\"https:\\\/\\\/ccli.ubc.ca\\\/team-member\\\/carol-hansell\\\/#breadcrumb\"},\"inLanguage\":\"fr-FR\",\"potentialAction\":[{\"@type\":\"ReadAction\",\"target\":[\"https:\\\/\\\/ccli.ubc.ca\\\/team-member\\\/carol-hansell\\\/\"]}]},{\"@type\":\"ImageObject\",\"inLanguage\":\"fr-FR\",\"@id\":\"https:\\\/\\\/ccli.ubc.ca\\\/team-member\\\/carol-hansell\\\/#primaryimage\",\"url\":\"https:\\\/\\\/ccli.ubc.ca\\\/wp-content\\\/uploads\\\/2021\\\/04\\\/Hansell.jpg\",\"contentUrl\":\"https:\\\/\\\/ccli.ubc.ca\\\/wp-content\\\/uploads\\\/2021\\\/04\\\/Hansell.jpg\",\"width\":440,\"height\":440},{\"@type\":\"BreadcrumbList\",\"@id\":\"https:\\\/\\\/ccli.ubc.ca\\\/team-member\\\/carol-hansell\\\/#breadcrumb\",\"itemListElement\":[{\"@type\":\"ListItem\",\"position\":1,\"name\":\"Home\",\"item\":\"https:\\\/\\\/ccli.ubc.ca\\\/fr\\\/\"},{\"@type\":\"ListItem\",\"position\":2,\"name\":\"Carol Hansell\"}]},{\"@type\":\"WebSite\",\"@id\":\"https:\\\/\\\/ccli.ubc.ca\\\/fr\\\/#website\",\"url\":\"https:\\\/\\\/ccli.ubc.ca\\\/fr\\\/\",\"name\":\"Canada Climate Law Initiative\",\"description\":\"\",\"publisher\":{\"@id\":\"https:\\\/\\\/ccli.ubc.ca\\\/fr\\\/#organization\"},\"potentialAction\":[{\"@type\":\"SearchAction\",\"target\":{\"@type\":\"EntryPoint\",\"urlTemplate\":\"https:\\\/\\\/ccli.ubc.ca\\\/fr\\\/?s={search_term_string}\"},\"query-input\":{\"@type\":\"PropertyValueSpecification\",\"valueRequired\":true,\"valueName\":\"search_term_string\"}}],\"inLanguage\":\"fr-FR\"},{\"@type\":\"Organization\",\"@id\":\"https:\\\/\\\/ccli.ubc.ca\\\/fr\\\/#organization\",\"name\":\"L'Initiative canadienne de droit climatique\",\"url\":\"https:\\\/\\\/ccli.ubc.ca\\\/fr\\\/\",\"logo\":{\"@type\":\"ImageObject\",\"inLanguage\":\"fr-FR\",\"@id\":\"https:\\\/\\\/ccli.ubc.ca\\\/fr\\\/#\\\/schema\\\/logo\\\/image\\\/\",\"url\":\"https:\\\/\\\/ccli.ubc.ca\\\/wp-content\\\/uploads\\\/2026\\\/07\\\/CCLI-EngFr-Green.svg\",\"contentUrl\":\"https:\\\/\\\/ccli.ubc.ca\\\/wp-content\\\/uploads\\\/2026\\\/07\\\/CCLI-EngFr-Green.svg\",\"width\":575,\"height\":241,\"caption\":\"L'Initiative canadienne de droit climatique\"},\"image\":{\"@id\":\"https:\\\/\\\/ccli.ubc.ca\\\/fr\\\/#\\\/schema\\\/logo\\\/image\\\/\"},\"sameAs\":[\"https:\\\/\\\/www.youtube.com\\\/channel\\\/UCVoB3ypQTE42_Y8r_eMk1tg\\\/featured\",\"https:\\\/\\\/www.linkedin.com\\\/company\\\/canada-climate-law-initiative\\\/\"]}]}<\/script>\n<!-- \/ Yoast SEO plugin. -->","yoast_head_json":{"title":"Carol Hansell - L'Initiative canadienne de droit climatique","robots":{"index":"index","follow":"follow","max-snippet":"max-snippet:-1","max-image-preview":"max-image-preview:large","max-video-preview":"max-video-preview:-1"},"canonical":"https:\/\/ccli.ubc.ca\/team-member\/carol-hansell\/","og_locale":"fr_FR","og_type":"article","og_title":"Carol Hansell - L'Initiative canadienne de droit climatique","og_description":"Carol Hansell est associ\u00e9e principale \u00e0 Hansell LLP. Avec plus de 25 ans de pratique, elle a men\u00e9 des transactions majeures pour des soci\u00e9t\u00e9s priv\u00e9es et publiques et des gouvernements. Elle dirige maintenant un cabinet ind\u00e9pendant d\u00e9di\u00e9 \u00e0 conseiller les conseils d\u2019administration, \u00e9quipes de gestion, actionnaires institutionnels et organismes de r\u00e9glementation sur les d\u00e9fis l\u00e9gaux [&hellip;]","og_url":"https:\/\/ccli.ubc.ca\/team-member\/carol-hansell\/","og_site_name":"L'Initiative canadienne de droit climatique","article_modified_time":"2026-06-25T16:50:10+00:00","og_image":[{"width":440,"height":440,"url":"https:\/\/ccli.ubc.ca\/wp-content\/uploads\/2021\/04\/Hansell.jpg","type":"image\/jpeg"}],"twitter_card":"summary_large_image","twitter_misc":{"Dur\u00e9e de lecture estim\u00e9e":"1 minute"},"schema":{"@context":"https:\/\/schema.org","@graph":[{"@type":"WebPage","@id":"https:\/\/ccli.ubc.ca\/team-member\/carol-hansell\/","url":"https:\/\/ccli.ubc.ca\/team-member\/carol-hansell\/","name":"Carol Hansell - L'Initiative canadienne de droit climatique","isPartOf":{"@id":"https:\/\/ccli.ubc.ca\/fr\/#website"},"primaryImageOfPage":{"@id":"https:\/\/ccli.ubc.ca\/team-member\/carol-hansell\/#primaryimage"},"image":{"@id":"https:\/\/ccli.ubc.ca\/team-member\/carol-hansell\/#primaryimage"},"thumbnailUrl":"https:\/\/ccli.ubc.ca\/wp-content\/uploads\/2021\/04\/Hansell.jpg","datePublished":"2021-04-27T16:45:16+00:00","dateModified":"2026-06-25T16:50:10+00:00","breadcrumb":{"@id":"https:\/\/ccli.ubc.ca\/team-member\/carol-hansell\/#breadcrumb"},"inLanguage":"fr-FR","potentialAction":[{"@type":"ReadAction","target":["https:\/\/ccli.ubc.ca\/team-member\/carol-hansell\/"]}]},{"@type":"ImageObject","inLanguage":"fr-FR","@id":"https:\/\/ccli.ubc.ca\/team-member\/carol-hansell\/#primaryimage","url":"https:\/\/ccli.ubc.ca\/wp-content\/uploads\/2021\/04\/Hansell.jpg","contentUrl":"https:\/\/ccli.ubc.ca\/wp-content\/uploads\/2021\/04\/Hansell.jpg","width":440,"height":440},{"@type":"BreadcrumbList","@id":"https:\/\/ccli.ubc.ca\/team-member\/carol-hansell\/#breadcrumb","itemListElement":[{"@type":"ListItem","position":1,"name":"Home","item":"https:\/\/ccli.ubc.ca\/fr\/"},{"@type":"ListItem","position":2,"name":"Carol Hansell"}]},{"@type":"WebSite","@id":"https:\/\/ccli.ubc.ca\/fr\/#website","url":"https:\/\/ccli.ubc.ca\/fr\/","name":"Canada Climate Law Initiative","description":"","publisher":{"@id":"https:\/\/ccli.ubc.ca\/fr\/#organization"},"potentialAction":[{"@type":"SearchAction","target":{"@type":"EntryPoint","urlTemplate":"https:\/\/ccli.ubc.ca\/fr\/?s={search_term_string}"},"query-input":{"@type":"PropertyValueSpecification","valueRequired":true,"valueName":"search_term_string"}}],"inLanguage":"fr-FR"},{"@type":"Organization","@id":"https:\/\/ccli.ubc.ca\/fr\/#organization","name":"L'Initiative canadienne de droit climatique","url":"https:\/\/ccli.ubc.ca\/fr\/","logo":{"@type":"ImageObject","inLanguage":"fr-FR","@id":"https:\/\/ccli.ubc.ca\/fr\/#\/schema\/logo\/image\/","url":"https:\/\/ccli.ubc.ca\/wp-content\/uploads\/2026\/07\/CCLI-EngFr-Green.svg","contentUrl":"https:\/\/ccli.ubc.ca\/wp-content\/uploads\/2026\/07\/CCLI-EngFr-Green.svg","width":575,"height":241,"caption":"L'Initiative canadienne de droit climatique"},"image":{"@id":"https:\/\/ccli.ubc.ca\/fr\/#\/schema\/logo\/image\/"},"sameAs":["https:\/\/www.youtube.com\/channel\/UCVoB3ypQTE42_Y8r_eMk1tg\/featured","https:\/\/www.linkedin.com\/company\/canada-climate-law-initiative\/"]}]}},"_links":{"self":[{"href":"https:\/\/ccli.ubc.ca\/fr\/wp-json\/wp\/v2\/team-member\/3936","targetHints":{"allow":["GET"]}}],"collection":[{"href":"https:\/\/ccli.ubc.ca\/fr\/wp-json\/wp\/v2\/team-member"}],"about":[{"href":"https:\/\/ccli.ubc.ca\/fr\/wp-json\/wp\/v2\/types\/team-member"}],"version-history":[{"count":1,"href":"https:\/\/ccli.ubc.ca\/fr\/wp-json\/wp\/v2\/team-member\/3936\/revisions"}],"predecessor-version":[{"id":4055,"href":"https:\/\/ccli.ubc.ca\/fr\/wp-json\/wp\/v2\/team-member\/3936\/revisions\/4055"}],"wp:featuredmedia":[{"embeddable":true,"href":"https:\/\/ccli.ubc.ca\/fr\/wp-json\/wp\/v2\/media\/10161"}],"wp:attachment":[{"href":"https:\/\/ccli.ubc.ca\/fr\/wp-json\/wp\/v2\/media?parent=3936"}],"wp:term":[{"taxonomy":"location","embeddable":true,"href":"https:\/\/ccli.ubc.ca\/fr\/wp-json\/wp\/v2\/location?post=3936"},{"taxonomy":"team_category","embeddable":true,"href":"https:\/\/ccli.ubc.ca\/fr\/wp-json\/wp\/v2\/team_category?post=3936"},{"taxonomy":"team_group","embeddable":true,"href":"https:\/\/ccli.ubc.ca\/fr\/wp-json\/wp\/v2\/team_group?post=3936"}],"curies":[{"name":"wp","href":"https:\/\/api.w.org\/{rel}","templated":true}]}}

<p class="wp-block-paragraph">Carol Hansell est associée principale à Hansell LLP. Avec plus de 25 ans de pratique, elle a mené des transactions majeures pour des sociétés privées et publiques et des gouvernements. Elle dirige maintenant un cabinet indépendant dédié à conseiller les conseils d’administration, équipes de gestion, actionnaires institutionnels et organismes de réglementation sur les défis légaux et de gouvernance. Elle est aussi directrice chez Hansell McLaughlin Advisory Inc, qui avec Hansell LLP, fournit des conseils juridiques, de gouvernance, de relations gouvernementales et de communications.</p>



<p class="wp-block-paragraph">Carol siège actuellement sur les conseils d’administration de Life Storage, Inc., Munich Reinsurance Company of Canada et l’American College of Governance Counsel. Elle préside le Nominations Committee for the International Corporate Governance Committee et le Business Law Modernization and Burden Reduction Council. Elle est membre de l’Institute of Corporate Directors et de l’American College of Governance Counsel.</p>



<p class="wp-block-paragraph">Carol sert de Special Canadian Advisor au Corporate Laws Committee de l’American Bar Association. Elle est l&rsquo;auteur de Directors and Officers in Canada: Law and Practice et du best-seller What Directors Need to Know: Corporate Governance.</p>

<!-- This site is optimized with the Yoast SEO plugin v28.4 - https://yoast.com/product/yoast-seo-wordpress/ -->
<title>Carol Hansell - L&#039;Initiative canadienne de droit climatique</title>
<meta name="robots" content="index, follow, max-snippet:-1, max-image-preview:large, max-video-preview:-1" />
<link rel="canonical" href="https://ccli.ubc.ca/team-member/carol-hansell/" />
<meta property="og:locale" content="fr_FR" />
<meta property="og:type" content="article" />
<meta property="og:title" content="Carol Hansell - L&#039;Initiative canadienne de droit climatique" />
<meta property="og:description" content="Carol Hansell est associée principale à Hansell LLP. Avec plus de 25 ans de pratique, elle a mené des transactions majeures pour des sociétés privées et publiques et des gouvernements. Elle dirige maintenant un cabinet indépendant dédié à conseiller les conseils d’administration, équipes de gestion, actionnaires institutionnels et organismes de réglementation sur les défis légaux [&hellip;]" />
<meta property="og:url" content="https://ccli.ubc.ca/team-member/carol-hansell/" />
<meta property="og:site_name" content="L&#039;Initiative canadienne de droit climatique" />
<meta property="article:modified_time" content="2026-06-25T16:50:10+00:00" />
<meta property="og:image" content="https://ccli.ubc.ca/wp-content/uploads/2021/04/Hansell.jpg" />
	<meta property="og:image:width" content="440" />
	<meta property="og:image:height" content="440" />
	<meta property="og:image:type" content="image/jpeg" />
<meta name="twitter:card" content="summary_large_image" />
<meta name="twitter:label1" content="Durée de lecture estimée" />
	<meta name="twitter:data1" content="1 minute" />
<script type="application/ld+json" class="yoast-schema-graph">{"@context":"https:\/\/schema.org","@graph":[{"@type":"WebPage","@id":"https:\/\/ccli.ubc.ca\/team-member\/carol-hansell\/","url":"https:\/\/ccli.ubc.ca\/team-member\/carol-hansell\/","name":"Carol Hansell - L'Initiative canadienne de droit climatique","isPartOf":{"@id":"https:\/\/ccli.ubc.ca\/fr\/#website"},"primaryImageOfPage":{"@id":"https:\/\/ccli.ubc.ca\/team-member\/carol-hansell\/#primaryimage"},"image":{"@id":"https:\/\/ccli.ubc.ca\/team-member\/carol-hansell\/#primaryimage"},"thumbnailUrl":"https:\/\/ccli.ubc.ca\/wp-content\/uploads\/2021\/04\/Hansell.jpg","datePublished":"2021-04-27T16:45:16+00:00","dateModified":"2026-06-25T16:50:10+00:00","breadcrumb":{"@id":"https:\/\/ccli.ubc.ca\/team-member\/carol-hansell\/#breadcrumb"},"inLanguage":"fr-FR","potentialAction":[{"@type":"ReadAction","target":["https:\/\/ccli.ubc.ca\/team-member\/carol-hansell\/"]}]},{"@type":"ImageObject","inLanguage":"fr-FR","@id":"https:\/\/ccli.ubc.ca\/team-member\/carol-hansell\/#primaryimage","url":"https:\/\/ccli.ubc.ca\/wp-content\/uploads\/2021\/04\/Hansell.jpg","contentUrl":"https:\/\/ccli.ubc.ca\/wp-content\/uploads\/2021\/04\/Hansell.jpg","width":440,"height":440},{"@type":"BreadcrumbList","@id":"https:\/\/ccli.ubc.ca\/team-member\/carol-hansell\/#breadcrumb","itemListElement":[{"@type":"ListItem","position":1,"name":"Home","item":"https:\/\/ccli.ubc.ca\/fr\/"},{"@type":"ListItem","position":2,"name":"Carol Hansell"}]},{"@type":"WebSite","@id":"https:\/\/ccli.ubc.ca\/fr\/#website","url":"https:\/\/ccli.ubc.ca\/fr\/","name":"Canada Climate Law Initiative","description":"","publisher":{"@id":"https:\/\/ccli.ubc.ca\/fr\/#organization"},"potentialAction":[{"@type":"SearchAction","target":{"@type":"EntryPoint","urlTemplate":"https:\/\/ccli.ubc.ca\/fr\/?s={search_term_string}"},"query-input":{"@type":"PropertyValueSpecification","valueRequired":true,"valueName":"search_term_string"}}],"inLanguage":"fr-FR"},{"@type":"Organization","@id":"https:\/\/ccli.ubc.ca\/fr\/#organization","name":"L'Initiative canadienne de droit climatique","url":"https:\/\/ccli.ubc.ca\/fr\/","logo":{"@type":"ImageObject","inLanguage":"fr-FR","@id":"https:\/\/ccli.ubc.ca\/fr\/#\/schema\/logo\/image\/","url":"https:\/\/ccli.ubc.ca\/wp-content\/uploads\/2026\/07\/CCLI-EngFr-Green.svg","contentUrl":"https:\/\/ccli.ubc.ca\/wp-content\/uploads\/2026\/07\/CCLI-EngFr-Green.svg","width":575,"height":241,"caption":"L'Initiative canadienne de droit climatique"},"image":{"@id":"https:\/\/ccli.ubc.ca\/fr\/#\/schema\/logo\/image\/"},"sameAs":["https:\/\/www.youtube.com\/channel\/UCVoB3ypQTE42_Y8r_eMk1tg\/featured","https:\/\/www.linkedin.com\/company\/canada-climate-law-initiative\/"]}]}</script>
<!-- / Yoast SEO plugin. -->

Carol Hansell est associée principale à Hansell LLP. Avec plus de 25 ans de pratique, elle a mené des transactions majeures pour des sociétés privées et publiques et des gouvernements. Elle dirige maintenant un cabinet indépendant dédié à conseiller les conseils d’administration, équipes de gestion, actionnaires institutionnels et organismes de réglementation sur les défis légaux [&hellip;]
