{"id":3947,"date":"2021-04-27T15:54:32","date_gmt":"2021-04-27T15:54:32","guid":{"rendered":"https:\/\/ccli.ubc.ca\/team-member\/bryan-buggey-2\/"},"modified":"2026-06-25T16:50:12","modified_gmt":"2026-06-25T16:50:12","slug":"bryan-buggey","status":"publish","type":"team-member","link":"https:\/\/ccli.ubc.ca\/fr\/team-member\/bryan-buggey\/","title":{"rendered":"Bryan Buggey"},"content":{"rendered":"\n<p class=\"wp-block-paragraph\">Bryan Buggey est un cadre sup\u00e9rieur avec plus de trois d\u00e9cennies d\u2019exp\u00e9rience en tant que leader d\u2019affaires en entrepreneuriat, durabilit\u00e9, innovation, consultation en gestion et d\u00e9veloppement \u00e9conomique. Entre 2010 et 2022, Bryan \u00e9tait responsable du d\u00e9veloppement \u00e9conomique et des affaires \u00e0 la City of Vancouver\u2019s Economic Commission. En tant que Directeur, il dirig\u00e9 des \u00e9quipes en charge de projets et programmes visant \u00e0 accompagner la transition de l\u2019\u00e9cosyst\u00e8me des affaires de Vancouver vers une \u00e9conomie circulaire \u00e0 faible \u00e9mission de carbone. Cela comprenait les investissements, le commerce, l\u2019engagement des entreprises locales, la recherche et la promotion d\u2019initiatives climatiques cibl\u00e9es.<\/p>\n\n\n\n<p class=\"wp-block-paragraph\">Bryan est activement impliqu\u00e9 dans le City\u2019s Greenest City Action Plan, renewable City 2050, Zero Waste 2040, Digital Strategy, and Smart City Initiatives. Il am\u00e8ne la perspective du d\u00e9veloppement \u00e9conomique et opportunit\u00e9 d\u2019entreprises lors des discussions sur l\u2019\u00e9laboration des politiques publiques.<\/p>\n","protected":false},"featured_media":10151,"menu_order":0,"template":"","meta":{"_acf_changed":false,"footnotes":""},"location":[95],"team_category":[93],"team_group":[97],"class_list":["post-3947","team-member","type-team-member","status-publish","has-post-thumbnail","hentry","location-colombie-britannique","team_category-gouvernement-et-politiques-publiques","team_group-experts-en-gouvernance-climatique"],"acf":[],"yoast_head":"<!-- This site is optimized with the Yoast SEO plugin v28.2 - https:\/\/yoast.com\/product\/yoast-seo-wordpress\/ -->\n<title>Bryan Buggey - L&#039;Initiative canadienne de droit climatique<\/title>\n<meta name=\"robots\" content=\"index, follow, max-snippet:-1, max-image-preview:large, max-video-preview:-1\" \/>\n<link rel=\"canonical\" href=\"https:\/\/ccli.ubc.ca\/team-member\/bryan-buggey\/\" \/>\n<meta property=\"og:locale\" content=\"fr_FR\" \/>\n<meta property=\"og:type\" content=\"article\" \/>\n<meta property=\"og:title\" content=\"Bryan Buggey - L&#039;Initiative canadienne de droit climatique\" \/>\n<meta property=\"og:description\" content=\"Bryan Buggey est un cadre sup\u00e9rieur avec plus de trois d\u00e9cennies d\u2019exp\u00e9rience en tant que leader d\u2019affaires en entrepreneuriat, durabilit\u00e9, innovation, consultation en gestion et d\u00e9veloppement \u00e9conomique. Entre 2010 et 2022, Bryan \u00e9tait responsable du d\u00e9veloppement \u00e9conomique et des affaires \u00e0 la City of Vancouver\u2019s Economic Commission. En tant que Directeur, il dirig\u00e9 des \u00e9quipes [&hellip;]\" \/>\n<meta property=\"og:url\" content=\"https:\/\/ccli.ubc.ca\/team-member\/bryan-buggey\/\" \/>\n<meta property=\"og:site_name\" content=\"L&#039;Initiative canadienne de droit climatique\" \/>\n<meta property=\"article:modified_time\" content=\"2026-06-25T16:50:12+00:00\" \/>\n<meta property=\"og:image\" content=\"https:\/\/ccli.ubc.ca\/wp-content\/uploads\/2021\/04\/Buggey.jpg\" \/>\n\t<meta property=\"og:image:width\" content=\"485\" \/>\n\t<meta property=\"og:image:height\" content=\"485\" \/>\n\t<meta property=\"og:image:type\" content=\"image\/jpeg\" \/>\n<meta name=\"twitter:card\" content=\"summary_large_image\" \/>\n<meta name=\"twitter:label1\" content=\"Dur\u00e9e de lecture estim\u00e9e\" \/>\n\t<meta name=\"twitter:data1\" content=\"1 minute\" \/>\n<script type=\"application\/ld+json\" class=\"yoast-schema-graph\">{\"@context\":\"https:\\\/\\\/schema.org\",\"@graph\":[{\"@type\":\"WebPage\",\"@id\":\"https:\\\/\\\/ccli.ubc.ca\\\/team-member\\\/bryan-buggey\\\/\",\"url\":\"https:\\\/\\\/ccli.ubc.ca\\\/team-member\\\/bryan-buggey\\\/\",\"name\":\"Bryan Buggey - L'Initiative canadienne de droit climatique\",\"isPartOf\":{\"@id\":\"https:\\\/\\\/ccli.ubc.ca\\\/fr\\\/#website\"},\"primaryImageOfPage\":{\"@id\":\"https:\\\/\\\/ccli.ubc.ca\\\/team-member\\\/bryan-buggey\\\/#primaryimage\"},\"image\":{\"@id\":\"https:\\\/\\\/ccli.ubc.ca\\\/team-member\\\/bryan-buggey\\\/#primaryimage\"},\"thumbnailUrl\":\"https:\\\/\\\/ccli.ubc.ca\\\/wp-content\\\/uploads\\\/2021\\\/04\\\/Buggey.jpg\",\"datePublished\":\"2021-04-27T15:54:32+00:00\",\"dateModified\":\"2026-06-25T16:50:12+00:00\",\"breadcrumb\":{\"@id\":\"https:\\\/\\\/ccli.ubc.ca\\\/team-member\\\/bryan-buggey\\\/#breadcrumb\"},\"inLanguage\":\"fr-FR\",\"potentialAction\":[{\"@type\":\"ReadAction\",\"target\":[\"https:\\\/\\\/ccli.ubc.ca\\\/team-member\\\/bryan-buggey\\\/\"]}]},{\"@type\":\"ImageObject\",\"inLanguage\":\"fr-FR\",\"@id\":\"https:\\\/\\\/ccli.ubc.ca\\\/team-member\\\/bryan-buggey\\\/#primaryimage\",\"url\":\"https:\\\/\\\/ccli.ubc.ca\\\/wp-content\\\/uploads\\\/2021\\\/04\\\/Buggey.jpg\",\"contentUrl\":\"https:\\\/\\\/ccli.ubc.ca\\\/wp-content\\\/uploads\\\/2021\\\/04\\\/Buggey.jpg\",\"width\":485,\"height\":485},{\"@type\":\"BreadcrumbList\",\"@id\":\"https:\\\/\\\/ccli.ubc.ca\\\/team-member\\\/bryan-buggey\\\/#breadcrumb\",\"itemListElement\":[{\"@type\":\"ListItem\",\"position\":1,\"name\":\"Home\",\"item\":\"https:\\\/\\\/ccli.ubc.ca\\\/fr\\\/\"},{\"@type\":\"ListItem\",\"position\":2,\"name\":\"Bryan Buggey\"}]},{\"@type\":\"WebSite\",\"@id\":\"https:\\\/\\\/ccli.ubc.ca\\\/fr\\\/#website\",\"url\":\"https:\\\/\\\/ccli.ubc.ca\\\/fr\\\/\",\"name\":\"Canada Climate Law Initiative\",\"description\":\"\",\"publisher\":{\"@id\":\"https:\\\/\\\/ccli.ubc.ca\\\/fr\\\/#organization\"},\"potentialAction\":[{\"@type\":\"SearchAction\",\"target\":{\"@type\":\"EntryPoint\",\"urlTemplate\":\"https:\\\/\\\/ccli.ubc.ca\\\/fr\\\/?s={search_term_string}\"},\"query-input\":{\"@type\":\"PropertyValueSpecification\",\"valueRequired\":true,\"valueName\":\"search_term_string\"}}],\"inLanguage\":\"fr-FR\"},{\"@type\":\"Organization\",\"@id\":\"https:\\\/\\\/ccli.ubc.ca\\\/fr\\\/#organization\",\"name\":\"L'Initiative canadienne de droit climatique\",\"url\":\"https:\\\/\\\/ccli.ubc.ca\\\/fr\\\/\",\"logo\":{\"@type\":\"ImageObject\",\"inLanguage\":\"fr-FR\",\"@id\":\"https:\\\/\\\/ccli.ubc.ca\\\/fr\\\/#\\\/schema\\\/logo\\\/image\\\/\",\"url\":\"https:\\\/\\\/ccli.ubc.ca\\\/wp-content\\\/uploads\\\/2026\\\/07\\\/CCLI-EngFr-Green.svg\",\"contentUrl\":\"https:\\\/\\\/ccli.ubc.ca\\\/wp-content\\\/uploads\\\/2026\\\/07\\\/CCLI-EngFr-Green.svg\",\"width\":575,\"height\":241,\"caption\":\"L'Initiative canadienne de droit climatique\"},\"image\":{\"@id\":\"https:\\\/\\\/ccli.ubc.ca\\\/fr\\\/#\\\/schema\\\/logo\\\/image\\\/\"},\"sameAs\":[\"https:\\\/\\\/www.youtube.com\\\/channel\\\/UCVoB3ypQTE42_Y8r_eMk1tg\\\/featured\",\"https:\\\/\\\/www.linkedin.com\\\/company\\\/canada-climate-law-initiative\\\/\"]}]}<\/script>\n<!-- \/ Yoast SEO plugin. -->","yoast_head_json":{"title":"Bryan Buggey - L'Initiative canadienne de droit climatique","robots":{"index":"index","follow":"follow","max-snippet":"max-snippet:-1","max-image-preview":"max-image-preview:large","max-video-preview":"max-video-preview:-1"},"canonical":"https:\/\/ccli.ubc.ca\/team-member\/bryan-buggey\/","og_locale":"fr_FR","og_type":"article","og_title":"Bryan Buggey - L'Initiative canadienne de droit climatique","og_description":"Bryan Buggey est un cadre sup\u00e9rieur avec plus de trois d\u00e9cennies d\u2019exp\u00e9rience en tant que leader d\u2019affaires en entrepreneuriat, durabilit\u00e9, innovation, consultation en gestion et d\u00e9veloppement \u00e9conomique. Entre 2010 et 2022, Bryan \u00e9tait responsable du d\u00e9veloppement \u00e9conomique et des affaires \u00e0 la City of Vancouver\u2019s Economic Commission. En tant que Directeur, il dirig\u00e9 des \u00e9quipes [&hellip;]","og_url":"https:\/\/ccli.ubc.ca\/team-member\/bryan-buggey\/","og_site_name":"L'Initiative canadienne de droit climatique","article_modified_time":"2026-06-25T16:50:12+00:00","og_image":[{"width":485,"height":485,"url":"https:\/\/ccli.ubc.ca\/wp-content\/uploads\/2021\/04\/Buggey.jpg","type":"image\/jpeg"}],"twitter_card":"summary_large_image","twitter_misc":{"Dur\u00e9e de lecture estim\u00e9e":"1 minute"},"schema":{"@context":"https:\/\/schema.org","@graph":[{"@type":"WebPage","@id":"https:\/\/ccli.ubc.ca\/team-member\/bryan-buggey\/","url":"https:\/\/ccli.ubc.ca\/team-member\/bryan-buggey\/","name":"Bryan Buggey - L'Initiative canadienne de droit climatique","isPartOf":{"@id":"https:\/\/ccli.ubc.ca\/fr\/#website"},"primaryImageOfPage":{"@id":"https:\/\/ccli.ubc.ca\/team-member\/bryan-buggey\/#primaryimage"},"image":{"@id":"https:\/\/ccli.ubc.ca\/team-member\/bryan-buggey\/#primaryimage"},"thumbnailUrl":"https:\/\/ccli.ubc.ca\/wp-content\/uploads\/2021\/04\/Buggey.jpg","datePublished":"2021-04-27T15:54:32+00:00","dateModified":"2026-06-25T16:50:12+00:00","breadcrumb":{"@id":"https:\/\/ccli.ubc.ca\/team-member\/bryan-buggey\/#breadcrumb"},"inLanguage":"fr-FR","potentialAction":[{"@type":"ReadAction","target":["https:\/\/ccli.ubc.ca\/team-member\/bryan-buggey\/"]}]},{"@type":"ImageObject","inLanguage":"fr-FR","@id":"https:\/\/ccli.ubc.ca\/team-member\/bryan-buggey\/#primaryimage","url":"https:\/\/ccli.ubc.ca\/wp-content\/uploads\/2021\/04\/Buggey.jpg","contentUrl":"https:\/\/ccli.ubc.ca\/wp-content\/uploads\/2021\/04\/Buggey.jpg","width":485,"height":485},{"@type":"BreadcrumbList","@id":"https:\/\/ccli.ubc.ca\/team-member\/bryan-buggey\/#breadcrumb","itemListElement":[{"@type":"ListItem","position":1,"name":"Home","item":"https:\/\/ccli.ubc.ca\/fr\/"},{"@type":"ListItem","position":2,"name":"Bryan Buggey"}]},{"@type":"WebSite","@id":"https:\/\/ccli.ubc.ca\/fr\/#website","url":"https:\/\/ccli.ubc.ca\/fr\/","name":"Canada Climate Law Initiative","description":"","publisher":{"@id":"https:\/\/ccli.ubc.ca\/fr\/#organization"},"potentialAction":[{"@type":"SearchAction","target":{"@type":"EntryPoint","urlTemplate":"https:\/\/ccli.ubc.ca\/fr\/?s={search_term_string}"},"query-input":{"@type":"PropertyValueSpecification","valueRequired":true,"valueName":"search_term_string"}}],"inLanguage":"fr-FR"},{"@type":"Organization","@id":"https:\/\/ccli.ubc.ca\/fr\/#organization","name":"L'Initiative canadienne de droit climatique","url":"https:\/\/ccli.ubc.ca\/fr\/","logo":{"@type":"ImageObject","inLanguage":"fr-FR","@id":"https:\/\/ccli.ubc.ca\/fr\/#\/schema\/logo\/image\/","url":"https:\/\/ccli.ubc.ca\/wp-content\/uploads\/2026\/07\/CCLI-EngFr-Green.svg","contentUrl":"https:\/\/ccli.ubc.ca\/wp-content\/uploads\/2026\/07\/CCLI-EngFr-Green.svg","width":575,"height":241,"caption":"L'Initiative canadienne de droit climatique"},"image":{"@id":"https:\/\/ccli.ubc.ca\/fr\/#\/schema\/logo\/image\/"},"sameAs":["https:\/\/www.youtube.com\/channel\/UCVoB3ypQTE42_Y8r_eMk1tg\/featured","https:\/\/www.linkedin.com\/company\/canada-climate-law-initiative\/"]}]}},"_links":{"self":[{"href":"https:\/\/ccli.ubc.ca\/fr\/wp-json\/wp\/v2\/team-member\/3947","targetHints":{"allow":["GET"]}}],"collection":[{"href":"https:\/\/ccli.ubc.ca\/fr\/wp-json\/wp\/v2\/team-member"}],"about":[{"href":"https:\/\/ccli.ubc.ca\/fr\/wp-json\/wp\/v2\/types\/team-member"}],"version-history":[{"count":1,"href":"https:\/\/ccli.ubc.ca\/fr\/wp-json\/wp\/v2\/team-member\/3947\/revisions"}],"predecessor-version":[{"id":4064,"href":"https:\/\/ccli.ubc.ca\/fr\/wp-json\/wp\/v2\/team-member\/3947\/revisions\/4064"}],"wp:featuredmedia":[{"embeddable":true,"href":"https:\/\/ccli.ubc.ca\/fr\/wp-json\/wp\/v2\/media\/10151"}],"wp:attachment":[{"href":"https:\/\/ccli.ubc.ca\/fr\/wp-json\/wp\/v2\/media?parent=3947"}],"wp:term":[{"taxonomy":"location","embeddable":true,"href":"https:\/\/ccli.ubc.ca\/fr\/wp-json\/wp\/v2\/location?post=3947"},{"taxonomy":"team_category","embeddable":true,"href":"https:\/\/ccli.ubc.ca\/fr\/wp-json\/wp\/v2\/team_category?post=3947"},{"taxonomy":"team_group","embeddable":true,"href":"https:\/\/ccli.ubc.ca\/fr\/wp-json\/wp\/v2\/team_group?post=3947"}],"curies":[{"name":"wp","href":"https:\/\/api.w.org\/{rel}","templated":true}]}}

<p class="wp-block-paragraph">Bryan Buggey est un cadre supérieur avec plus de trois décennies d’expérience en tant que leader d’affaires en entrepreneuriat, durabilité, innovation, consultation en gestion et développement économique. Entre 2010 et 2022, Bryan était responsable du développement économique et des affaires à la City of Vancouver’s Economic Commission. En tant que Directeur, il dirigé des équipes en charge de projets et programmes visant à accompagner la transition de l’écosystème des affaires de Vancouver vers une économie circulaire à faible émission de carbone. Cela comprenait les investissements, le commerce, l’engagement des entreprises locales, la recherche et la promotion d’initiatives climatiques ciblées.</p>



<p class="wp-block-paragraph">Bryan est activement impliqué dans le City’s Greenest City Action Plan, renewable City 2050, Zero Waste 2040, Digital Strategy, and Smart City Initiatives. Il amène la perspective du développement économique et opportunité d’entreprises lors des discussions sur l’élaboration des politiques publiques.</p>

<!-- This site is optimized with the Yoast SEO plugin v28.2 - https://yoast.com/product/yoast-seo-wordpress/ -->
<title>Bryan Buggey - L&#039;Initiative canadienne de droit climatique</title>
<meta name="robots" content="index, follow, max-snippet:-1, max-image-preview:large, max-video-preview:-1" />
<link rel="canonical" href="https://ccli.ubc.ca/team-member/bryan-buggey/" />
<meta property="og:locale" content="fr_FR" />
<meta property="og:type" content="article" />
<meta property="og:title" content="Bryan Buggey - L&#039;Initiative canadienne de droit climatique" />
<meta property="og:description" content="Bryan Buggey est un cadre supérieur avec plus de trois décennies d’expérience en tant que leader d’affaires en entrepreneuriat, durabilité, innovation, consultation en gestion et développement économique. Entre 2010 et 2022, Bryan était responsable du développement économique et des affaires à la City of Vancouver’s Economic Commission. En tant que Directeur, il dirigé des équipes [&hellip;]" />
<meta property="og:url" content="https://ccli.ubc.ca/team-member/bryan-buggey/" />
<meta property="og:site_name" content="L&#039;Initiative canadienne de droit climatique" />
<meta property="article:modified_time" content="2026-06-25T16:50:12+00:00" />
<meta property="og:image" content="https://ccli.ubc.ca/wp-content/uploads/2021/04/Buggey.jpg" />
	<meta property="og:image:width" content="485" />
	<meta property="og:image:height" content="485" />
	<meta property="og:image:type" content="image/jpeg" />
<meta name="twitter:card" content="summary_large_image" />
<meta name="twitter:label1" content="Durée de lecture estimée" />
	<meta name="twitter:data1" content="1 minute" />
<script type="application/ld+json" class="yoast-schema-graph">{"@context":"https:\/\/schema.org","@graph":[{"@type":"WebPage","@id":"https:\/\/ccli.ubc.ca\/team-member\/bryan-buggey\/","url":"https:\/\/ccli.ubc.ca\/team-member\/bryan-buggey\/","name":"Bryan Buggey - L'Initiative canadienne de droit climatique","isPartOf":{"@id":"https:\/\/ccli.ubc.ca\/fr\/#website"},"primaryImageOfPage":{"@id":"https:\/\/ccli.ubc.ca\/team-member\/bryan-buggey\/#primaryimage"},"image":{"@id":"https:\/\/ccli.ubc.ca\/team-member\/bryan-buggey\/#primaryimage"},"thumbnailUrl":"https:\/\/ccli.ubc.ca\/wp-content\/uploads\/2021\/04\/Buggey.jpg","datePublished":"2021-04-27T15:54:32+00:00","dateModified":"2026-06-25T16:50:12+00:00","breadcrumb":{"@id":"https:\/\/ccli.ubc.ca\/team-member\/bryan-buggey\/#breadcrumb"},"inLanguage":"fr-FR","potentialAction":[{"@type":"ReadAction","target":["https:\/\/ccli.ubc.ca\/team-member\/bryan-buggey\/"]}]},{"@type":"ImageObject","inLanguage":"fr-FR","@id":"https:\/\/ccli.ubc.ca\/team-member\/bryan-buggey\/#primaryimage","url":"https:\/\/ccli.ubc.ca\/wp-content\/uploads\/2021\/04\/Buggey.jpg","contentUrl":"https:\/\/ccli.ubc.ca\/wp-content\/uploads\/2021\/04\/Buggey.jpg","width":485,"height":485},{"@type":"BreadcrumbList","@id":"https:\/\/ccli.ubc.ca\/team-member\/bryan-buggey\/#breadcrumb","itemListElement":[{"@type":"ListItem","position":1,"name":"Home","item":"https:\/\/ccli.ubc.ca\/fr\/"},{"@type":"ListItem","position":2,"name":"Bryan Buggey"}]},{"@type":"WebSite","@id":"https:\/\/ccli.ubc.ca\/fr\/#website","url":"https:\/\/ccli.ubc.ca\/fr\/","name":"Canada Climate Law Initiative","description":"","publisher":{"@id":"https:\/\/ccli.ubc.ca\/fr\/#organization"},"potentialAction":[{"@type":"SearchAction","target":{"@type":"EntryPoint","urlTemplate":"https:\/\/ccli.ubc.ca\/fr\/?s={search_term_string}"},"query-input":{"@type":"PropertyValueSpecification","valueRequired":true,"valueName":"search_term_string"}}],"inLanguage":"fr-FR"},{"@type":"Organization","@id":"https:\/\/ccli.ubc.ca\/fr\/#organization","name":"L'Initiative canadienne de droit climatique","url":"https:\/\/ccli.ubc.ca\/fr\/","logo":{"@type":"ImageObject","inLanguage":"fr-FR","@id":"https:\/\/ccli.ubc.ca\/fr\/#\/schema\/logo\/image\/","url":"https:\/\/ccli.ubc.ca\/wp-content\/uploads\/2026\/07\/CCLI-EngFr-Green.svg","contentUrl":"https:\/\/ccli.ubc.ca\/wp-content\/uploads\/2026\/07\/CCLI-EngFr-Green.svg","width":575,"height":241,"caption":"L'Initiative canadienne de droit climatique"},"image":{"@id":"https:\/\/ccli.ubc.ca\/fr\/#\/schema\/logo\/image\/"},"sameAs":["https:\/\/www.youtube.com\/channel\/UCVoB3ypQTE42_Y8r_eMk1tg\/featured","https:\/\/www.linkedin.com\/company\/canada-climate-law-initiative\/"]}]}</script>
<!-- / Yoast SEO plugin. -->

Bryan Buggey est un cadre supérieur avec plus de trois décennies d’expérience en tant que leader d’affaires en entrepreneuriat, durabilité, innovation, consultation en gestion et développement économique. Entre 2010 et 2022, Bryan était responsable du développement économique et des affaires à la City of Vancouver’s Economic Commission. En tant que Directeur, il dirigé des équipes [&hellip;]
