{"id":3949,"date":"2021-04-27T15:49:44","date_gmt":"2021-04-27T15:49:44","guid":{"rendered":"https:\/\/ccli.ubc.ca\/team-member\/colin-brousson-2\/"},"modified":"2026-06-25T16:50:12","modified_gmt":"2026-06-25T16:50:12","slug":"colin-brousson","status":"publish","type":"team-member","link":"https:\/\/ccli.ubc.ca\/fr\/team-member\/colin-brousson\/","title":{"rendered":"Colin Brousson"},"content":{"rendered":"\n<p class=\"wp-block-paragraph\">Colin Brousson est associ\u00e9 \u00e0 DLA PIPER et membre de leur Restructuring and Insolvency Group. Il a une longue exp\u00e9rience de repr\u00e9sentation des principales parties prenantes dans le cadre d\u2019engagements de restructuration d\u2019entreprise dans divers secteurs. Il agit pour toutes les parties concern\u00e9es par le processus d\u2019insolvabilit\u00e9 incluant les d\u00e9biteurs, les pr\u00eateurs, les acheteurs, les cr\u00e9anciers garantis et non garantis, les administrateurs ainsi que les fiduciaires, les receveurs et contr\u00f4leurs. De plus, Colin pratique dans les domaines du droit des peuples autochtones en se concentrant sur le d\u00e9veloppement \u00e9conomique.<\/p>\n\n\n\n<p class=\"wp-block-paragraph\">Colin a \u00e9t\u00e9 reconnu \u00e0 plusieurs reprises pour l\u2019excellence de son expertise juridique en insolvabilit\u00e9 et restructuration. Il a \u00e9t\u00e9 nomm\u00e9 \u00e0 l\u2019Insolvency Institute of Canada et a \u00e9t\u00e9 reconnu comme The Best lawyers in Canada for insolvency and financial restructuring law.<\/p>\n","protected":false},"featured_media":10149,"menu_order":0,"template":"","meta":{"_acf_changed":false,"footnotes":""},"location":[95],"team_category":[91],"team_group":[97],"class_list":["post-3949","team-member","type-team-member","status-publish","has-post-thumbnail","hentry","location-colombie-britannique","team_category-droit-et-gouvernance","team_group-experts-en-gouvernance-climatique"],"acf":[],"yoast_head":"<!-- This site is optimized with the Yoast SEO plugin v28.4 - https:\/\/yoast.com\/product\/yoast-seo-wordpress\/ -->\n<title>Colin Brousson - L&#039;Initiative canadienne de droit climatique<\/title>\n<meta name=\"robots\" content=\"index, follow, max-snippet:-1, max-image-preview:large, max-video-preview:-1\" \/>\n<link rel=\"canonical\" href=\"https:\/\/ccli.ubc.ca\/team-member\/colin-brousson\/\" \/>\n<meta property=\"og:locale\" content=\"fr_FR\" \/>\n<meta property=\"og:type\" content=\"article\" \/>\n<meta property=\"og:title\" content=\"Colin Brousson - L&#039;Initiative canadienne de droit climatique\" \/>\n<meta property=\"og:description\" content=\"Colin Brousson est associ\u00e9 \u00e0 DLA PIPER et membre de leur Restructuring and Insolvency Group. Il a une longue exp\u00e9rience de repr\u00e9sentation des principales parties prenantes dans le cadre d\u2019engagements de restructuration d\u2019entreprise dans divers secteurs. Il agit pour toutes les parties concern\u00e9es par le processus d\u2019insolvabilit\u00e9 incluant les d\u00e9biteurs, les pr\u00eateurs, les acheteurs, les [&hellip;]\" \/>\n<meta property=\"og:url\" content=\"https:\/\/ccli.ubc.ca\/team-member\/colin-brousson\/\" \/>\n<meta property=\"og:site_name\" content=\"L&#039;Initiative canadienne de droit climatique\" \/>\n<meta property=\"article:modified_time\" content=\"2026-06-25T16:50:12+00:00\" \/>\n<meta property=\"og:image\" content=\"https:\/\/ccli.ubc.ca\/wp-content\/uploads\/2021\/04\/Brousson-1.jpg\" \/>\n\t<meta property=\"og:image:width\" content=\"220\" \/>\n\t<meta property=\"og:image:height\" content=\"227\" \/>\n\t<meta property=\"og:image:type\" content=\"image\/jpeg\" \/>\n<meta name=\"twitter:card\" content=\"summary_large_image\" \/>\n<meta name=\"twitter:label1\" content=\"Dur\u00e9e de lecture estim\u00e9e\" \/>\n\t<meta name=\"twitter:data1\" content=\"1 minute\" \/>\n<script type=\"application\/ld+json\" class=\"yoast-schema-graph\">{\"@context\":\"https:\\\/\\\/schema.org\",\"@graph\":[{\"@type\":\"WebPage\",\"@id\":\"https:\\\/\\\/ccli.ubc.ca\\\/team-member\\\/colin-brousson\\\/\",\"url\":\"https:\\\/\\\/ccli.ubc.ca\\\/team-member\\\/colin-brousson\\\/\",\"name\":\"Colin Brousson - L'Initiative canadienne de droit climatique\",\"isPartOf\":{\"@id\":\"https:\\\/\\\/ccli.ubc.ca\\\/fr\\\/#website\"},\"primaryImageOfPage\":{\"@id\":\"https:\\\/\\\/ccli.ubc.ca\\\/team-member\\\/colin-brousson\\\/#primaryimage\"},\"image\":{\"@id\":\"https:\\\/\\\/ccli.ubc.ca\\\/team-member\\\/colin-brousson\\\/#primaryimage\"},\"thumbnailUrl\":\"https:\\\/\\\/ccli.ubc.ca\\\/wp-content\\\/uploads\\\/2021\\\/04\\\/Brousson-1-e1784243975448.jpg\",\"datePublished\":\"2021-04-27T15:49:44+00:00\",\"dateModified\":\"2026-06-25T16:50:12+00:00\",\"breadcrumb\":{\"@id\":\"https:\\\/\\\/ccli.ubc.ca\\\/team-member\\\/colin-brousson\\\/#breadcrumb\"},\"inLanguage\":\"fr-FR\",\"potentialAction\":[{\"@type\":\"ReadAction\",\"target\":[\"https:\\\/\\\/ccli.ubc.ca\\\/team-member\\\/colin-brousson\\\/\"]}]},{\"@type\":\"ImageObject\",\"inLanguage\":\"fr-FR\",\"@id\":\"https:\\\/\\\/ccli.ubc.ca\\\/team-member\\\/colin-brousson\\\/#primaryimage\",\"url\":\"https:\\\/\\\/ccli.ubc.ca\\\/wp-content\\\/uploads\\\/2021\\\/04\\\/Brousson-1-e1784243975448.jpg\",\"contentUrl\":\"https:\\\/\\\/ccli.ubc.ca\\\/wp-content\\\/uploads\\\/2021\\\/04\\\/Brousson-1-e1784243975448.jpg\",\"width\":220,\"height\":227},{\"@type\":\"BreadcrumbList\",\"@id\":\"https:\\\/\\\/ccli.ubc.ca\\\/team-member\\\/colin-brousson\\\/#breadcrumb\",\"itemListElement\":[{\"@type\":\"ListItem\",\"position\":1,\"name\":\"Home\",\"item\":\"https:\\\/\\\/ccli.ubc.ca\\\/fr\\\/\"},{\"@type\":\"ListItem\",\"position\":2,\"name\":\"Colin Brousson\"}]},{\"@type\":\"WebSite\",\"@id\":\"https:\\\/\\\/ccli.ubc.ca\\\/fr\\\/#website\",\"url\":\"https:\\\/\\\/ccli.ubc.ca\\\/fr\\\/\",\"name\":\"Canada Climate Law Initiative\",\"description\":\"\",\"publisher\":{\"@id\":\"https:\\\/\\\/ccli.ubc.ca\\\/fr\\\/#organization\"},\"potentialAction\":[{\"@type\":\"SearchAction\",\"target\":{\"@type\":\"EntryPoint\",\"urlTemplate\":\"https:\\\/\\\/ccli.ubc.ca\\\/fr\\\/?s={search_term_string}\"},\"query-input\":{\"@type\":\"PropertyValueSpecification\",\"valueRequired\":true,\"valueName\":\"search_term_string\"}}],\"inLanguage\":\"fr-FR\"},{\"@type\":\"Organization\",\"@id\":\"https:\\\/\\\/ccli.ubc.ca\\\/fr\\\/#organization\",\"name\":\"L'Initiative canadienne de droit climatique\",\"url\":\"https:\\\/\\\/ccli.ubc.ca\\\/fr\\\/\",\"logo\":{\"@type\":\"ImageObject\",\"inLanguage\":\"fr-FR\",\"@id\":\"https:\\\/\\\/ccli.ubc.ca\\\/fr\\\/#\\\/schema\\\/logo\\\/image\\\/\",\"url\":\"https:\\\/\\\/ccli.ubc.ca\\\/wp-content\\\/uploads\\\/2026\\\/07\\\/CCLI-EngFr-Green.svg\",\"contentUrl\":\"https:\\\/\\\/ccli.ubc.ca\\\/wp-content\\\/uploads\\\/2026\\\/07\\\/CCLI-EngFr-Green.svg\",\"width\":575,\"height\":241,\"caption\":\"L'Initiative canadienne de droit climatique\"},\"image\":{\"@id\":\"https:\\\/\\\/ccli.ubc.ca\\\/fr\\\/#\\\/schema\\\/logo\\\/image\\\/\"},\"sameAs\":[\"https:\\\/\\\/www.youtube.com\\\/channel\\\/UCVoB3ypQTE42_Y8r_eMk1tg\\\/featured\",\"https:\\\/\\\/www.linkedin.com\\\/company\\\/canada-climate-law-initiative\\\/\"]}]}<\/script>\n<!-- \/ Yoast SEO plugin. -->","yoast_head_json":{"title":"Colin Brousson - L'Initiative canadienne de droit climatique","robots":{"index":"index","follow":"follow","max-snippet":"max-snippet:-1","max-image-preview":"max-image-preview:large","max-video-preview":"max-video-preview:-1"},"canonical":"https:\/\/ccli.ubc.ca\/team-member\/colin-brousson\/","og_locale":"fr_FR","og_type":"article","og_title":"Colin Brousson - L'Initiative canadienne de droit climatique","og_description":"Colin Brousson est associ\u00e9 \u00e0 DLA PIPER et membre de leur Restructuring and Insolvency Group. Il a une longue exp\u00e9rience de repr\u00e9sentation des principales parties prenantes dans le cadre d\u2019engagements de restructuration d\u2019entreprise dans divers secteurs. Il agit pour toutes les parties concern\u00e9es par le processus d\u2019insolvabilit\u00e9 incluant les d\u00e9biteurs, les pr\u00eateurs, les acheteurs, les [&hellip;]","og_url":"https:\/\/ccli.ubc.ca\/team-member\/colin-brousson\/","og_site_name":"L'Initiative canadienne de droit climatique","article_modified_time":"2026-06-25T16:50:12+00:00","og_image":[{"width":220,"height":227,"url":"https:\/\/ccli.ubc.ca\/wp-content\/uploads\/2021\/04\/Brousson-1.jpg","type":"image\/jpeg"}],"twitter_card":"summary_large_image","twitter_misc":{"Dur\u00e9e de lecture estim\u00e9e":"1 minute"},"schema":{"@context":"https:\/\/schema.org","@graph":[{"@type":"WebPage","@id":"https:\/\/ccli.ubc.ca\/team-member\/colin-brousson\/","url":"https:\/\/ccli.ubc.ca\/team-member\/colin-brousson\/","name":"Colin Brousson - L'Initiative canadienne de droit climatique","isPartOf":{"@id":"https:\/\/ccli.ubc.ca\/fr\/#website"},"primaryImageOfPage":{"@id":"https:\/\/ccli.ubc.ca\/team-member\/colin-brousson\/#primaryimage"},"image":{"@id":"https:\/\/ccli.ubc.ca\/team-member\/colin-brousson\/#primaryimage"},"thumbnailUrl":"https:\/\/ccli.ubc.ca\/wp-content\/uploads\/2021\/04\/Brousson-1-e1784243975448.jpg","datePublished":"2021-04-27T15:49:44+00:00","dateModified":"2026-06-25T16:50:12+00:00","breadcrumb":{"@id":"https:\/\/ccli.ubc.ca\/team-member\/colin-brousson\/#breadcrumb"},"inLanguage":"fr-FR","potentialAction":[{"@type":"ReadAction","target":["https:\/\/ccli.ubc.ca\/team-member\/colin-brousson\/"]}]},{"@type":"ImageObject","inLanguage":"fr-FR","@id":"https:\/\/ccli.ubc.ca\/team-member\/colin-brousson\/#primaryimage","url":"https:\/\/ccli.ubc.ca\/wp-content\/uploads\/2021\/04\/Brousson-1-e1784243975448.jpg","contentUrl":"https:\/\/ccli.ubc.ca\/wp-content\/uploads\/2021\/04\/Brousson-1-e1784243975448.jpg","width":220,"height":227},{"@type":"BreadcrumbList","@id":"https:\/\/ccli.ubc.ca\/team-member\/colin-brousson\/#breadcrumb","itemListElement":[{"@type":"ListItem","position":1,"name":"Home","item":"https:\/\/ccli.ubc.ca\/fr\/"},{"@type":"ListItem","position":2,"name":"Colin Brousson"}]},{"@type":"WebSite","@id":"https:\/\/ccli.ubc.ca\/fr\/#website","url":"https:\/\/ccli.ubc.ca\/fr\/","name":"Canada Climate Law Initiative","description":"","publisher":{"@id":"https:\/\/ccli.ubc.ca\/fr\/#organization"},"potentialAction":[{"@type":"SearchAction","target":{"@type":"EntryPoint","urlTemplate":"https:\/\/ccli.ubc.ca\/fr\/?s={search_term_string}"},"query-input":{"@type":"PropertyValueSpecification","valueRequired":true,"valueName":"search_term_string"}}],"inLanguage":"fr-FR"},{"@type":"Organization","@id":"https:\/\/ccli.ubc.ca\/fr\/#organization","name":"L'Initiative canadienne de droit climatique","url":"https:\/\/ccli.ubc.ca\/fr\/","logo":{"@type":"ImageObject","inLanguage":"fr-FR","@id":"https:\/\/ccli.ubc.ca\/fr\/#\/schema\/logo\/image\/","url":"https:\/\/ccli.ubc.ca\/wp-content\/uploads\/2026\/07\/CCLI-EngFr-Green.svg","contentUrl":"https:\/\/ccli.ubc.ca\/wp-content\/uploads\/2026\/07\/CCLI-EngFr-Green.svg","width":575,"height":241,"caption":"L'Initiative canadienne de droit climatique"},"image":{"@id":"https:\/\/ccli.ubc.ca\/fr\/#\/schema\/logo\/image\/"},"sameAs":["https:\/\/www.youtube.com\/channel\/UCVoB3ypQTE42_Y8r_eMk1tg\/featured","https:\/\/www.linkedin.com\/company\/canada-climate-law-initiative\/"]}]}},"_links":{"self":[{"href":"https:\/\/ccli.ubc.ca\/fr\/wp-json\/wp\/v2\/team-member\/3949","targetHints":{"allow":["GET"]}}],"collection":[{"href":"https:\/\/ccli.ubc.ca\/fr\/wp-json\/wp\/v2\/team-member"}],"about":[{"href":"https:\/\/ccli.ubc.ca\/fr\/wp-json\/wp\/v2\/types\/team-member"}],"version-history":[{"count":1,"href":"https:\/\/ccli.ubc.ca\/fr\/wp-json\/wp\/v2\/team-member\/3949\/revisions"}],"predecessor-version":[{"id":4066,"href":"https:\/\/ccli.ubc.ca\/fr\/wp-json\/wp\/v2\/team-member\/3949\/revisions\/4066"}],"wp:featuredmedia":[{"embeddable":true,"href":"https:\/\/ccli.ubc.ca\/fr\/wp-json\/wp\/v2\/media\/10149"}],"wp:attachment":[{"href":"https:\/\/ccli.ubc.ca\/fr\/wp-json\/wp\/v2\/media?parent=3949"}],"wp:term":[{"taxonomy":"location","embeddable":true,"href":"https:\/\/ccli.ubc.ca\/fr\/wp-json\/wp\/v2\/location?post=3949"},{"taxonomy":"team_category","embeddable":true,"href":"https:\/\/ccli.ubc.ca\/fr\/wp-json\/wp\/v2\/team_category?post=3949"},{"taxonomy":"team_group","embeddable":true,"href":"https:\/\/ccli.ubc.ca\/fr\/wp-json\/wp\/v2\/team_group?post=3949"}],"curies":[{"name":"wp","href":"https:\/\/api.w.org\/{rel}","templated":true}]}}

<p class="wp-block-paragraph">Colin Brousson est associé à DLA PIPER et membre de leur Restructuring and Insolvency Group. Il a une longue expérience de représentation des principales parties prenantes dans le cadre d’engagements de restructuration d’entreprise dans divers secteurs. Il agit pour toutes les parties concernées par le processus d’insolvabilité incluant les débiteurs, les prêteurs, les acheteurs, les créanciers garantis et non garantis, les administrateurs ainsi que les fiduciaires, les receveurs et contrôleurs. De plus, Colin pratique dans les domaines du droit des peuples autochtones en se concentrant sur le développement économique.</p>



<p class="wp-block-paragraph">Colin a été reconnu à plusieurs reprises pour l’excellence de son expertise juridique en insolvabilité et restructuration. Il a été nommé à l’Insolvency Institute of Canada et a été reconnu comme The Best lawyers in Canada for insolvency and financial restructuring law.</p>

<!-- This site is optimized with the Yoast SEO plugin v28.4 - https://yoast.com/product/yoast-seo-wordpress/ -->
<title>Colin Brousson - L&#039;Initiative canadienne de droit climatique</title>
<meta name="robots" content="index, follow, max-snippet:-1, max-image-preview:large, max-video-preview:-1" />
<link rel="canonical" href="https://ccli.ubc.ca/team-member/colin-brousson/" />
<meta property="og:locale" content="fr_FR" />
<meta property="og:type" content="article" />
<meta property="og:title" content="Colin Brousson - L&#039;Initiative canadienne de droit climatique" />
<meta property="og:description" content="Colin Brousson est associé à DLA PIPER et membre de leur Restructuring and Insolvency Group. Il a une longue expérience de représentation des principales parties prenantes dans le cadre d’engagements de restructuration d’entreprise dans divers secteurs. Il agit pour toutes les parties concernées par le processus d’insolvabilité incluant les débiteurs, les prêteurs, les acheteurs, les [&hellip;]" />
<meta property="og:url" content="https://ccli.ubc.ca/team-member/colin-brousson/" />
<meta property="og:site_name" content="L&#039;Initiative canadienne de droit climatique" />
<meta property="article:modified_time" content="2026-06-25T16:50:12+00:00" />
<meta property="og:image" content="https://ccli.ubc.ca/wp-content/uploads/2021/04/Brousson-1.jpg" />
	<meta property="og:image:width" content="220" />
	<meta property="og:image:height" content="227" />
	<meta property="og:image:type" content="image/jpeg" />
<meta name="twitter:card" content="summary_large_image" />
<meta name="twitter:label1" content="Durée de lecture estimée" />
	<meta name="twitter:data1" content="1 minute" />
<script type="application/ld+json" class="yoast-schema-graph">{"@context":"https:\/\/schema.org","@graph":[{"@type":"WebPage","@id":"https:\/\/ccli.ubc.ca\/team-member\/colin-brousson\/","url":"https:\/\/ccli.ubc.ca\/team-member\/colin-brousson\/","name":"Colin Brousson - L'Initiative canadienne de droit climatique","isPartOf":{"@id":"https:\/\/ccli.ubc.ca\/fr\/#website"},"primaryImageOfPage":{"@id":"https:\/\/ccli.ubc.ca\/team-member\/colin-brousson\/#primaryimage"},"image":{"@id":"https:\/\/ccli.ubc.ca\/team-member\/colin-brousson\/#primaryimage"},"thumbnailUrl":"https:\/\/ccli.ubc.ca\/wp-content\/uploads\/2021\/04\/Brousson-1-e1784243975448.jpg","datePublished":"2021-04-27T15:49:44+00:00","dateModified":"2026-06-25T16:50:12+00:00","breadcrumb":{"@id":"https:\/\/ccli.ubc.ca\/team-member\/colin-brousson\/#breadcrumb"},"inLanguage":"fr-FR","potentialAction":[{"@type":"ReadAction","target":["https:\/\/ccli.ubc.ca\/team-member\/colin-brousson\/"]}]},{"@type":"ImageObject","inLanguage":"fr-FR","@id":"https:\/\/ccli.ubc.ca\/team-member\/colin-brousson\/#primaryimage","url":"https:\/\/ccli.ubc.ca\/wp-content\/uploads\/2021\/04\/Brousson-1-e1784243975448.jpg","contentUrl":"https:\/\/ccli.ubc.ca\/wp-content\/uploads\/2021\/04\/Brousson-1-e1784243975448.jpg","width":220,"height":227},{"@type":"BreadcrumbList","@id":"https:\/\/ccli.ubc.ca\/team-member\/colin-brousson\/#breadcrumb","itemListElement":[{"@type":"ListItem","position":1,"name":"Home","item":"https:\/\/ccli.ubc.ca\/fr\/"},{"@type":"ListItem","position":2,"name":"Colin Brousson"}]},{"@type":"WebSite","@id":"https:\/\/ccli.ubc.ca\/fr\/#website","url":"https:\/\/ccli.ubc.ca\/fr\/","name":"Canada Climate Law Initiative","description":"","publisher":{"@id":"https:\/\/ccli.ubc.ca\/fr\/#organization"},"potentialAction":[{"@type":"SearchAction","target":{"@type":"EntryPoint","urlTemplate":"https:\/\/ccli.ubc.ca\/fr\/?s={search_term_string}"},"query-input":{"@type":"PropertyValueSpecification","valueRequired":true,"valueName":"search_term_string"}}],"inLanguage":"fr-FR"},{"@type":"Organization","@id":"https:\/\/ccli.ubc.ca\/fr\/#organization","name":"L'Initiative canadienne de droit climatique","url":"https:\/\/ccli.ubc.ca\/fr\/","logo":{"@type":"ImageObject","inLanguage":"fr-FR","@id":"https:\/\/ccli.ubc.ca\/fr\/#\/schema\/logo\/image\/","url":"https:\/\/ccli.ubc.ca\/wp-content\/uploads\/2026\/07\/CCLI-EngFr-Green.svg","contentUrl":"https:\/\/ccli.ubc.ca\/wp-content\/uploads\/2026\/07\/CCLI-EngFr-Green.svg","width":575,"height":241,"caption":"L'Initiative canadienne de droit climatique"},"image":{"@id":"https:\/\/ccli.ubc.ca\/fr\/#\/schema\/logo\/image\/"},"sameAs":["https:\/\/www.youtube.com\/channel\/UCVoB3ypQTE42_Y8r_eMk1tg\/featured","https:\/\/www.linkedin.com\/company\/canada-climate-law-initiative\/"]}]}</script>
<!-- / Yoast SEO plugin. -->

Colin Brousson est associé à DLA PIPER et membre de leur Restructuring and Insolvency Group. Il a une longue expérience de représentation des principales parties prenantes dans le cadre d’engagements de restructuration d’entreprise dans divers secteurs. Il agit pour toutes les parties concernées par le processus d’insolvabilité incluant les débiteurs, les prêteurs, les acheteurs, les [&hellip;]
