{"id":3953,"date":"2021-04-27T15:33:05","date_gmt":"2021-04-27T15:33:05","guid":{"rendered":"https:\/\/ccli.ubc.ca\/team-member\/eli-angen-2\/"},"modified":"2026-06-25T16:50:13","modified_gmt":"2026-06-25T16:50:13","slug":"eli-angen","status":"publish","type":"team-member","link":"https:\/\/ccli.ubc.ca\/fr\/team-member\/eli-angen\/","title":{"rendered":"Eli Angen"},"content":{"rendered":"\n<p class=\"wp-block-paragraph\">Eli Angen est directeur g\u00e9n\u00e9ral dans l\u2019\u00e9quipe Investissement Durable \u00e0 l\u2019Ontario Teachers\u2019 Pension Plan (OTPP). Il am\u00e8ne son expertise sur les sujets de changements climatiques et de transition \u00e9nerg\u00e9tique. Il soutient l\u2019int\u00e9gration des risques et opportunit\u00e9s li\u00e9s au climat tout au long du cycle de vie de l\u2019investissement, dirige l&#8217;empreinte carbone du portefeuille et les risques li\u00e9s aux changements climatiques du fond et soutient le groupe interne en changements climatiques.<\/p>\n\n\n\n<p class=\"wp-block-paragraph\">Avant de rejoindre l\u2019OTPP, Eli \u00e9tait le directeur r\u00e9gional de l\u2019Ontario au Pembina Institute o\u00f9 il \u00e9tait responsable pour les programmes ontarien et f\u00e9d\u00e9ral. Son travail \u00e0 l\u2019institut comprenait la convention de leaders d\u2019opinion, l\u2019analyse technique, le plaidoyer politique, la collecte de fonds et la gestion d\u2019\u00e9quipe.<\/p>\n\n\n\n<p class=\"wp-block-paragraph\">Eli a de l\u2019exp\u00e9rience en ing\u00e9nierie et gestion de projet dans le secteur du p\u00e9trole et gaz en Alberta et a une vaste exp\u00e9rience en d\u00e9veloppement international. Eli d\u00e9tient un baccalaur\u00e9at en g\u00e9nie chimique de l&rsquo;University of Calgary.<\/p>\n","protected":false},"featured_media":10145,"menu_order":0,"template":"","meta":{"_acf_changed":false,"footnotes":""},"location":[172],"team_category":[102],"team_group":[94,97],"class_list":["post-3953","team-member","type-team-member","status-publish","has-post-thumbnail","hentry","location-ontario","team_category-fonds-de-pension","team_group-comite-consultatif","team_group-experts-en-gouvernance-climatique"],"acf":[],"yoast_head":"<!-- This site is optimized with the Yoast SEO plugin v28.2 - https:\/\/yoast.com\/product\/yoast-seo-wordpress\/ -->\n<title>Eli Angen - L&#039;Initiative canadienne de droit climatique<\/title>\n<meta name=\"robots\" content=\"index, follow, max-snippet:-1, max-image-preview:large, max-video-preview:-1\" \/>\n<link rel=\"canonical\" href=\"https:\/\/ccli.ubc.ca\/team-member\/eli-angen\/\" \/>\n<meta property=\"og:locale\" content=\"fr_FR\" \/>\n<meta property=\"og:type\" content=\"article\" \/>\n<meta property=\"og:title\" content=\"Eli Angen - L&#039;Initiative canadienne de droit climatique\" \/>\n<meta property=\"og:description\" content=\"Eli Angen est directeur g\u00e9n\u00e9ral dans l\u2019\u00e9quipe Investissement Durable \u00e0 l\u2019Ontario Teachers\u2019 Pension Plan (OTPP). Il am\u00e8ne son expertise sur les sujets de changements climatiques et de transition \u00e9nerg\u00e9tique. Il soutient l\u2019int\u00e9gration des risques et opportunit\u00e9s li\u00e9s au climat tout au long du cycle de vie de l\u2019investissement, dirige l&#8217;empreinte carbone du portefeuille et les [&hellip;]\" \/>\n<meta property=\"og:url\" content=\"https:\/\/ccli.ubc.ca\/team-member\/eli-angen\/\" \/>\n<meta property=\"og:site_name\" content=\"L&#039;Initiative canadienne de droit climatique\" \/>\n<meta property=\"article:modified_time\" content=\"2026-06-25T16:50:13+00:00\" \/>\n<meta property=\"og:image\" content=\"https:\/\/ccli.ubc.ca\/wp-content\/uploads\/2021\/04\/angen_2024.jpg\" \/>\n\t<meta property=\"og:image:width\" content=\"800\" \/>\n\t<meta property=\"og:image:height\" content=\"800\" \/>\n\t<meta property=\"og:image:type\" content=\"image\/jpeg\" \/>\n<meta name=\"twitter:card\" content=\"summary_large_image\" \/>\n<meta name=\"twitter:label1\" content=\"Dur\u00e9e de lecture estim\u00e9e\" \/>\n\t<meta name=\"twitter:data1\" content=\"1 minute\" \/>\n<script type=\"application\/ld+json\" class=\"yoast-schema-graph\">{\"@context\":\"https:\\\/\\\/schema.org\",\"@graph\":[{\"@type\":\"WebPage\",\"@id\":\"https:\\\/\\\/ccli.ubc.ca\\\/team-member\\\/eli-angen\\\/\",\"url\":\"https:\\\/\\\/ccli.ubc.ca\\\/team-member\\\/eli-angen\\\/\",\"name\":\"Eli Angen - L'Initiative canadienne de droit climatique\",\"isPartOf\":{\"@id\":\"https:\\\/\\\/ccli.ubc.ca\\\/fr\\\/#website\"},\"primaryImageOfPage\":{\"@id\":\"https:\\\/\\\/ccli.ubc.ca\\\/team-member\\\/eli-angen\\\/#primaryimage\"},\"image\":{\"@id\":\"https:\\\/\\\/ccli.ubc.ca\\\/team-member\\\/eli-angen\\\/#primaryimage\"},\"thumbnailUrl\":\"https:\\\/\\\/ccli.ubc.ca\\\/wp-content\\\/uploads\\\/2021\\\/04\\\/angen_2024.jpg\",\"datePublished\":\"2021-04-27T15:33:05+00:00\",\"dateModified\":\"2026-06-25T16:50:13+00:00\",\"breadcrumb\":{\"@id\":\"https:\\\/\\\/ccli.ubc.ca\\\/team-member\\\/eli-angen\\\/#breadcrumb\"},\"inLanguage\":\"fr-FR\",\"potentialAction\":[{\"@type\":\"ReadAction\",\"target\":[\"https:\\\/\\\/ccli.ubc.ca\\\/team-member\\\/eli-angen\\\/\"]}]},{\"@type\":\"ImageObject\",\"inLanguage\":\"fr-FR\",\"@id\":\"https:\\\/\\\/ccli.ubc.ca\\\/team-member\\\/eli-angen\\\/#primaryimage\",\"url\":\"https:\\\/\\\/ccli.ubc.ca\\\/wp-content\\\/uploads\\\/2021\\\/04\\\/angen_2024.jpg\",\"contentUrl\":\"https:\\\/\\\/ccli.ubc.ca\\\/wp-content\\\/uploads\\\/2021\\\/04\\\/angen_2024.jpg\",\"width\":800,\"height\":800},{\"@type\":\"BreadcrumbList\",\"@id\":\"https:\\\/\\\/ccli.ubc.ca\\\/team-member\\\/eli-angen\\\/#breadcrumb\",\"itemListElement\":[{\"@type\":\"ListItem\",\"position\":1,\"name\":\"Home\",\"item\":\"https:\\\/\\\/ccli.ubc.ca\\\/fr\\\/\"},{\"@type\":\"ListItem\",\"position\":2,\"name\":\"Eli Angen\"}]},{\"@type\":\"WebSite\",\"@id\":\"https:\\\/\\\/ccli.ubc.ca\\\/fr\\\/#website\",\"url\":\"https:\\\/\\\/ccli.ubc.ca\\\/fr\\\/\",\"name\":\"Canada Climate Law Initiative\",\"description\":\"\",\"publisher\":{\"@id\":\"https:\\\/\\\/ccli.ubc.ca\\\/fr\\\/#organization\"},\"potentialAction\":[{\"@type\":\"SearchAction\",\"target\":{\"@type\":\"EntryPoint\",\"urlTemplate\":\"https:\\\/\\\/ccli.ubc.ca\\\/fr\\\/?s={search_term_string}\"},\"query-input\":{\"@type\":\"PropertyValueSpecification\",\"valueRequired\":true,\"valueName\":\"search_term_string\"}}],\"inLanguage\":\"fr-FR\"},{\"@type\":\"Organization\",\"@id\":\"https:\\\/\\\/ccli.ubc.ca\\\/fr\\\/#organization\",\"name\":\"L'Initiative canadienne de droit climatique\",\"url\":\"https:\\\/\\\/ccli.ubc.ca\\\/fr\\\/\",\"logo\":{\"@type\":\"ImageObject\",\"inLanguage\":\"fr-FR\",\"@id\":\"https:\\\/\\\/ccli.ubc.ca\\\/fr\\\/#\\\/schema\\\/logo\\\/image\\\/\",\"url\":\"https:\\\/\\\/ccli.ubc.ca\\\/wp-content\\\/uploads\\\/2026\\\/07\\\/CCLI-EngFr-Green.svg\",\"contentUrl\":\"https:\\\/\\\/ccli.ubc.ca\\\/wp-content\\\/uploads\\\/2026\\\/07\\\/CCLI-EngFr-Green.svg\",\"width\":575,\"height\":241,\"caption\":\"L'Initiative canadienne de droit climatique\"},\"image\":{\"@id\":\"https:\\\/\\\/ccli.ubc.ca\\\/fr\\\/#\\\/schema\\\/logo\\\/image\\\/\"},\"sameAs\":[\"https:\\\/\\\/www.youtube.com\\\/channel\\\/UCVoB3ypQTE42_Y8r_eMk1tg\\\/featured\",\"https:\\\/\\\/www.linkedin.com\\\/company\\\/canada-climate-law-initiative\\\/\"]}]}<\/script>\n<!-- \/ Yoast SEO plugin. -->","yoast_head_json":{"title":"Eli Angen - L'Initiative canadienne de droit climatique","robots":{"index":"index","follow":"follow","max-snippet":"max-snippet:-1","max-image-preview":"max-image-preview:large","max-video-preview":"max-video-preview:-1"},"canonical":"https:\/\/ccli.ubc.ca\/team-member\/eli-angen\/","og_locale":"fr_FR","og_type":"article","og_title":"Eli Angen - L'Initiative canadienne de droit climatique","og_description":"Eli Angen est directeur g\u00e9n\u00e9ral dans l\u2019\u00e9quipe Investissement Durable \u00e0 l\u2019Ontario Teachers\u2019 Pension Plan (OTPP). Il am\u00e8ne son expertise sur les sujets de changements climatiques et de transition \u00e9nerg\u00e9tique. Il soutient l\u2019int\u00e9gration des risques et opportunit\u00e9s li\u00e9s au climat tout au long du cycle de vie de l\u2019investissement, dirige l&#8217;empreinte carbone du portefeuille et les [&hellip;]","og_url":"https:\/\/ccli.ubc.ca\/team-member\/eli-angen\/","og_site_name":"L'Initiative canadienne de droit climatique","article_modified_time":"2026-06-25T16:50:13+00:00","og_image":[{"width":800,"height":800,"url":"https:\/\/ccli.ubc.ca\/wp-content\/uploads\/2021\/04\/angen_2024.jpg","type":"image\/jpeg"}],"twitter_card":"summary_large_image","twitter_misc":{"Dur\u00e9e de lecture estim\u00e9e":"1 minute"},"schema":{"@context":"https:\/\/schema.org","@graph":[{"@type":"WebPage","@id":"https:\/\/ccli.ubc.ca\/team-member\/eli-angen\/","url":"https:\/\/ccli.ubc.ca\/team-member\/eli-angen\/","name":"Eli Angen - L'Initiative canadienne de droit climatique","isPartOf":{"@id":"https:\/\/ccli.ubc.ca\/fr\/#website"},"primaryImageOfPage":{"@id":"https:\/\/ccli.ubc.ca\/team-member\/eli-angen\/#primaryimage"},"image":{"@id":"https:\/\/ccli.ubc.ca\/team-member\/eli-angen\/#primaryimage"},"thumbnailUrl":"https:\/\/ccli.ubc.ca\/wp-content\/uploads\/2021\/04\/angen_2024.jpg","datePublished":"2021-04-27T15:33:05+00:00","dateModified":"2026-06-25T16:50:13+00:00","breadcrumb":{"@id":"https:\/\/ccli.ubc.ca\/team-member\/eli-angen\/#breadcrumb"},"inLanguage":"fr-FR","potentialAction":[{"@type":"ReadAction","target":["https:\/\/ccli.ubc.ca\/team-member\/eli-angen\/"]}]},{"@type":"ImageObject","inLanguage":"fr-FR","@id":"https:\/\/ccli.ubc.ca\/team-member\/eli-angen\/#primaryimage","url":"https:\/\/ccli.ubc.ca\/wp-content\/uploads\/2021\/04\/angen_2024.jpg","contentUrl":"https:\/\/ccli.ubc.ca\/wp-content\/uploads\/2021\/04\/angen_2024.jpg","width":800,"height":800},{"@type":"BreadcrumbList","@id":"https:\/\/ccli.ubc.ca\/team-member\/eli-angen\/#breadcrumb","itemListElement":[{"@type":"ListItem","position":1,"name":"Home","item":"https:\/\/ccli.ubc.ca\/fr\/"},{"@type":"ListItem","position":2,"name":"Eli Angen"}]},{"@type":"WebSite","@id":"https:\/\/ccli.ubc.ca\/fr\/#website","url":"https:\/\/ccli.ubc.ca\/fr\/","name":"Canada Climate Law Initiative","description":"","publisher":{"@id":"https:\/\/ccli.ubc.ca\/fr\/#organization"},"potentialAction":[{"@type":"SearchAction","target":{"@type":"EntryPoint","urlTemplate":"https:\/\/ccli.ubc.ca\/fr\/?s={search_term_string}"},"query-input":{"@type":"PropertyValueSpecification","valueRequired":true,"valueName":"search_term_string"}}],"inLanguage":"fr-FR"},{"@type":"Organization","@id":"https:\/\/ccli.ubc.ca\/fr\/#organization","name":"L'Initiative canadienne de droit climatique","url":"https:\/\/ccli.ubc.ca\/fr\/","logo":{"@type":"ImageObject","inLanguage":"fr-FR","@id":"https:\/\/ccli.ubc.ca\/fr\/#\/schema\/logo\/image\/","url":"https:\/\/ccli.ubc.ca\/wp-content\/uploads\/2026\/07\/CCLI-EngFr-Green.svg","contentUrl":"https:\/\/ccli.ubc.ca\/wp-content\/uploads\/2026\/07\/CCLI-EngFr-Green.svg","width":575,"height":241,"caption":"L'Initiative canadienne de droit climatique"},"image":{"@id":"https:\/\/ccli.ubc.ca\/fr\/#\/schema\/logo\/image\/"},"sameAs":["https:\/\/www.youtube.com\/channel\/UCVoB3ypQTE42_Y8r_eMk1tg\/featured","https:\/\/www.linkedin.com\/company\/canada-climate-law-initiative\/"]}]}},"_links":{"self":[{"href":"https:\/\/ccli.ubc.ca\/fr\/wp-json\/wp\/v2\/team-member\/3953","targetHints":{"allow":["GET"]}}],"collection":[{"href":"https:\/\/ccli.ubc.ca\/fr\/wp-json\/wp\/v2\/team-member"}],"about":[{"href":"https:\/\/ccli.ubc.ca\/fr\/wp-json\/wp\/v2\/types\/team-member"}],"version-history":[{"count":1,"href":"https:\/\/ccli.ubc.ca\/fr\/wp-json\/wp\/v2\/team-member\/3953\/revisions"}],"predecessor-version":[{"id":4070,"href":"https:\/\/ccli.ubc.ca\/fr\/wp-json\/wp\/v2\/team-member\/3953\/revisions\/4070"}],"wp:featuredmedia":[{"embeddable":true,"href":"https:\/\/ccli.ubc.ca\/fr\/wp-json\/wp\/v2\/media\/10145"}],"wp:attachment":[{"href":"https:\/\/ccli.ubc.ca\/fr\/wp-json\/wp\/v2\/media?parent=3953"}],"wp:term":[{"taxonomy":"location","embeddable":true,"href":"https:\/\/ccli.ubc.ca\/fr\/wp-json\/wp\/v2\/location?post=3953"},{"taxonomy":"team_category","embeddable":true,"href":"https:\/\/ccli.ubc.ca\/fr\/wp-json\/wp\/v2\/team_category?post=3953"},{"taxonomy":"team_group","embeddable":true,"href":"https:\/\/ccli.ubc.ca\/fr\/wp-json\/wp\/v2\/team_group?post=3953"}],"curies":[{"name":"wp","href":"https:\/\/api.w.org\/{rel}","templated":true}]}}

<p class="wp-block-paragraph">Eli Angen est directeur général dans l’équipe Investissement Durable à l’Ontario Teachers’ Pension Plan (OTPP). Il amène son expertise sur les sujets de changements climatiques et de transition énergétique. Il soutient l’intégration des risques et opportunités liés au climat tout au long du cycle de vie de l’investissement, dirige l&#8217;empreinte carbone du portefeuille et les risques liés aux changements climatiques du fond et soutient le groupe interne en changements climatiques.</p>



<p class="wp-block-paragraph">Avant de rejoindre l’OTPP, Eli était le directeur régional de l’Ontario au Pembina Institute où il était responsable pour les programmes ontarien et fédéral. Son travail à l’institut comprenait la convention de leaders d’opinion, l’analyse technique, le plaidoyer politique, la collecte de fonds et la gestion d’équipe.</p>



<p class="wp-block-paragraph">Eli a de l’expérience en ingénierie et gestion de projet dans le secteur du pétrole et gaz en Alberta et a une vaste expérience en développement international. Eli détient un baccalauréat en génie chimique de l&rsquo;University of Calgary.</p>

<!-- This site is optimized with the Yoast SEO plugin v28.2 - https://yoast.com/product/yoast-seo-wordpress/ -->
<title>Eli Angen - L&#039;Initiative canadienne de droit climatique</title>
<meta name="robots" content="index, follow, max-snippet:-1, max-image-preview:large, max-video-preview:-1" />
<link rel="canonical" href="https://ccli.ubc.ca/team-member/eli-angen/" />
<meta property="og:locale" content="fr_FR" />
<meta property="og:type" content="article" />
<meta property="og:title" content="Eli Angen - L&#039;Initiative canadienne de droit climatique" />
<meta property="og:description" content="Eli Angen est directeur général dans l’équipe Investissement Durable à l’Ontario Teachers’ Pension Plan (OTPP). Il amène son expertise sur les sujets de changements climatiques et de transition énergétique. Il soutient l’intégration des risques et opportunités liés au climat tout au long du cycle de vie de l’investissement, dirige l&#8217;empreinte carbone du portefeuille et les [&hellip;]" />
<meta property="og:url" content="https://ccli.ubc.ca/team-member/eli-angen/" />
<meta property="og:site_name" content="L&#039;Initiative canadienne de droit climatique" />
<meta property="article:modified_time" content="2026-06-25T16:50:13+00:00" />
<meta property="og:image" content="https://ccli.ubc.ca/wp-content/uploads/2021/04/angen_2024.jpg" />
	<meta property="og:image:width" content="800" />
	<meta property="og:image:height" content="800" />
	<meta property="og:image:type" content="image/jpeg" />
<meta name="twitter:card" content="summary_large_image" />
<meta name="twitter:label1" content="Durée de lecture estimée" />
	<meta name="twitter:data1" content="1 minute" />
<script type="application/ld+json" class="yoast-schema-graph">{"@context":"https:\/\/schema.org","@graph":[{"@type":"WebPage","@id":"https:\/\/ccli.ubc.ca\/team-member\/eli-angen\/","url":"https:\/\/ccli.ubc.ca\/team-member\/eli-angen\/","name":"Eli Angen - L'Initiative canadienne de droit climatique","isPartOf":{"@id":"https:\/\/ccli.ubc.ca\/fr\/#website"},"primaryImageOfPage":{"@id":"https:\/\/ccli.ubc.ca\/team-member\/eli-angen\/#primaryimage"},"image":{"@id":"https:\/\/ccli.ubc.ca\/team-member\/eli-angen\/#primaryimage"},"thumbnailUrl":"https:\/\/ccli.ubc.ca\/wp-content\/uploads\/2021\/04\/angen_2024.jpg","datePublished":"2021-04-27T15:33:05+00:00","dateModified":"2026-06-25T16:50:13+00:00","breadcrumb":{"@id":"https:\/\/ccli.ubc.ca\/team-member\/eli-angen\/#breadcrumb"},"inLanguage":"fr-FR","potentialAction":[{"@type":"ReadAction","target":["https:\/\/ccli.ubc.ca\/team-member\/eli-angen\/"]}]},{"@type":"ImageObject","inLanguage":"fr-FR","@id":"https:\/\/ccli.ubc.ca\/team-member\/eli-angen\/#primaryimage","url":"https:\/\/ccli.ubc.ca\/wp-content\/uploads\/2021\/04\/angen_2024.jpg","contentUrl":"https:\/\/ccli.ubc.ca\/wp-content\/uploads\/2021\/04\/angen_2024.jpg","width":800,"height":800},{"@type":"BreadcrumbList","@id":"https:\/\/ccli.ubc.ca\/team-member\/eli-angen\/#breadcrumb","itemListElement":[{"@type":"ListItem","position":1,"name":"Home","item":"https:\/\/ccli.ubc.ca\/fr\/"},{"@type":"ListItem","position":2,"name":"Eli Angen"}]},{"@type":"WebSite","@id":"https:\/\/ccli.ubc.ca\/fr\/#website","url":"https:\/\/ccli.ubc.ca\/fr\/","name":"Canada Climate Law Initiative","description":"","publisher":{"@id":"https:\/\/ccli.ubc.ca\/fr\/#organization"},"potentialAction":[{"@type":"SearchAction","target":{"@type":"EntryPoint","urlTemplate":"https:\/\/ccli.ubc.ca\/fr\/?s={search_term_string}"},"query-input":{"@type":"PropertyValueSpecification","valueRequired":true,"valueName":"search_term_string"}}],"inLanguage":"fr-FR"},{"@type":"Organization","@id":"https:\/\/ccli.ubc.ca\/fr\/#organization","name":"L'Initiative canadienne de droit climatique","url":"https:\/\/ccli.ubc.ca\/fr\/","logo":{"@type":"ImageObject","inLanguage":"fr-FR","@id":"https:\/\/ccli.ubc.ca\/fr\/#\/schema\/logo\/image\/","url":"https:\/\/ccli.ubc.ca\/wp-content\/uploads\/2026\/07\/CCLI-EngFr-Green.svg","contentUrl":"https:\/\/ccli.ubc.ca\/wp-content\/uploads\/2026\/07\/CCLI-EngFr-Green.svg","width":575,"height":241,"caption":"L'Initiative canadienne de droit climatique"},"image":{"@id":"https:\/\/ccli.ubc.ca\/fr\/#\/schema\/logo\/image\/"},"sameAs":["https:\/\/www.youtube.com\/channel\/UCVoB3ypQTE42_Y8r_eMk1tg\/featured","https:\/\/www.linkedin.com\/company\/canada-climate-law-initiative\/"]}]}</script>
<!-- / Yoast SEO plugin. -->

Eli Angen est directeur général dans l’équipe Investissement Durable à l’Ontario Teachers’ Pension Plan (OTPP). Il amène son expertise sur les sujets de changements climatiques et de transition énergétique. Il soutient l’intégration des risques et opportunités liés au climat tout au long du cycle de vie de l’investissement, dirige l&#8217;empreinte carbone du portefeuille et les [&hellip;]
