{"id":3995,"date":"2025-01-23T17:41:01","date_gmt":"2025-01-23T17:41:01","guid":{"rendered":"https:\/\/ccli.ubc.ca\/team-member\/alan-phuong-2\/"},"modified":"2026-06-25T16:50:20","modified_gmt":"2026-06-25T16:50:20","slug":"alan-phuong","status":"publish","type":"team-member","link":"https:\/\/ccli.ubc.ca\/fr\/team-member\/alan-phuong\/","title":{"rendered":"Alan Phuong"},"content":{"rendered":"\n<p class=\"wp-block-paragraph\">Alan Phuong est l&rsquo;assistant de programme pour le programme de micro-certificat de l&rsquo;Initiative canadienne de droit climatique (CCLI). Il travaille aux c\u00f4t\u00e9s de Sonia Li Trottier, directrice de la CCLI, et d&rsquo;Alison Schneider, instructrice du programme. Alan participe \u00e0 la planification, au d\u00e9veloppement et \u00e0 la coordination du programme de micro-certificat et de ses activit\u00e9s. Il aide \u00e0 faciliter une communication claire entre les \u00e9tudiants inscrits au programme, en grande partie des professionnels seniors, et l&rsquo;instructrice.<\/p>\n\n\n\n<p class=\"wp-block-paragraph\">Alan est actuellement \u00e9tudiant en premi\u00e8re ann\u00e9e de droit \u00e0 l&rsquo;Allard School of Law, et est \u00e9galement impliqu\u00e9 en tant que directeur financier du Law Student Legal Advice Program (LSLAP), o\u00f9 il travaille avec les parties prenantes pour s&rsquo;assurer que le LSLAP dispose de sources de financement ad\u00e9quates. Alan est titulaire d&rsquo;un baccalaur\u00e9at en sciences politiques et en langue chinoise de l&rsquo;University of British Columbia.<\/p>\n","protected":false},"featured_media":10219,"menu_order":0,"template":"","meta":{"_acf_changed":false,"footnotes":""},"location":[95],"team_category":[],"team_group":[98],"class_list":["post-3995","team-member","type-team-member","status-publish","has-post-thumbnail","hentry","location-colombie-britannique","team_group-personnel"],"acf":[],"yoast_head":"<!-- This site is optimized with the Yoast SEO plugin v28.2 - https:\/\/yoast.com\/product\/yoast-seo-wordpress\/ -->\n<title>Alan Phuong - L&#039;Initiative canadienne de droit climatique<\/title>\n<meta name=\"robots\" content=\"index, follow, max-snippet:-1, max-image-preview:large, max-video-preview:-1\" \/>\n<link rel=\"canonical\" href=\"https:\/\/ccli.ubc.ca\/fr\/team-member\/alan-phuong\/\" \/>\n<meta property=\"og:locale\" content=\"fr_FR\" \/>\n<meta property=\"og:type\" content=\"article\" \/>\n<meta property=\"og:title\" content=\"Alan Phuong - L&#039;Initiative canadienne de droit climatique\" \/>\n<meta property=\"og:description\" content=\"Alan Phuong est l&rsquo;assistant de programme pour le programme de micro-certificat de l&rsquo;Initiative canadienne de droit climatique (CCLI). Il travaille aux c\u00f4t\u00e9s de Sonia Li Trottier, directrice de la CCLI, et d&rsquo;Alison Schneider, instructrice du programme. Alan participe \u00e0 la planification, au d\u00e9veloppement et \u00e0 la coordination du programme de micro-certificat et de ses activit\u00e9s. [&hellip;]\" \/>\n<meta property=\"og:url\" content=\"https:\/\/ccli.ubc.ca\/fr\/team-member\/alan-phuong\/\" \/>\n<meta property=\"og:site_name\" content=\"L&#039;Initiative canadienne de droit climatique\" \/>\n<meta property=\"article:modified_time\" content=\"2026-06-25T16:50:20+00:00\" \/>\n<meta property=\"og:image\" content=\"https:\/\/ccli.ubc.ca\/wp-content\/uploads\/2025\/01\/Phuong_Alan-scaled-1.jpg\" \/>\n\t<meta property=\"og:image:width\" content=\"1707\" \/>\n\t<meta property=\"og:image:height\" content=\"2560\" \/>\n\t<meta property=\"og:image:type\" content=\"image\/jpeg\" \/>\n<meta name=\"twitter:card\" content=\"summary_large_image\" \/>\n<meta name=\"twitter:label1\" content=\"Dur\u00e9e de lecture estim\u00e9e\" \/>\n\t<meta name=\"twitter:data1\" content=\"1 minute\" \/>\n<script type=\"application\/ld+json\" class=\"yoast-schema-graph\">{\"@context\":\"https:\\\/\\\/schema.org\",\"@graph\":[{\"@type\":\"WebPage\",\"@id\":\"https:\\\/\\\/ccli.ubc.ca\\\/fr\\\/team-member\\\/alan-phuong\\\/\",\"url\":\"https:\\\/\\\/ccli.ubc.ca\\\/fr\\\/team-member\\\/alan-phuong\\\/\",\"name\":\"Alan Phuong - L'Initiative canadienne de droit climatique\",\"isPartOf\":{\"@id\":\"https:\\\/\\\/ccli.ubc.ca\\\/fr\\\/#website\"},\"primaryImageOfPage\":{\"@id\":\"https:\\\/\\\/ccli.ubc.ca\\\/fr\\\/team-member\\\/alan-phuong\\\/#primaryimage\"},\"image\":{\"@id\":\"https:\\\/\\\/ccli.ubc.ca\\\/fr\\\/team-member\\\/alan-phuong\\\/#primaryimage\"},\"thumbnailUrl\":\"https:\\\/\\\/ccli.ubc.ca\\\/wp-content\\\/uploads\\\/2025\\\/01\\\/Phuong_Alan-scaled-1-e1784242288569.jpg\",\"datePublished\":\"2025-01-23T17:41:01+00:00\",\"dateModified\":\"2026-06-25T16:50:20+00:00\",\"breadcrumb\":{\"@id\":\"https:\\\/\\\/ccli.ubc.ca\\\/fr\\\/team-member\\\/alan-phuong\\\/#breadcrumb\"},\"inLanguage\":\"fr-FR\",\"potentialAction\":[{\"@type\":\"ReadAction\",\"target\":[\"https:\\\/\\\/ccli.ubc.ca\\\/fr\\\/team-member\\\/alan-phuong\\\/\"]}]},{\"@type\":\"ImageObject\",\"inLanguage\":\"fr-FR\",\"@id\":\"https:\\\/\\\/ccli.ubc.ca\\\/fr\\\/team-member\\\/alan-phuong\\\/#primaryimage\",\"url\":\"https:\\\/\\\/ccli.ubc.ca\\\/wp-content\\\/uploads\\\/2025\\\/01\\\/Phuong_Alan-scaled-1-e1784242288569.jpg\",\"contentUrl\":\"https:\\\/\\\/ccli.ubc.ca\\\/wp-content\\\/uploads\\\/2025\\\/01\\\/Phuong_Alan-scaled-1-e1784242288569.jpg\",\"width\":1707,\"height\":2560},{\"@type\":\"BreadcrumbList\",\"@id\":\"https:\\\/\\\/ccli.ubc.ca\\\/fr\\\/team-member\\\/alan-phuong\\\/#breadcrumb\",\"itemListElement\":[{\"@type\":\"ListItem\",\"position\":1,\"name\":\"Home\",\"item\":\"https:\\\/\\\/ccli.ubc.ca\\\/fr\\\/\"},{\"@type\":\"ListItem\",\"position\":2,\"name\":\"Alan Phuong\"}]},{\"@type\":\"WebSite\",\"@id\":\"https:\\\/\\\/ccli.ubc.ca\\\/fr\\\/#website\",\"url\":\"https:\\\/\\\/ccli.ubc.ca\\\/fr\\\/\",\"name\":\"Canada Climate Law Initiative\",\"description\":\"\",\"publisher\":{\"@id\":\"https:\\\/\\\/ccli.ubc.ca\\\/fr\\\/#organization\"},\"potentialAction\":[{\"@type\":\"SearchAction\",\"target\":{\"@type\":\"EntryPoint\",\"urlTemplate\":\"https:\\\/\\\/ccli.ubc.ca\\\/fr\\\/?s={search_term_string}\"},\"query-input\":{\"@type\":\"PropertyValueSpecification\",\"valueRequired\":true,\"valueName\":\"search_term_string\"}}],\"inLanguage\":\"fr-FR\"},{\"@type\":\"Organization\",\"@id\":\"https:\\\/\\\/ccli.ubc.ca\\\/fr\\\/#organization\",\"name\":\"L'Initiative canadienne de droit climatique\",\"url\":\"https:\\\/\\\/ccli.ubc.ca\\\/fr\\\/\",\"logo\":{\"@type\":\"ImageObject\",\"inLanguage\":\"fr-FR\",\"@id\":\"https:\\\/\\\/ccli.ubc.ca\\\/fr\\\/#\\\/schema\\\/logo\\\/image\\\/\",\"url\":\"https:\\\/\\\/ccli.ubc.ca\\\/wp-content\\\/uploads\\\/2026\\\/07\\\/CCLI-EngFr-Green.svg\",\"contentUrl\":\"https:\\\/\\\/ccli.ubc.ca\\\/wp-content\\\/uploads\\\/2026\\\/07\\\/CCLI-EngFr-Green.svg\",\"width\":575,\"height\":241,\"caption\":\"L'Initiative canadienne de droit climatique\"},\"image\":{\"@id\":\"https:\\\/\\\/ccli.ubc.ca\\\/fr\\\/#\\\/schema\\\/logo\\\/image\\\/\"},\"sameAs\":[\"https:\\\/\\\/www.youtube.com\\\/channel\\\/UCVoB3ypQTE42_Y8r_eMk1tg\\\/featured\",\"https:\\\/\\\/www.linkedin.com\\\/company\\\/canada-climate-law-initiative\\\/\"]}]}<\/script>\n<!-- \/ Yoast SEO plugin. -->","yoast_head_json":{"title":"Alan Phuong - L'Initiative canadienne de droit climatique","robots":{"index":"index","follow":"follow","max-snippet":"max-snippet:-1","max-image-preview":"max-image-preview:large","max-video-preview":"max-video-preview:-1"},"canonical":"https:\/\/ccli.ubc.ca\/fr\/team-member\/alan-phuong\/","og_locale":"fr_FR","og_type":"article","og_title":"Alan Phuong - L'Initiative canadienne de droit climatique","og_description":"Alan Phuong est l&rsquo;assistant de programme pour le programme de micro-certificat de l&rsquo;Initiative canadienne de droit climatique (CCLI). Il travaille aux c\u00f4t\u00e9s de Sonia Li Trottier, directrice de la CCLI, et d&rsquo;Alison Schneider, instructrice du programme. Alan participe \u00e0 la planification, au d\u00e9veloppement et \u00e0 la coordination du programme de micro-certificat et de ses activit\u00e9s. [&hellip;]","og_url":"https:\/\/ccli.ubc.ca\/fr\/team-member\/alan-phuong\/","og_site_name":"L'Initiative canadienne de droit climatique","article_modified_time":"2026-06-25T16:50:20+00:00","og_image":[{"width":1707,"height":2560,"url":"https:\/\/ccli.ubc.ca\/wp-content\/uploads\/2025\/01\/Phuong_Alan-scaled-1.jpg","type":"image\/jpeg"}],"twitter_card":"summary_large_image","twitter_misc":{"Dur\u00e9e de lecture estim\u00e9e":"1 minute"},"schema":{"@context":"https:\/\/schema.org","@graph":[{"@type":"WebPage","@id":"https:\/\/ccli.ubc.ca\/fr\/team-member\/alan-phuong\/","url":"https:\/\/ccli.ubc.ca\/fr\/team-member\/alan-phuong\/","name":"Alan Phuong - L'Initiative canadienne de droit climatique","isPartOf":{"@id":"https:\/\/ccli.ubc.ca\/fr\/#website"},"primaryImageOfPage":{"@id":"https:\/\/ccli.ubc.ca\/fr\/team-member\/alan-phuong\/#primaryimage"},"image":{"@id":"https:\/\/ccli.ubc.ca\/fr\/team-member\/alan-phuong\/#primaryimage"},"thumbnailUrl":"https:\/\/ccli.ubc.ca\/wp-content\/uploads\/2025\/01\/Phuong_Alan-scaled-1-e1784242288569.jpg","datePublished":"2025-01-23T17:41:01+00:00","dateModified":"2026-06-25T16:50:20+00:00","breadcrumb":{"@id":"https:\/\/ccli.ubc.ca\/fr\/team-member\/alan-phuong\/#breadcrumb"},"inLanguage":"fr-FR","potentialAction":[{"@type":"ReadAction","target":["https:\/\/ccli.ubc.ca\/fr\/team-member\/alan-phuong\/"]}]},{"@type":"ImageObject","inLanguage":"fr-FR","@id":"https:\/\/ccli.ubc.ca\/fr\/team-member\/alan-phuong\/#primaryimage","url":"https:\/\/ccli.ubc.ca\/wp-content\/uploads\/2025\/01\/Phuong_Alan-scaled-1-e1784242288569.jpg","contentUrl":"https:\/\/ccli.ubc.ca\/wp-content\/uploads\/2025\/01\/Phuong_Alan-scaled-1-e1784242288569.jpg","width":1707,"height":2560},{"@type":"BreadcrumbList","@id":"https:\/\/ccli.ubc.ca\/fr\/team-member\/alan-phuong\/#breadcrumb","itemListElement":[{"@type":"ListItem","position":1,"name":"Home","item":"https:\/\/ccli.ubc.ca\/fr\/"},{"@type":"ListItem","position":2,"name":"Alan Phuong"}]},{"@type":"WebSite","@id":"https:\/\/ccli.ubc.ca\/fr\/#website","url":"https:\/\/ccli.ubc.ca\/fr\/","name":"Canada Climate Law Initiative","description":"","publisher":{"@id":"https:\/\/ccli.ubc.ca\/fr\/#organization"},"potentialAction":[{"@type":"SearchAction","target":{"@type":"EntryPoint","urlTemplate":"https:\/\/ccli.ubc.ca\/fr\/?s={search_term_string}"},"query-input":{"@type":"PropertyValueSpecification","valueRequired":true,"valueName":"search_term_string"}}],"inLanguage":"fr-FR"},{"@type":"Organization","@id":"https:\/\/ccli.ubc.ca\/fr\/#organization","name":"L'Initiative canadienne de droit climatique","url":"https:\/\/ccli.ubc.ca\/fr\/","logo":{"@type":"ImageObject","inLanguage":"fr-FR","@id":"https:\/\/ccli.ubc.ca\/fr\/#\/schema\/logo\/image\/","url":"https:\/\/ccli.ubc.ca\/wp-content\/uploads\/2026\/07\/CCLI-EngFr-Green.svg","contentUrl":"https:\/\/ccli.ubc.ca\/wp-content\/uploads\/2026\/07\/CCLI-EngFr-Green.svg","width":575,"height":241,"caption":"L'Initiative canadienne de droit climatique"},"image":{"@id":"https:\/\/ccli.ubc.ca\/fr\/#\/schema\/logo\/image\/"},"sameAs":["https:\/\/www.youtube.com\/channel\/UCVoB3ypQTE42_Y8r_eMk1tg\/featured","https:\/\/www.linkedin.com\/company\/canada-climate-law-initiative\/"]}]}},"_links":{"self":[{"href":"https:\/\/ccli.ubc.ca\/fr\/wp-json\/wp\/v2\/team-member\/3995","targetHints":{"allow":["GET"]}}],"collection":[{"href":"https:\/\/ccli.ubc.ca\/fr\/wp-json\/wp\/v2\/team-member"}],"about":[{"href":"https:\/\/ccli.ubc.ca\/fr\/wp-json\/wp\/v2\/types\/team-member"}],"version-history":[{"count":1,"href":"https:\/\/ccli.ubc.ca\/fr\/wp-json\/wp\/v2\/team-member\/3995\/revisions"}],"predecessor-version":[{"id":4093,"href":"https:\/\/ccli.ubc.ca\/fr\/wp-json\/wp\/v2\/team-member\/3995\/revisions\/4093"}],"wp:featuredmedia":[{"embeddable":true,"href":"https:\/\/ccli.ubc.ca\/fr\/wp-json\/wp\/v2\/media\/10219"}],"wp:attachment":[{"href":"https:\/\/ccli.ubc.ca\/fr\/wp-json\/wp\/v2\/media?parent=3995"}],"wp:term":[{"taxonomy":"location","embeddable":true,"href":"https:\/\/ccli.ubc.ca\/fr\/wp-json\/wp\/v2\/location?post=3995"},{"taxonomy":"team_category","embeddable":true,"href":"https:\/\/ccli.ubc.ca\/fr\/wp-json\/wp\/v2\/team_category?post=3995"},{"taxonomy":"team_group","embeddable":true,"href":"https:\/\/ccli.ubc.ca\/fr\/wp-json\/wp\/v2\/team_group?post=3995"}],"curies":[{"name":"wp","href":"https:\/\/api.w.org\/{rel}","templated":true}]}}

<p class="wp-block-paragraph">Alan Phuong est l&rsquo;assistant de programme pour le programme de micro-certificat de l&rsquo;Initiative canadienne de droit climatique (CCLI). Il travaille aux côtés de Sonia Li Trottier, directrice de la CCLI, et d&rsquo;Alison Schneider, instructrice du programme. Alan participe à la planification, au développement et à la coordination du programme de micro-certificat et de ses activités. Il aide à faciliter une communication claire entre les étudiants inscrits au programme, en grande partie des professionnels seniors, et l&rsquo;instructrice.</p>



<p class="wp-block-paragraph">Alan est actuellement étudiant en première année de droit à l&rsquo;Allard School of Law, et est également impliqué en tant que directeur financier du Law Student Legal Advice Program (LSLAP), où il travaille avec les parties prenantes pour s&rsquo;assurer que le LSLAP dispose de sources de financement adéquates. Alan est titulaire d&rsquo;un baccalauréat en sciences politiques et en langue chinoise de l&rsquo;University of British Columbia.</p>

<!-- This site is optimized with the Yoast SEO plugin v28.2 - https://yoast.com/product/yoast-seo-wordpress/ -->
<title>Alan Phuong - L&#039;Initiative canadienne de droit climatique</title>
<meta name="robots" content="index, follow, max-snippet:-1, max-image-preview:large, max-video-preview:-1" />
<link rel="canonical" href="https://ccli.ubc.ca/fr/team-member/alan-phuong/" />
<meta property="og:locale" content="fr_FR" />
<meta property="og:type" content="article" />
<meta property="og:title" content="Alan Phuong - L&#039;Initiative canadienne de droit climatique" />
<meta property="og:description" content="Alan Phuong est l&rsquo;assistant de programme pour le programme de micro-certificat de l&rsquo;Initiative canadienne de droit climatique (CCLI). Il travaille aux côtés de Sonia Li Trottier, directrice de la CCLI, et d&rsquo;Alison Schneider, instructrice du programme. Alan participe à la planification, au développement et à la coordination du programme de micro-certificat et de ses activités. [&hellip;]" />
<meta property="og:url" content="https://ccli.ubc.ca/fr/team-member/alan-phuong/" />
<meta property="og:site_name" content="L&#039;Initiative canadienne de droit climatique" />
<meta property="article:modified_time" content="2026-06-25T16:50:20+00:00" />
<meta property="og:image" content="https://ccli.ubc.ca/wp-content/uploads/2025/01/Phuong_Alan-scaled-1.jpg" />
	<meta property="og:image:width" content="1707" />
	<meta property="og:image:height" content="2560" />
	<meta property="og:image:type" content="image/jpeg" />
<meta name="twitter:card" content="summary_large_image" />
<meta name="twitter:label1" content="Durée de lecture estimée" />
	<meta name="twitter:data1" content="1 minute" />
<script type="application/ld+json" class="yoast-schema-graph">{"@context":"https:\/\/schema.org","@graph":[{"@type":"WebPage","@id":"https:\/\/ccli.ubc.ca\/fr\/team-member\/alan-phuong\/","url":"https:\/\/ccli.ubc.ca\/fr\/team-member\/alan-phuong\/","name":"Alan Phuong - L'Initiative canadienne de droit climatique","isPartOf":{"@id":"https:\/\/ccli.ubc.ca\/fr\/#website"},"primaryImageOfPage":{"@id":"https:\/\/ccli.ubc.ca\/fr\/team-member\/alan-phuong\/#primaryimage"},"image":{"@id":"https:\/\/ccli.ubc.ca\/fr\/team-member\/alan-phuong\/#primaryimage"},"thumbnailUrl":"https:\/\/ccli.ubc.ca\/wp-content\/uploads\/2025\/01\/Phuong_Alan-scaled-1-e1784242288569.jpg","datePublished":"2025-01-23T17:41:01+00:00","dateModified":"2026-06-25T16:50:20+00:00","breadcrumb":{"@id":"https:\/\/ccli.ubc.ca\/fr\/team-member\/alan-phuong\/#breadcrumb"},"inLanguage":"fr-FR","potentialAction":[{"@type":"ReadAction","target":["https:\/\/ccli.ubc.ca\/fr\/team-member\/alan-phuong\/"]}]},{"@type":"ImageObject","inLanguage":"fr-FR","@id":"https:\/\/ccli.ubc.ca\/fr\/team-member\/alan-phuong\/#primaryimage","url":"https:\/\/ccli.ubc.ca\/wp-content\/uploads\/2025\/01\/Phuong_Alan-scaled-1-e1784242288569.jpg","contentUrl":"https:\/\/ccli.ubc.ca\/wp-content\/uploads\/2025\/01\/Phuong_Alan-scaled-1-e1784242288569.jpg","width":1707,"height":2560},{"@type":"BreadcrumbList","@id":"https:\/\/ccli.ubc.ca\/fr\/team-member\/alan-phuong\/#breadcrumb","itemListElement":[{"@type":"ListItem","position":1,"name":"Home","item":"https:\/\/ccli.ubc.ca\/fr\/"},{"@type":"ListItem","position":2,"name":"Alan Phuong"}]},{"@type":"WebSite","@id":"https:\/\/ccli.ubc.ca\/fr\/#website","url":"https:\/\/ccli.ubc.ca\/fr\/","name":"Canada Climate Law Initiative","description":"","publisher":{"@id":"https:\/\/ccli.ubc.ca\/fr\/#organization"},"potentialAction":[{"@type":"SearchAction","target":{"@type":"EntryPoint","urlTemplate":"https:\/\/ccli.ubc.ca\/fr\/?s={search_term_string}"},"query-input":{"@type":"PropertyValueSpecification","valueRequired":true,"valueName":"search_term_string"}}],"inLanguage":"fr-FR"},{"@type":"Organization","@id":"https:\/\/ccli.ubc.ca\/fr\/#organization","name":"L'Initiative canadienne de droit climatique","url":"https:\/\/ccli.ubc.ca\/fr\/","logo":{"@type":"ImageObject","inLanguage":"fr-FR","@id":"https:\/\/ccli.ubc.ca\/fr\/#\/schema\/logo\/image\/","url":"https:\/\/ccli.ubc.ca\/wp-content\/uploads\/2026\/07\/CCLI-EngFr-Green.svg","contentUrl":"https:\/\/ccli.ubc.ca\/wp-content\/uploads\/2026\/07\/CCLI-EngFr-Green.svg","width":575,"height":241,"caption":"L'Initiative canadienne de droit climatique"},"image":{"@id":"https:\/\/ccli.ubc.ca\/fr\/#\/schema\/logo\/image\/"},"sameAs":["https:\/\/www.youtube.com\/channel\/UCVoB3ypQTE42_Y8r_eMk1tg\/featured","https:\/\/www.linkedin.com\/company\/canada-climate-law-initiative\/"]}]}</script>
<!-- / Yoast SEO plugin. -->

Alan Phuong est l&rsquo;assistant de programme pour le programme de micro-certificat de l&rsquo;Initiative canadienne de droit climatique (CCLI). Il travaille aux côtés de Sonia Li Trottier, directrice de la CCLI, et d&rsquo;Alison Schneider, instructrice du programme. Alan participe à la planification, au développement et à la coordination du programme de micro-certificat et de ses activités. [&hellip;]
