{"id":3997,"date":"2025-02-19T17:37:40","date_gmt":"2025-02-19T17:37:40","guid":{"rendered":"https:\/\/ccli.ubc.ca\/team-member\/jonathan-mcgillivray-2\/"},"modified":"2026-06-25T16:50:20","modified_gmt":"2026-06-25T16:50:20","slug":"jonathan-mcgillivray","status":"publish","type":"team-member","link":"https:\/\/ccli.ubc.ca\/fr\/team-member\/jonathan-mcgillivray\/","title":{"rendered":"Jonathan McGillivray"},"content":{"rendered":"\n<p class=\"wp-block-paragraph\">Jonathan McGillivray est associ\u00e9 \u00e0 Resilient LLP. Il maintient une pratique sp\u00e9cialis\u00e9e dans tous les aspects li\u00e9s au droit des changements climatiques et de l\u2019\u00e9nergie propre et conseille sur une vari\u00e9t\u00e9 de mandats motiv\u00e9s par la transition \u00e9conomique carboneutre. Jonathan assiste des clients nationaux et internationaux sur les strat\u00e9gies climatique et net-z\u00e9ro, les initiatives de d\u00e9carbonation, le financement du carbone, les projets d\u2019\u00e9nergie renouvelable, les transactions carbone innovantes (y compris les accords d\u2019achat de r\u00e9duction des \u00e9missions et d\u2019\u00e9limination du carbone et les accords sur les carburants durables), les transactions li\u00e9es \u00e0 la biodiversit\u00e9 et la conformit\u00e9 r\u00e9glementaire de l\u2019\u00e9nergie. Il conseille \u00e9galement les promoteurs, les investisseurs, les normes et d\u2019autres organisations sur les investissements du march\u00e9 du carbone, la gouvernance et la conformit\u00e9 r\u00e9glementaire. Jonathan a repr\u00e9sent\u00e9 des clients devant des tribunaux administratifs (y compris la Commission de l\u2019\u00e9nergie de l\u2019Ontario) et diverses cours d\u2019appel. Il assiste r\u00e9guli\u00e8rement aux n\u00e9gociations sur le climat de la CNUCC.<\/p>\n\n\n\n<p class=\"wp-block-paragraph\">Jonathan a obtenu des dipl\u00f4mes conjoints en common law et en droit civil de l\u2019Universit\u00e9 McGill. Il a obtenu une ma\u00eetrise en sciences et politiques climatiques de Columbia University et est titulaire d\u2019un baccalaur\u00e9at (avec distinction) en d\u00e9veloppement international de l\u2019University of Guelph. Il a \u00e9t\u00e9 reconnu dans The Best Lawyers in Canada&nbsp;: Ones to Watch. Jonathan a \u00e9t\u00e9 admis au Barreau de l\u2019Ontario en 2017.<\/p>\n","protected":false},"featured_media":10220,"menu_order":0,"template":"","meta":{"_acf_changed":false,"footnotes":""},"location":[172],"team_category":[91,96,177,93],"team_group":[97],"class_list":["post-3997","team-member","type-team-member","status-publish","has-post-thumbnail","hentry","location-ontario","team_category-droit-et-gouvernance","team_category-energie-ressources-et-capital-naturel","team_category-esg","team_category-gouvernement-et-politiques-publiques","team_group-experts-en-gouvernance-climatique"],"acf":[],"yoast_head":"<!-- This site is optimized with the Yoast SEO plugin v28.2 - https:\/\/yoast.com\/product\/yoast-seo-wordpress\/ -->\n<title>Jonathan McGillivray - L&#039;Initiative canadienne de droit climatique<\/title>\n<meta name=\"robots\" content=\"index, follow, max-snippet:-1, max-image-preview:large, max-video-preview:-1\" \/>\n<link rel=\"canonical\" href=\"https:\/\/ccli.ubc.ca\/team-member\/jonathan-mcgillivray\/\" \/>\n<meta property=\"og:locale\" content=\"fr_FR\" \/>\n<meta property=\"og:type\" content=\"article\" \/>\n<meta property=\"og:title\" content=\"Jonathan McGillivray - L&#039;Initiative canadienne de droit climatique\" \/>\n<meta property=\"og:description\" content=\"Jonathan McGillivray est associ\u00e9 \u00e0 Resilient LLP. Il maintient une pratique sp\u00e9cialis\u00e9e dans tous les aspects li\u00e9s au droit des changements climatiques et de l\u2019\u00e9nergie propre et conseille sur une vari\u00e9t\u00e9 de mandats motiv\u00e9s par la transition \u00e9conomique carboneutre. Jonathan assiste des clients nationaux et internationaux sur les strat\u00e9gies climatique et net-z\u00e9ro, les initiatives de [&hellip;]\" \/>\n<meta property=\"og:url\" content=\"https:\/\/ccli.ubc.ca\/team-member\/jonathan-mcgillivray\/\" \/>\n<meta property=\"og:site_name\" content=\"L&#039;Initiative canadienne de droit climatique\" \/>\n<meta property=\"article:modified_time\" content=\"2026-06-25T16:50:20+00:00\" \/>\n<meta property=\"og:image\" content=\"https:\/\/ccli.ubc.ca\/wp-content\/uploads\/2025\/02\/McGillivray_Jonathon2025.jpg\" \/>\n\t<meta property=\"og:image:width\" content=\"450\" \/>\n\t<meta property=\"og:image:height\" content=\"630\" \/>\n\t<meta property=\"og:image:type\" content=\"image\/jpeg\" \/>\n<meta name=\"twitter:card\" content=\"summary_large_image\" \/>\n<meta name=\"twitter:label1\" content=\"Dur\u00e9e de lecture estim\u00e9e\" \/>\n\t<meta name=\"twitter:data1\" content=\"1 minute\" \/>\n<script type=\"application\/ld+json\" class=\"yoast-schema-graph\">{\"@context\":\"https:\\\/\\\/schema.org\",\"@graph\":[{\"@type\":\"WebPage\",\"@id\":\"https:\\\/\\\/ccli.ubc.ca\\\/team-member\\\/jonathan-mcgillivray\\\/\",\"url\":\"https:\\\/\\\/ccli.ubc.ca\\\/team-member\\\/jonathan-mcgillivray\\\/\",\"name\":\"Jonathan McGillivray - L'Initiative canadienne de droit climatique\",\"isPartOf\":{\"@id\":\"https:\\\/\\\/ccli.ubc.ca\\\/fr\\\/#website\"},\"primaryImageOfPage\":{\"@id\":\"https:\\\/\\\/ccli.ubc.ca\\\/team-member\\\/jonathan-mcgillivray\\\/#primaryimage\"},\"image\":{\"@id\":\"https:\\\/\\\/ccli.ubc.ca\\\/team-member\\\/jonathan-mcgillivray\\\/#primaryimage\"},\"thumbnailUrl\":\"https:\\\/\\\/ccli.ubc.ca\\\/wp-content\\\/uploads\\\/2025\\\/02\\\/McGillivray_Jonathon2025-e1784243393244.jpg\",\"datePublished\":\"2025-02-19T17:37:40+00:00\",\"dateModified\":\"2026-06-25T16:50:20+00:00\",\"breadcrumb\":{\"@id\":\"https:\\\/\\\/ccli.ubc.ca\\\/team-member\\\/jonathan-mcgillivray\\\/#breadcrumb\"},\"inLanguage\":\"fr-FR\",\"potentialAction\":[{\"@type\":\"ReadAction\",\"target\":[\"https:\\\/\\\/ccli.ubc.ca\\\/team-member\\\/jonathan-mcgillivray\\\/\"]}]},{\"@type\":\"ImageObject\",\"inLanguage\":\"fr-FR\",\"@id\":\"https:\\\/\\\/ccli.ubc.ca\\\/team-member\\\/jonathan-mcgillivray\\\/#primaryimage\",\"url\":\"https:\\\/\\\/ccli.ubc.ca\\\/wp-content\\\/uploads\\\/2025\\\/02\\\/McGillivray_Jonathon2025-e1784243393244.jpg\",\"contentUrl\":\"https:\\\/\\\/ccli.ubc.ca\\\/wp-content\\\/uploads\\\/2025\\\/02\\\/McGillivray_Jonathon2025-e1784243393244.jpg\",\"width\":450,\"height\":630},{\"@type\":\"BreadcrumbList\",\"@id\":\"https:\\\/\\\/ccli.ubc.ca\\\/team-member\\\/jonathan-mcgillivray\\\/#breadcrumb\",\"itemListElement\":[{\"@type\":\"ListItem\",\"position\":1,\"name\":\"Home\",\"item\":\"https:\\\/\\\/ccli.ubc.ca\\\/fr\\\/\"},{\"@type\":\"ListItem\",\"position\":2,\"name\":\"Jonathan McGillivray\"}]},{\"@type\":\"WebSite\",\"@id\":\"https:\\\/\\\/ccli.ubc.ca\\\/fr\\\/#website\",\"url\":\"https:\\\/\\\/ccli.ubc.ca\\\/fr\\\/\",\"name\":\"Canada Climate Law Initiative\",\"description\":\"\",\"publisher\":{\"@id\":\"https:\\\/\\\/ccli.ubc.ca\\\/fr\\\/#organization\"},\"potentialAction\":[{\"@type\":\"SearchAction\",\"target\":{\"@type\":\"EntryPoint\",\"urlTemplate\":\"https:\\\/\\\/ccli.ubc.ca\\\/fr\\\/?s={search_term_string}\"},\"query-input\":{\"@type\":\"PropertyValueSpecification\",\"valueRequired\":true,\"valueName\":\"search_term_string\"}}],\"inLanguage\":\"fr-FR\"},{\"@type\":\"Organization\",\"@id\":\"https:\\\/\\\/ccli.ubc.ca\\\/fr\\\/#organization\",\"name\":\"L'Initiative canadienne de droit climatique\",\"url\":\"https:\\\/\\\/ccli.ubc.ca\\\/fr\\\/\",\"logo\":{\"@type\":\"ImageObject\",\"inLanguage\":\"fr-FR\",\"@id\":\"https:\\\/\\\/ccli.ubc.ca\\\/fr\\\/#\\\/schema\\\/logo\\\/image\\\/\",\"url\":\"https:\\\/\\\/ccli.ubc.ca\\\/wp-content\\\/uploads\\\/2026\\\/07\\\/CCLI-EngFr-Green.svg\",\"contentUrl\":\"https:\\\/\\\/ccli.ubc.ca\\\/wp-content\\\/uploads\\\/2026\\\/07\\\/CCLI-EngFr-Green.svg\",\"width\":575,\"height\":241,\"caption\":\"L'Initiative canadienne de droit climatique\"},\"image\":{\"@id\":\"https:\\\/\\\/ccli.ubc.ca\\\/fr\\\/#\\\/schema\\\/logo\\\/image\\\/\"},\"sameAs\":[\"https:\\\/\\\/www.youtube.com\\\/channel\\\/UCVoB3ypQTE42_Y8r_eMk1tg\\\/featured\",\"https:\\\/\\\/www.linkedin.com\\\/company\\\/canada-climate-law-initiative\\\/\"]}]}<\/script>\n<!-- \/ Yoast SEO plugin. -->","yoast_head_json":{"title":"Jonathan McGillivray - L'Initiative canadienne de droit climatique","robots":{"index":"index","follow":"follow","max-snippet":"max-snippet:-1","max-image-preview":"max-image-preview:large","max-video-preview":"max-video-preview:-1"},"canonical":"https:\/\/ccli.ubc.ca\/team-member\/jonathan-mcgillivray\/","og_locale":"fr_FR","og_type":"article","og_title":"Jonathan McGillivray - L'Initiative canadienne de droit climatique","og_description":"Jonathan McGillivray est associ\u00e9 \u00e0 Resilient LLP. Il maintient une pratique sp\u00e9cialis\u00e9e dans tous les aspects li\u00e9s au droit des changements climatiques et de l\u2019\u00e9nergie propre et conseille sur une vari\u00e9t\u00e9 de mandats motiv\u00e9s par la transition \u00e9conomique carboneutre. Jonathan assiste des clients nationaux et internationaux sur les strat\u00e9gies climatique et net-z\u00e9ro, les initiatives de [&hellip;]","og_url":"https:\/\/ccli.ubc.ca\/team-member\/jonathan-mcgillivray\/","og_site_name":"L'Initiative canadienne de droit climatique","article_modified_time":"2026-06-25T16:50:20+00:00","og_image":[{"width":450,"height":630,"url":"https:\/\/ccli.ubc.ca\/wp-content\/uploads\/2025\/02\/McGillivray_Jonathon2025.jpg","type":"image\/jpeg"}],"twitter_card":"summary_large_image","twitter_misc":{"Dur\u00e9e de lecture estim\u00e9e":"1 minute"},"schema":{"@context":"https:\/\/schema.org","@graph":[{"@type":"WebPage","@id":"https:\/\/ccli.ubc.ca\/team-member\/jonathan-mcgillivray\/","url":"https:\/\/ccli.ubc.ca\/team-member\/jonathan-mcgillivray\/","name":"Jonathan McGillivray - L'Initiative canadienne de droit climatique","isPartOf":{"@id":"https:\/\/ccli.ubc.ca\/fr\/#website"},"primaryImageOfPage":{"@id":"https:\/\/ccli.ubc.ca\/team-member\/jonathan-mcgillivray\/#primaryimage"},"image":{"@id":"https:\/\/ccli.ubc.ca\/team-member\/jonathan-mcgillivray\/#primaryimage"},"thumbnailUrl":"https:\/\/ccli.ubc.ca\/wp-content\/uploads\/2025\/02\/McGillivray_Jonathon2025-e1784243393244.jpg","datePublished":"2025-02-19T17:37:40+00:00","dateModified":"2026-06-25T16:50:20+00:00","breadcrumb":{"@id":"https:\/\/ccli.ubc.ca\/team-member\/jonathan-mcgillivray\/#breadcrumb"},"inLanguage":"fr-FR","potentialAction":[{"@type":"ReadAction","target":["https:\/\/ccli.ubc.ca\/team-member\/jonathan-mcgillivray\/"]}]},{"@type":"ImageObject","inLanguage":"fr-FR","@id":"https:\/\/ccli.ubc.ca\/team-member\/jonathan-mcgillivray\/#primaryimage","url":"https:\/\/ccli.ubc.ca\/wp-content\/uploads\/2025\/02\/McGillivray_Jonathon2025-e1784243393244.jpg","contentUrl":"https:\/\/ccli.ubc.ca\/wp-content\/uploads\/2025\/02\/McGillivray_Jonathon2025-e1784243393244.jpg","width":450,"height":630},{"@type":"BreadcrumbList","@id":"https:\/\/ccli.ubc.ca\/team-member\/jonathan-mcgillivray\/#breadcrumb","itemListElement":[{"@type":"ListItem","position":1,"name":"Home","item":"https:\/\/ccli.ubc.ca\/fr\/"},{"@type":"ListItem","position":2,"name":"Jonathan McGillivray"}]},{"@type":"WebSite","@id":"https:\/\/ccli.ubc.ca\/fr\/#website","url":"https:\/\/ccli.ubc.ca\/fr\/","name":"Canada Climate Law Initiative","description":"","publisher":{"@id":"https:\/\/ccli.ubc.ca\/fr\/#organization"},"potentialAction":[{"@type":"SearchAction","target":{"@type":"EntryPoint","urlTemplate":"https:\/\/ccli.ubc.ca\/fr\/?s={search_term_string}"},"query-input":{"@type":"PropertyValueSpecification","valueRequired":true,"valueName":"search_term_string"}}],"inLanguage":"fr-FR"},{"@type":"Organization","@id":"https:\/\/ccli.ubc.ca\/fr\/#organization","name":"L'Initiative canadienne de droit climatique","url":"https:\/\/ccli.ubc.ca\/fr\/","logo":{"@type":"ImageObject","inLanguage":"fr-FR","@id":"https:\/\/ccli.ubc.ca\/fr\/#\/schema\/logo\/image\/","url":"https:\/\/ccli.ubc.ca\/wp-content\/uploads\/2026\/07\/CCLI-EngFr-Green.svg","contentUrl":"https:\/\/ccli.ubc.ca\/wp-content\/uploads\/2026\/07\/CCLI-EngFr-Green.svg","width":575,"height":241,"caption":"L'Initiative canadienne de droit climatique"},"image":{"@id":"https:\/\/ccli.ubc.ca\/fr\/#\/schema\/logo\/image\/"},"sameAs":["https:\/\/www.youtube.com\/channel\/UCVoB3ypQTE42_Y8r_eMk1tg\/featured","https:\/\/www.linkedin.com\/company\/canada-climate-law-initiative\/"]}]}},"_links":{"self":[{"href":"https:\/\/ccli.ubc.ca\/fr\/wp-json\/wp\/v2\/team-member\/3997","targetHints":{"allow":["GET"]}}],"collection":[{"href":"https:\/\/ccli.ubc.ca\/fr\/wp-json\/wp\/v2\/team-member"}],"about":[{"href":"https:\/\/ccli.ubc.ca\/fr\/wp-json\/wp\/v2\/types\/team-member"}],"version-history":[{"count":1,"href":"https:\/\/ccli.ubc.ca\/fr\/wp-json\/wp\/v2\/team-member\/3997\/revisions"}],"predecessor-version":[{"id":4094,"href":"https:\/\/ccli.ubc.ca\/fr\/wp-json\/wp\/v2\/team-member\/3997\/revisions\/4094"}],"wp:featuredmedia":[{"embeddable":true,"href":"https:\/\/ccli.ubc.ca\/fr\/wp-json\/wp\/v2\/media\/10220"}],"wp:attachment":[{"href":"https:\/\/ccli.ubc.ca\/fr\/wp-json\/wp\/v2\/media?parent=3997"}],"wp:term":[{"taxonomy":"location","embeddable":true,"href":"https:\/\/ccli.ubc.ca\/fr\/wp-json\/wp\/v2\/location?post=3997"},{"taxonomy":"team_category","embeddable":true,"href":"https:\/\/ccli.ubc.ca\/fr\/wp-json\/wp\/v2\/team_category?post=3997"},{"taxonomy":"team_group","embeddable":true,"href":"https:\/\/ccli.ubc.ca\/fr\/wp-json\/wp\/v2\/team_group?post=3997"}],"curies":[{"name":"wp","href":"https:\/\/api.w.org\/{rel}","templated":true}]}}

<p class="wp-block-paragraph">Jonathan McGillivray est associé à Resilient LLP. Il maintient une pratique spécialisée dans tous les aspects liés au droit des changements climatiques et de l’énergie propre et conseille sur une variété de mandats motivés par la transition économique carboneutre. Jonathan assiste des clients nationaux et internationaux sur les stratégies climatique et net-zéro, les initiatives de décarbonation, le financement du carbone, les projets d’énergie renouvelable, les transactions carbone innovantes (y compris les accords d’achat de réduction des émissions et d’élimination du carbone et les accords sur les carburants durables), les transactions liées à la biodiversité et la conformité réglementaire de l’énergie. Il conseille également les promoteurs, les investisseurs, les normes et d’autres organisations sur les investissements du marché du carbone, la gouvernance et la conformité réglementaire. Jonathan a représenté des clients devant des tribunaux administratifs (y compris la Commission de l’énergie de l’Ontario) et diverses cours d’appel. Il assiste régulièrement aux négociations sur le climat de la CNUCC.</p>



<p class="wp-block-paragraph">Jonathan a obtenu des diplômes conjoints en common law et en droit civil de l’Université McGill. Il a obtenu une maîtrise en sciences et politiques climatiques de Columbia University et est titulaire d’un baccalauréat (avec distinction) en développement international de l’University of Guelph. Il a été reconnu dans The Best Lawyers in Canada&nbsp;: Ones to Watch. Jonathan a été admis au Barreau de l’Ontario en 2017.</p>

<!-- This site is optimized with the Yoast SEO plugin v28.2 - https://yoast.com/product/yoast-seo-wordpress/ -->
<title>Jonathan McGillivray - L&#039;Initiative canadienne de droit climatique</title>
<meta name="robots" content="index, follow, max-snippet:-1, max-image-preview:large, max-video-preview:-1" />
<link rel="canonical" href="https://ccli.ubc.ca/team-member/jonathan-mcgillivray/" />
<meta property="og:locale" content="fr_FR" />
<meta property="og:type" content="article" />
<meta property="og:title" content="Jonathan McGillivray - L&#039;Initiative canadienne de droit climatique" />
<meta property="og:description" content="Jonathan McGillivray est associé à Resilient LLP. Il maintient une pratique spécialisée dans tous les aspects liés au droit des changements climatiques et de l’énergie propre et conseille sur une variété de mandats motivés par la transition économique carboneutre. Jonathan assiste des clients nationaux et internationaux sur les stratégies climatique et net-zéro, les initiatives de [&hellip;]" />
<meta property="og:url" content="https://ccli.ubc.ca/team-member/jonathan-mcgillivray/" />
<meta property="og:site_name" content="L&#039;Initiative canadienne de droit climatique" />
<meta property="article:modified_time" content="2026-06-25T16:50:20+00:00" />
<meta property="og:image" content="https://ccli.ubc.ca/wp-content/uploads/2025/02/McGillivray_Jonathon2025.jpg" />
	<meta property="og:image:width" content="450" />
	<meta property="og:image:height" content="630" />
	<meta property="og:image:type" content="image/jpeg" />
<meta name="twitter:card" content="summary_large_image" />
<meta name="twitter:label1" content="Durée de lecture estimée" />
	<meta name="twitter:data1" content="1 minute" />
<script type="application/ld+json" class="yoast-schema-graph">{"@context":"https:\/\/schema.org","@graph":[{"@type":"WebPage","@id":"https:\/\/ccli.ubc.ca\/team-member\/jonathan-mcgillivray\/","url":"https:\/\/ccli.ubc.ca\/team-member\/jonathan-mcgillivray\/","name":"Jonathan McGillivray - L'Initiative canadienne de droit climatique","isPartOf":{"@id":"https:\/\/ccli.ubc.ca\/fr\/#website"},"primaryImageOfPage":{"@id":"https:\/\/ccli.ubc.ca\/team-member\/jonathan-mcgillivray\/#primaryimage"},"image":{"@id":"https:\/\/ccli.ubc.ca\/team-member\/jonathan-mcgillivray\/#primaryimage"},"thumbnailUrl":"https:\/\/ccli.ubc.ca\/wp-content\/uploads\/2025\/02\/McGillivray_Jonathon2025-e1784243393244.jpg","datePublished":"2025-02-19T17:37:40+00:00","dateModified":"2026-06-25T16:50:20+00:00","breadcrumb":{"@id":"https:\/\/ccli.ubc.ca\/team-member\/jonathan-mcgillivray\/#breadcrumb"},"inLanguage":"fr-FR","potentialAction":[{"@type":"ReadAction","target":["https:\/\/ccli.ubc.ca\/team-member\/jonathan-mcgillivray\/"]}]},{"@type":"ImageObject","inLanguage":"fr-FR","@id":"https:\/\/ccli.ubc.ca\/team-member\/jonathan-mcgillivray\/#primaryimage","url":"https:\/\/ccli.ubc.ca\/wp-content\/uploads\/2025\/02\/McGillivray_Jonathon2025-e1784243393244.jpg","contentUrl":"https:\/\/ccli.ubc.ca\/wp-content\/uploads\/2025\/02\/McGillivray_Jonathon2025-e1784243393244.jpg","width":450,"height":630},{"@type":"BreadcrumbList","@id":"https:\/\/ccli.ubc.ca\/team-member\/jonathan-mcgillivray\/#breadcrumb","itemListElement":[{"@type":"ListItem","position":1,"name":"Home","item":"https:\/\/ccli.ubc.ca\/fr\/"},{"@type":"ListItem","position":2,"name":"Jonathan McGillivray"}]},{"@type":"WebSite","@id":"https:\/\/ccli.ubc.ca\/fr\/#website","url":"https:\/\/ccli.ubc.ca\/fr\/","name":"Canada Climate Law Initiative","description":"","publisher":{"@id":"https:\/\/ccli.ubc.ca\/fr\/#organization"},"potentialAction":[{"@type":"SearchAction","target":{"@type":"EntryPoint","urlTemplate":"https:\/\/ccli.ubc.ca\/fr\/?s={search_term_string}"},"query-input":{"@type":"PropertyValueSpecification","valueRequired":true,"valueName":"search_term_string"}}],"inLanguage":"fr-FR"},{"@type":"Organization","@id":"https:\/\/ccli.ubc.ca\/fr\/#organization","name":"L'Initiative canadienne de droit climatique","url":"https:\/\/ccli.ubc.ca\/fr\/","logo":{"@type":"ImageObject","inLanguage":"fr-FR","@id":"https:\/\/ccli.ubc.ca\/fr\/#\/schema\/logo\/image\/","url":"https:\/\/ccli.ubc.ca\/wp-content\/uploads\/2026\/07\/CCLI-EngFr-Green.svg","contentUrl":"https:\/\/ccli.ubc.ca\/wp-content\/uploads\/2026\/07\/CCLI-EngFr-Green.svg","width":575,"height":241,"caption":"L'Initiative canadienne de droit climatique"},"image":{"@id":"https:\/\/ccli.ubc.ca\/fr\/#\/schema\/logo\/image\/"},"sameAs":["https:\/\/www.youtube.com\/channel\/UCVoB3ypQTE42_Y8r_eMk1tg\/featured","https:\/\/www.linkedin.com\/company\/canada-climate-law-initiative\/"]}]}</script>
<!-- / Yoast SEO plugin. -->

Jonathan McGillivray est associé à Resilient LLP. Il maintient une pratique spécialisée dans tous les aspects liés au droit des changements climatiques et de l’énergie propre et conseille sur une variété de mandats motivés par la transition économique carboneutre. Jonathan assiste des clients nationaux et internationaux sur les stratégies climatique et net-zéro, les initiatives de [&hellip;]
